{"id":9318,"date":"2020-12-28T13:08:48","date_gmt":"2020-12-28T12:08:48","guid":{"rendered":"https:\/\/projectes.xtec.cat\/memoriaieducacio\/?page_id=9318"},"modified":"2020-12-28T16:10:07","modified_gmt":"2020-12-28T15:10:07","slug":"recomanacions","status":"publish","type":"page","link":"https:\/\/projectes.xtec.cat\/memoriaieducacio\/activitats\/itineraris-de-memoria\/buchenwald-weimar-2018\/recomanacions\/","title":{"rendered":"Recomanacions"},"content":{"rendered":"<p><b>BIBLIOGRAFIA<\/b><\/p>\n<p><b>Suggeriments a prop\u00f2sit dels testimonis del camp de Buchenwald<\/b><\/p>\n<ol>\n<li><i><span style=\"font-weight: 400;\">Buchenwald, Ostracism and Violence<\/span><\/i><span style=\"font-weight: 400;\">, 1937 to 1945<\/span><\/li>\n<\/ol>\n<p><span style=\"font-weight: 400;\">-Guia molt completa i documentada de l\u2019exhibici\u00f3 permanent al Memorial del camp, acompanyada de 8 assajos complementaris.<\/span><\/p>\n<ol start=\"2\">\n<li><span style=\"font-weight: 400;\"> Jorge Sempr\u00fan, <\/span><i><span style=\"font-weight: 400;\">La escritura o la vida<\/span><\/i><\/li>\n<\/ol>\n<p><span style=\"font-weight: 400;\">\u00a0\u00a0\u00a0\u00a0Jorge Sempr\u00fan, <\/span><i><span style=\"font-weight: 400;\">El largo viaje<\/span><\/i><\/p>\n<p><span style=\"font-weight: 400;\">\u00a0\u00a0\u00a0\u00a0Jorge Sempr\u00fan, <\/span><i><span style=\"font-weight: 400;\">Vivir\u00e9 con su nombre, morir\u00e0 con el m\u00edo<\/span><\/i><\/p>\n<p><span style=\"font-weight: 400;\">-Narra la seva deportaci\u00f3 juntament amb 119 detinguts cap a Buchenwald, i la seva experi\u00e8ncia al camp.<\/span><\/p>\n<ol start=\"3\">\n<li><span style=\"font-weight: 400;\"> Imre Kert\u00e9sz, <\/span><i><span style=\"font-weight: 400;\">Sin destino<\/span><\/i><\/li>\n<\/ol>\n<p><span style=\"font-weight: 400;\">-Hist\u00f2ria de l\u2019any i mig passats per ell, d\u2019adolescent, en els camps de Buchenwald i Auschwitz (assaig sobre la seva estada als camps).<\/span><span style=\"font-weight: 400;\">\u00a0<\/span><\/p>\n<ol start=\"4\">\n<li><span style=\"font-weight: 400;\"> Elie Wiesel, <\/span><i><span style=\"font-weight: 400;\">Trilogia de la nit<\/span><\/i><span style=\"font-weight: 400;\"> (<\/span><i><span style=\"font-weight: 400;\">La nit, L\u2019albada, El dia<\/span><\/i><span style=\"font-weight: 400;\">)<\/span><\/li>\n<\/ol>\n<p><i><span style=\"font-weight: 400;\">-La nit<\/span><\/i><span style=\"font-weight: 400;\"> (primera part de la trilogia) relata les experi\u00e8ncies viscudes amb el seu pare en els camps d\u2019Auschwitz i Buchenwald (acompanyades de reflexions assag\u00edstiques).<\/span><\/p>\n<ol start=\"5\">\n<li><span style=\"font-weight: 400;\"> Robert Antelme, <\/span><i><span style=\"font-weight: 400;\">L\u2019esp\u00e8cie humana<\/span><\/i><\/li>\n<\/ol>\n<p><span style=\"font-weight: 400;\">-On explica el seu captiveri a Buchenwald i Dachau, a on va ser deportat com a membre de la Resist\u00e8ncia francesa (i hi reflexiona sobre la condici\u00f3 \u201chumana\u201d). Company de Maguerite Duras (<\/span><i><span style=\"font-weight: 400;\">El dolor<\/span><\/i><span style=\"font-weight: 400;\">).<\/span><\/p>\n<ol start=\"6\">\n<li><span style=\"font-weight: 400;\"> Bruno Bettelheim, <\/span><i><span style=\"font-weight: 400;\">Sobreviure a l\u2019holocaust una generaci\u00f3 despr\u00e9s<\/span><\/i><\/li>\n<\/ol>\n<p><span style=\"font-weight: 400;\">-Mem\u00f2ries i reflexions sobre la seva reclusi\u00f3 d\u2019un any (1938-1939) als camps de Dachau i Buchenwald.<\/span><\/p>\n<ol start=\"7\">\n<li><span style=\"font-weight: 400;\"> David Rousset, <\/span><i><span style=\"font-weight: 400;\">L\u2019univers concentracionari<\/span><\/i><\/li>\n<\/ol>\n<p><span style=\"font-weight: 400;\">\u00a0\u00a0\u00a0\u00a0David Rousset, <\/span><i><span style=\"font-weight: 400;\">Els dies de la nostra mort<\/span><\/i><\/p>\n<p><span style=\"font-weight: 400;\">-Mem\u00f2ries, reculls de testimonis i reflexions de qui va estar a la Resist\u00e8ncia francesa i recl\u00f2s als camps de Buchenwald, Porta Westfalica i Neuengamme.<\/span><\/p>\n<ol start=\"8\">\n<li><span style=\"font-weight: 400;\"> St\u00e9phane Hessel, <\/span><i><span style=\"font-weight: 400;\">El\u00a0 meu ball amb el segle<\/span><\/i><\/li>\n<\/ol>\n<p><span style=\"font-weight: 400;\">-Entre d\u2019altres episodis del seu comprom\u00eds pol\u00edtic (<\/span><i><span style=\"font-weight: 400;\">Indigneu-vos!)<\/span><\/i><span style=\"font-weight: 400;\"> fa un recull de la seva experi\u00e8ncia de reclusi\u00f3 als camps de Buchenwald i Dora.<\/span><\/p>\n<p>&nbsp;<\/p>\n<p><b>MATERIALS AUDIOVISUALS<\/b><\/p>\n<p><b>Suggeriments a prop\u00f2sit dels testimonis del camp de Buchenwald<\/b><\/p>\n<ol>\n<li><i><span style=\"font-weight: 400;\">Desnudo entre lobos. Nackt unter W\u00f6lfen<\/span><\/i><span style=\"font-weight: 400;\"> (TV)\u00a0<\/span><\/li>\n<\/ol>\n<p><span style=\"font-weight: 400;\">Un grup de presoners al Camp de Buchenwald. Un nen jueu de 4 anys apareix dins d\u2019una maleta.\u00a0 Els presoners decideixen ocultar-lo per evitar la seva mort.<\/span><\/p>\n<p><span style=\"font-weight: 400;\">&#8211; Das radikal B\u00f6se. 2013. Documental que narra com persones \u201cnormals\u201d es converteixen en assassins en massa. Focalitzat en els soldats nazis.\u00a0\u00a0<\/span><\/p>\n<p>&nbsp;<\/p>\n","protected":false},"excerpt":{"rendered":"<p>BIBLIOGRAFIA<br \/>\nSuggeriments a prop\u00f2sit dels testimonis del camp de Buchenwald<\/p>\n<ol>\n<li>Buchenwald, Ostracism and Violence, 1937 to 1945<\/li>\n<\/ol>\n<p>-Guia molt completa i documentada de l\u2019exhibici\u00f3 permanent al Memorial del camp, acompanyada de 8 assajos complementaris.<\/p>\n<ol start=\"2\">\n<li> Jorge Sempr\u00fan, La escritura o la vida<\/li>\n<\/ol>\n<p>\u00a0\u00a0\u00a0\u00a0Jorge Sempr\u00fan, El largo viaje<br \/>\n\u00a0\u00a0\u00a0\u00a0Jorge Sempr\u00fan, Vivir\u00e9&hellip;  <a href=\"https:\/\/projectes.xtec.cat\/memoriaieducacio\/activitats\/itineraris-de-memoria\/buchenwald-weimar-2018\/recomanacions\/\" title=\"Read Recomanacions\">Llegeix m\u00e9s\u00bb<\/a><\/p>\n","protected":false},"author":3,"featured_media":0,"parent":9256,"menu_order":0,"comment_status":"closed","ping_status":"closed","template":"page-templates\/side-menu.php","meta":{"_bbp_topic_count":0,"_bbp_reply_count":0,"_bbp_total_topic_count":0,"_bbp_total_reply_count":0,"_bbp_voice_count":0,"_bbp_anonymous_reply_count":0,"_bbp_topic_count_hidden":0,"_bbp_reply_count_hidden":0,"_bbp_forum_subforum_count":0,"footnotes":""},"class_list":["post-9318","page","type-page","status-publish","hentry"],"post_mailing_queue_ids":[],"_links":{"self":[{"href":"https:\/\/projectes.xtec.cat\/memoriaieducacio\/wp-json\/wp\/v2\/pages\/9318","targetHints":{"allow":["GET"]}}],"collection":[{"href":"https:\/\/projectes.xtec.cat\/memoriaieducacio\/wp-json\/wp\/v2\/pages"}],"about":[{"href":"https:\/\/projectes.xtec.cat\/memoriaieducacio\/wp-json\/wp\/v2\/types\/page"}],"author":[{"embeddable":true,"href":"https:\/\/projectes.xtec.cat\/memoriaieducacio\/wp-json\/wp\/v2\/users\/3"}],"replies":[{"embeddable":true,"href":"https:\/\/projectes.xtec.cat\/memoriaieducacio\/wp-json\/wp\/v2\/comments?post=9318"}],"version-history":[{"count":2,"href":"https:\/\/projectes.xtec.cat\/memoriaieducacio\/wp-json\/wp\/v2\/pages\/9318\/revisions"}],"predecessor-version":[{"id":9332,"href":"https:\/\/projectes.xtec.cat\/memoriaieducacio\/wp-json\/wp\/v2\/pages\/9318\/revisions\/9332"}],"up":[{"embeddable":true,"href":"https:\/\/projectes.xtec.cat\/memoriaieducacio\/wp-json\/wp\/v2\/pages\/9256"}],"wp:attachment":[{"href":"https:\/\/projectes.xtec.cat\/memoriaieducacio\/wp-json\/wp\/v2\/media?parent=9318"}],"curies":[{"name":"wp","href":"https:\/\/api.w.org\/{rel}","templated":true}]}}