{"id":9967,"date":"2022-09-29T17:29:49","date_gmt":"2022-09-29T15:29:49","guid":{"rendered":"https:\/\/projectes.xtec.cat\/memoriaieducacio\/?page_id=9967"},"modified":"2022-09-29T17:30:08","modified_gmt":"2022-09-29T15:30:08","slug":"dora-poch","status":"publish","type":"page","link":"https:\/\/projectes.xtec.cat\/memoriaieducacio\/materials\/histories-de-vida-i-testimoniatges\/histories-de-vida\/dora-poch\/","title":{"rendered":"Dora Poch"},"content":{"rendered":"<p><span style=\"font-size: medium;\"><span style=\"font-family: arial,sans-serif;\"><b>DORA POCH<\/b><br \/>\nEm dic Dora Poch i tinc 20 anys. S\u00f3c d\u2019origen polon\u00e8s, per\u00f2 he viscut gaireb\u00e9 tota la meva vida a Fran\u00e7a amb els meus pares. S\u00f3c artista, cantant de cabaret. Encara que s\u00f3c jove, he fet gires no nom\u00e9s pel pa\u00eds, sin\u00f3 tamb\u00e9 a Holanda i It\u00e0lia. Fins fa no res, la meva carrera em prometia un bonic futur. No podia imaginar que m\u2019internarien en un camp de concentraci\u00f3 per ser jueva, juntament amb la meva mare. Vam aconseguir escapar-nos i travessar la frontera clandestinament. Malauradament, els gu\u00e0rdies espanyols ens van detenir i ens van tancar a la pres\u00f3 de Figueres. All\u00ed, el comissari em va prendre tots els nostres documents, sense els quals no puc tramitar el nostre trasllat a Buenos Aires, on viu un oncle meu que ens ha reclamat. He escrit cartes a les autoritats espanyoles explicant el meu cas, per\u00f2 no he rebut cap resposta.<\/span><\/span><\/p>\n<p><b>TAUBA POCH (MARE)<\/b><br \/>\nEm dic Tauba Poch i s\u00f3c la mare de Dora. Des que la tardor de 1942 vam ser arrestades a Espanya, se\u2019ns han anat passant com una pilota d\u2019un lloc a l\u2019altre: primer vam estar a la pres\u00f3 de Figueres; despr\u00e9s, a un balneari de Caldes de Malavella. All\u00ed hi havia moltes altres dones, amb els seus fills, que \u2013com nosaltres- esperaven retingudes l\u2019alliberament dels seus homes tancats a Miranda de Ebro. Ara ens han dut a la pres\u00f3 de Girona. No s\u00e9 si ens en sortirem\u2026<\/p>\n<p><b>SR. POCH (PARE)<\/b><br \/>\nS\u00f3c el pare de la Dora i marit de la Tauba. \u00c9s gener de 1943. Acabo de ser alliberat del camp de Miranda de Ebro. La vaga de fam que vam fer tots els presoners polonesos ha servit d\u2019alguna cosa. Est\u00e0vem farts de veure com altres detinguts eren alliberats en pocs mesos, mentre nosaltres ja port\u00e0vem anys, en alguns casos, sense obtenir res. Vol\u00edem cridar l\u2019atenci\u00f3 de la premsa internacional sobre els condicions deplorables del camp. Finalment, les autoritats franquistes em van deixar anar. Ara estic a Madrid, esperant que concedeixin un salconduit a la meva dona i la meva filla perqu\u00e8 ens puguem retrobar.<\/p>\n<p><b>LEON POCH (TIET)<\/b><br \/>\nEm dic Leon Poch i s\u00f3c l\u2019oncle de Dora. Encara que vaig n\u00e9ixer a Pol\u00f2nia, vaig marxar a Buenos Aires l\u2019any 1928. Treballo de caricaturista i em guanyo b\u00e9 la vida. Despr\u00e9s de moltes gestions i esfor\u00e7os, gr\u00e0cies a la intermediaci\u00f3 de la Creu Roja polonesa, el meu germ\u00e0, la seva dona i la meva neboda tenen els visats necessaris per poder viatjar a l\u2019Argentina. Despr\u00e9s del malson que han viscut el darrer any, espero que aqu\u00ed podran refer la seva vida.<\/p>\n","protected":false},"excerpt":{"rendered":"<p>DORA POCH<br \/>\nEm dic Dora Poch i tinc 20 anys. S\u00f3c d\u2019origen polon\u00e8s, per\u00f2 he viscut gaireb\u00e9 tota la meva vida a Fran\u00e7a amb els meus pares. S\u00f3c artista, cantant de cabaret. Encara que s\u00f3c jove, he fet gires no nom\u00e9s pel pa\u00eds, sin\u00f3 tamb\u00e9 a&hellip;  <a href=\"https:\/\/projectes.xtec.cat\/memoriaieducacio\/materials\/histories-de-vida-i-testimoniatges\/histories-de-vida\/dora-poch\/\" title=\"Read Dora Poch\">Llegeix m\u00e9s\u00bb<\/a><\/p>\n","protected":false},"author":3,"featured_media":0,"parent":8647,"menu_order":4,"comment_status":"closed","ping_status":"closed","template":"page-templates\/side-menu.php","meta":{"_bbp_topic_count":0,"_bbp_reply_count":0,"_bbp_total_topic_count":0,"_bbp_total_reply_count":0,"_bbp_voice_count":0,"_bbp_anonymous_reply_count":0,"_bbp_topic_count_hidden":0,"_bbp_reply_count_hidden":0,"_bbp_forum_subforum_count":0,"footnotes":""},"class_list":["post-9967","page","type-page","status-publish","hentry"],"post_mailing_queue_ids":[],"_links":{"self":[{"href":"https:\/\/projectes.xtec.cat\/memoriaieducacio\/wp-json\/wp\/v2\/pages\/9967","targetHints":{"allow":["GET"]}}],"collection":[{"href":"https:\/\/projectes.xtec.cat\/memoriaieducacio\/wp-json\/wp\/v2\/pages"}],"about":[{"href":"https:\/\/projectes.xtec.cat\/memoriaieducacio\/wp-json\/wp\/v2\/types\/page"}],"author":[{"embeddable":true,"href":"https:\/\/projectes.xtec.cat\/memoriaieducacio\/wp-json\/wp\/v2\/users\/3"}],"replies":[{"embeddable":true,"href":"https:\/\/projectes.xtec.cat\/memoriaieducacio\/wp-json\/wp\/v2\/comments?post=9967"}],"version-history":[{"count":2,"href":"https:\/\/projectes.xtec.cat\/memoriaieducacio\/wp-json\/wp\/v2\/pages\/9967\/revisions"}],"predecessor-version":[{"id":9969,"href":"https:\/\/projectes.xtec.cat\/memoriaieducacio\/wp-json\/wp\/v2\/pages\/9967\/revisions\/9969"}],"up":[{"embeddable":true,"href":"https:\/\/projectes.xtec.cat\/memoriaieducacio\/wp-json\/wp\/v2\/pages\/8647"}],"wp:attachment":[{"href":"https:\/\/projectes.xtec.cat\/memoriaieducacio\/wp-json\/wp\/v2\/media?parent=9967"}],"curies":[{"name":"wp","href":"https:\/\/api.w.org\/{rel}","templated":true}]}}