{"id":8232,"date":"2018-01-04T16:33:20","date_gmt":"2018-01-04T15:33:20","guid":{"rendered":"http:\/\/projectes.xtec.cat\/met\/?page_id=8232"},"modified":"2022-11-09T09:57:54","modified_gmt":"2022-11-09T08:57:54","slug":"guia-didactica","status":"publish","type":"page","link":"https:\/\/projectes.xtec.cat\/met\/guia-didactica\/","title":{"rendered":"Guia did\u00e0ctica"},"content":{"rendered":"<p><a href=\"http:\/\/projectes.xtec.cat\/met\/wp-content\/uploads\/usu1743\/2018\/01\/loca.png\"><img loading=\"lazy\" decoding=\"async\" class=\"size-full wp-image-8291 alignleft\" src=\"http:\/\/projectes.xtec.cat\/met\/wp-content\/uploads\/usu1743\/2018\/01\/loca.png\" alt=\"\" width=\"70\" height=\"100\" \/><\/a>L\u2019objectiu b\u00e0sic del projecte mEduTarraco\u00a0 \u00e9s que els alumnes aprenguin a utilitzar els dispositius m\u00f2bils per orientar-se i localitzar qualsevol punt de la ciutat de Tarragona de manera totalment aut\u00f2noma. \u00c9s l\u2019excusa perfecta per con\u00e8ixer la ciutat, aprendre a aprendre i d\u2019assolir un gran nombre de compet\u00e8ncies cooperativament, de forma l\u00fadica.<\/p>\n<p><a href=\"https:\/\/projectes.xtec.cat\/met\/wp-content\/uploads\/usu1743\/2022\/11\/me.jpg\"><img loading=\"lazy\" decoding=\"async\" class=\"alignnone  wp-image-9450\" src=\"https:\/\/projectes.xtec.cat\/met\/wp-content\/uploads\/usu1743\/2022\/11\/me.jpg\" alt=\"\" width=\"434\" height=\"541\" srcset=\"https:\/\/projectes.xtec.cat\/met\/wp-content\/uploads\/usu1743\/2022\/11\/me.jpg 570w, https:\/\/projectes.xtec.cat\/met\/wp-content\/uploads\/usu1743\/2022\/11\/me-241x300.jpg 241w\" sizes=\"auto, (max-width: 434px) 100vw, 434px\" \/><\/a><a style=\"color: #2795b6;\" href=\"https:\/\/docs.google.com\/document\/d\/1SQQodqv4MKWXC26XJ0gbC1GX0eapT1ht8ZSNNG5LwQM\/edit?usp=sharing\">Enlla\u00e7 a la guia did\u00e0ctica\u00a0<\/a><\/p>\n","protected":false},"excerpt":{"rendered":"<p><a href=\"http:\/\/projectes.xtec.cat\/met\/wp-content\/uploads\/usu1743\/2018\/01\/loca.png\"><\/a>L\u2019objectiu b\u00e0sic del projecte mEduTarraco\u00a0 \u00e9s que els alumnes aprenguin a utilitzar els dispositius m\u00f2bils per orientar-se i localitzar qualsevol punt de la ciutat de Tarragona de manera totalment aut\u00f2noma. \u00c9s l\u2019excusa perfecta per con\u00e8ixer la ciutat, aprendre a aprendre i d\u2019assolir un gran&hellip;  <a href=\"https:\/\/projectes.xtec.cat\/met\/guia-didactica\/\" title=\"Read Guia did\u00e0ctica\">Llegeix m\u00e9s\u00bb<\/a><\/p>\n","protected":false},"author":6,"featured_media":0,"parent":0,"menu_order":0,"comment_status":"closed","ping_status":"closed","template":"","meta":{"_bbp_topic_count":0,"_bbp_reply_count":0,"_bbp_total_topic_count":0,"_bbp_total_reply_count":0,"_bbp_voice_count":0,"_bbp_anonymous_reply_count":0,"_bbp_topic_count_hidden":0,"_bbp_reply_count_hidden":0,"_bbp_forum_subforum_count":0,"footnotes":""},"class_list":["post-8232","page","type-page","status-publish","hentry"],"post_mailing_queue_ids":[],"_links":{"self":[{"href":"https:\/\/projectes.xtec.cat\/met\/wp-json\/wp\/v2\/pages\/8232","targetHints":{"allow":["GET"]}}],"collection":[{"href":"https:\/\/projectes.xtec.cat\/met\/wp-json\/wp\/v2\/pages"}],"about":[{"href":"https:\/\/projectes.xtec.cat\/met\/wp-json\/wp\/v2\/types\/page"}],"author":[{"embeddable":true,"href":"https:\/\/projectes.xtec.cat\/met\/wp-json\/wp\/v2\/users\/6"}],"replies":[{"embeddable":true,"href":"https:\/\/projectes.xtec.cat\/met\/wp-json\/wp\/v2\/comments?post=8232"}],"version-history":[{"count":3,"href":"https:\/\/projectes.xtec.cat\/met\/wp-json\/wp\/v2\/pages\/8232\/revisions"}],"predecessor-version":[{"id":9451,"href":"https:\/\/projectes.xtec.cat\/met\/wp-json\/wp\/v2\/pages\/8232\/revisions\/9451"}],"wp:attachment":[{"href":"https:\/\/projectes.xtec.cat\/met\/wp-json\/wp\/v2\/media?parent=8232"}],"curies":[{"name":"wp","href":"https:\/\/api.w.org\/{rel}","templated":true}]}}