{"id":10637,"date":"2020-05-13T07:39:24","date_gmt":"2020-05-13T05:39:24","guid":{"rendered":"http:\/\/projectes.xtec.cat\/mobilitatfp\/?page_id=10637"},"modified":"2022-03-11T13:02:30","modified_gmt":"2022-03-11T12:02:30","slug":"missio","status":"publish","type":"page","link":"https:\/\/projectes.xtec.cat\/mobilitatfp\/missio\/","title":{"rendered":"MISSI\u00d3"},"content":{"rendered":"<p><a href=\"https:\/\/projectes.xtec.cat\/mobilitatfp\/wp-content\/uploads\/usu1833\/2022\/03\/objectius_missio.jpg\"><img loading=\"lazy\" decoding=\"async\" class=\"wp-image-12852 alignleft\" src=\"https:\/\/projectes.xtec.cat\/mobilitatfp\/wp-content\/uploads\/usu1833\/2022\/03\/objectius_missio.jpg\" alt=\"\" width=\"363\" height=\"436\" srcset=\"https:\/\/projectes.xtec.cat\/mobilitatfp\/wp-content\/uploads\/usu1833\/2022\/03\/objectius_missio.jpg 641w, https:\/\/projectes.xtec.cat\/mobilitatfp\/wp-content\/uploads\/usu1833\/2022\/03\/objectius_missio-250x300.jpg 250w\" sizes=\"auto, (max-width: 363px) 100vw, 363px\" \/><\/a><\/p>\n<p style=\"padding-left: 240px;\">Acompanyar i donar suport als centres que imparteixen ensenyaments professionals per a la implantaci\u00f3 d\u2019una estrat\u00e8gia que possibiliti la promoci\u00f3 de la mobilitat formativa i la participaci\u00f3 en projectes internacionals per tal que:<\/p>\n<p style=\"text-align: left; padding-left: 200px;\"><strong><a href=\"https:\/\/projectes.xtec.cat\/mobilitatfp\/wp-content\/uploads\/usu1833\/2020\/04\/FLETXApeque.png\"><img loading=\"lazy\" decoding=\"async\" class=\"alignnone wp-image-10377\" src=\"https:\/\/projectes.xtec.cat\/mobilitatfp\/wp-content\/uploads\/usu1833\/2020\/04\/FLETXApeque.png\" alt=\"\" width=\"15\" height=\"15\" \/><\/a> L\u2019alumnat<\/strong> d\u2019ensenyaments professionals faci formaci\u00f3 pr\u00e0ctica en empreses o formaci\u00f3 acad\u00e8mica en centres educatius d\u2019altres pa\u00efsos, col\u00b7labori amb estudiants d&#8217;altres pa\u00efsos i millori la compet\u00e8ncia comunicativa en lleng\u00fces estrangeres.<\/p>\n<p style=\"text-align: left; padding-left: 200px;\"><a href=\"https:\/\/projectes.xtec.cat\/mobilitatfp\/wp-content\/uploads\/usu1833\/2020\/04\/FLETXApeque.png\"><img loading=\"lazy\" decoding=\"async\" class=\"alignnone wp-image-10377\" src=\"https:\/\/projectes.xtec.cat\/mobilitatfp\/wp-content\/uploads\/usu1833\/2020\/04\/FLETXApeque.png\" alt=\"\" width=\"15\" height=\"15\" \/><\/a> El <strong>professorat<\/strong> d\u2019ensenyaments professionals faci estades formatives en empreses o imparteixi doc\u00e8ncia en centres educatius d\u2019altres pa\u00efsos, desenvolupi projectes formatius d\u2019innovaci\u00f3 i de qualitat amb professorat d\u2019altres pa\u00efsos i millori la compet\u00e8ncia comunicativa en lleng\u00fces estrangeres.<\/p>\n<p style=\"text-align: left; padding-left: 200px;\"><a href=\"https:\/\/projectes.xtec.cat\/mobilitatfp\/wp-content\/uploads\/usu1833\/2020\/04\/FLETXApeque.png\"><img loading=\"lazy\" decoding=\"async\" class=\"alignnone wp-image-10377\" src=\"https:\/\/projectes.xtec.cat\/mobilitatfp\/wp-content\/uploads\/usu1833\/2020\/04\/FLETXApeque.png\" alt=\"\" width=\"15\" height=\"15\" \/><\/a> Els <strong>centres educatius<\/strong> estableixin aliances d\u2019inter\u00e8s mutu que contribueixin a la millora de la formaci\u00f3 de l\u2019alumnat i el desenvolupament professional del professorat, impulsin l\u2019intercanvi d\u2019alumnat i professorat entre centres catalans i centres d\u2019altres pa\u00efsos i participin en projectes de cooperaci\u00f3 europea i internacional que tinguin un impacte en tota la comunitat educativa.<\/p>\n","protected":false},"excerpt":{"rendered":"<p><a href=\"https:\/\/projectes.xtec.cat\/mobilitatfp\/wp-content\/uploads\/usu1833\/2022\/03\/objectius_missio.jpg\"><\/a><br \/>\nAcompanyar i donar suport als centres que imparteixen ensenyaments professionals per a la implantaci\u00f3 d\u2019una estrat\u00e8gia que possibiliti la promoci\u00f3 de la mobilitat formativa i la participaci\u00f3 en projectes internacionals per tal que:<br \/>\n<a href=\"https:\/\/projectes.xtec.cat\/mobilitatfp\/wp-content\/uploads\/usu1833\/2020\/04\/FLETXApeque.png\"><\/a> L\u2019alumnat d\u2019ensenyaments professionals faci formaci\u00f3 pr\u00e0ctica en empreses o formaci\u00f3&hellip;  <a href=\"https:\/\/projectes.xtec.cat\/mobilitatfp\/missio\/\" title=\"Read MISSI\u00d3\">Llegeix m\u00e9s\u00bb<\/a><\/p>\n","protected":false},"author":12,"featured_media":0,"parent":0,"menu_order":0,"comment_status":"closed","ping_status":"closed","template":"","meta":{"_bbp_topic_count":0,"_bbp_reply_count":0,"_bbp_total_topic_count":0,"_bbp_total_reply_count":0,"_bbp_voice_count":0,"_bbp_anonymous_reply_count":0,"_bbp_topic_count_hidden":0,"_bbp_reply_count_hidden":0,"_bbp_forum_subforum_count":0,"footnotes":""},"class_list":["post-10637","page","type-page","status-publish","hentry"],"post_mailing_queue_ids":[],"_links":{"self":[{"href":"https:\/\/projectes.xtec.cat\/mobilitatfp\/wp-json\/wp\/v2\/pages\/10637","targetHints":{"allow":["GET"]}}],"collection":[{"href":"https:\/\/projectes.xtec.cat\/mobilitatfp\/wp-json\/wp\/v2\/pages"}],"about":[{"href":"https:\/\/projectes.xtec.cat\/mobilitatfp\/wp-json\/wp\/v2\/types\/page"}],"author":[{"embeddable":true,"href":"https:\/\/projectes.xtec.cat\/mobilitatfp\/wp-json\/wp\/v2\/users\/12"}],"replies":[{"embeddable":true,"href":"https:\/\/projectes.xtec.cat\/mobilitatfp\/wp-json\/wp\/v2\/comments?post=10637"}],"version-history":[{"count":3,"href":"https:\/\/projectes.xtec.cat\/mobilitatfp\/wp-json\/wp\/v2\/pages\/10637\/revisions"}],"predecessor-version":[{"id":12867,"href":"https:\/\/projectes.xtec.cat\/mobilitatfp\/wp-json\/wp\/v2\/pages\/10637\/revisions\/12867"}],"wp:attachment":[{"href":"https:\/\/projectes.xtec.cat\/mobilitatfp\/wp-json\/wp\/v2\/media?parent=10637"}],"curies":[{"name":"wp","href":"https:\/\/api.w.org\/{rel}","templated":true}]}}

MISSIÓ

<p><a href="https://projectes.xtec.cat/mobilitatfp/wp-content/uploads/usu1833/2022/03/objectius_missio.jpg"><img loading="lazy" decoding="async" class="wp-image-12852 alignleft" src="https://projectes.xtec.cat/mobilitatfp/wp-content/uploads/usu1833/2022/03/objectius_missio.jpg" alt="" width="363" height="436" srcset="https://projectes.xtec.cat/mobilitatfp/wp-content/uploads/usu1833/2022/03/objectius_missio.jpg 641w, https://projectes.xtec.cat/mobilitatfp/wp-content/uploads/usu1833/2022/03/objectius_missio-250x300.jpg 250w" sizes="auto, (max-width: 363px) 100vw, 363px" /></a></p>
<p style="padding-left: 240px;">Acompanyar i donar suport als centres que imparteixen ensenyaments professionals per a la implantació d’una estratègia que possibiliti la promoció de la mobilitat formativa i la participació en projectes internacionals per tal que:</p>
<p style="text-align: left; padding-left: 200px;"><strong><a href="https://projectes.xtec.cat/mobilitatfp/wp-content/uploads/usu1833/2020/04/FLETXApeque.png"><img loading="lazy" decoding="async" class="alignnone wp-image-10377" src="https://projectes.xtec.cat/mobilitatfp/wp-content/uploads/usu1833/2020/04/FLETXApeque.png" alt="" width="15" height="15" /></a> L’alumnat</strong> d’ensenyaments professionals faci formació pràctica en empreses o formació acadèmica en centres educatius d’altres països, col·labori amb estudiants d&#8217;altres països i millori la competència comunicativa en llengües estrangeres.</p>
<p style="text-align: left; padding-left: 200px;"><a href="https://projectes.xtec.cat/mobilitatfp/wp-content/uploads/usu1833/2020/04/FLETXApeque.png"><img loading="lazy" decoding="async" class="alignnone wp-image-10377" src="https://projectes.xtec.cat/mobilitatfp/wp-content/uploads/usu1833/2020/04/FLETXApeque.png" alt="" width="15" height="15" /></a> El <strong>professorat</strong> d’ensenyaments professionals faci estades formatives en empreses o imparteixi docència en centres educatius d’altres països, desenvolupi projectes formatius d’innovació i de qualitat amb professorat d’altres països i millori la competència comunicativa en llengües estrangeres.</p>
<p style="text-align: left; padding-left: 200px;"><a href="https://projectes.xtec.cat/mobilitatfp/wp-content/uploads/usu1833/2020/04/FLETXApeque.png"><img loading="lazy" decoding="async" class="alignnone wp-image-10377" src="https://projectes.xtec.cat/mobilitatfp/wp-content/uploads/usu1833/2020/04/FLETXApeque.png" alt="" width="15" height="15" /></a> Els <strong>centres educatius</strong> estableixin aliances d’interès mutu que contribueixin a la millora de la formació de l’alumnat i el desenvolupament professional del professorat, impulsin l’intercanvi d’alumnat i professorat entre centres catalans i centres d’altres països i participin en projectes de cooperació europea i internacional que tinguin un impacte en tota la comunitat educativa.</p>

<p><a href="https://projectes.xtec.cat/mobilitatfp/wp-content/uploads/usu1833/2022/03/objectius_missio.jpg"></a><br />
Acompanyar i donar suport als centres que imparteixen ensenyaments professionals per a la implantació d’una estratègia que possibiliti la promoció de la mobilitat formativa i la participació en projectes internacionals per tal que:<br />
<a href="https://projectes.xtec.cat/mobilitatfp/wp-content/uploads/usu1833/2020/04/FLETXApeque.png"></a> L’alumnat d’ensenyaments professionals faci formació pràctica en empreses o formació&hellip;  <a href="https://projectes.xtec.cat/mobilitatfp/missio/" title="Read MISSIÓ">Llegeix més»</a></p>
