{"id":11510,"date":"2021-03-15T13:43:29","date_gmt":"2021-03-15T12:43:29","guid":{"rendered":"http:\/\/projectes.xtec.cat\/mobilitatfp\/?page_id=11510"},"modified":"2022-03-24T09:29:32","modified_gmt":"2022-03-24T08:29:32","slug":"participa-concurs","status":"publish","type":"page","link":"https:\/\/projectes.xtec.cat\/mobilitatfp\/fpeois-together\/participa-concurs\/","title":{"rendered":"Participa!"},"content":{"rendered":"<table class=\" alignleft\" style=\"height: 172px; width: 993px;\">\n<tbody>\n<tr style=\"height: 126px;\">\n<td style=\"width: 175.556px; text-align: center; height: 126px;\"><img loading=\"lazy\" decoding=\"async\" class=\"wp-image-11584 aligncenter\" src=\"https:\/\/projectes.xtec.cat\/mobilitatfp\/wp-content\/uploads\/usu1833\/2021\/03\/plani_fica-removebg-preview.png\" alt=\"\" width=\"128\" height=\"96\" srcset=\"https:\/\/projectes.xtec.cat\/mobilitatfp\/wp-content\/uploads\/usu1833\/2021\/03\/plani_fica-removebg-preview.png 373w, https:\/\/projectes.xtec.cat\/mobilitatfp\/wp-content\/uploads\/usu1833\/2021\/03\/plani_fica-removebg-preview-300x226.png 300w, https:\/\/projectes.xtec.cat\/mobilitatfp\/wp-content\/uploads\/usu1833\/2021\/03\/plani_fica-removebg-preview-200x150.png 200w\" sizes=\"auto, (max-width: 128px) 100vw, 128px\" \/><\/td>\n<td style=\"width: 197.778px; text-align: left; height: 126px;\"><img loading=\"lazy\" decoding=\"async\" class=\"wp-image-11585 aligncenter\" src=\"https:\/\/projectes.xtec.cat\/mobilitatfp\/wp-content\/uploads\/usu1833\/2021\/03\/Captura-removebg-preview.png\" alt=\"\" width=\"107\" height=\"103\" srcset=\"https:\/\/projectes.xtec.cat\/mobilitatfp\/wp-content\/uploads\/usu1833\/2021\/03\/Captura-removebg-preview.png 323w, https:\/\/projectes.xtec.cat\/mobilitatfp\/wp-content\/uploads\/usu1833\/2021\/03\/Captura-removebg-preview-300x287.png 300w\" sizes=\"auto, (max-width: 107px) 100vw, 107px\" \/><\/td>\n<td style=\"width: 193.333px; text-align: left; height: 126px;\"><img loading=\"lazy\" decoding=\"async\" class=\"wp-image-11587 aligncenter\" src=\"https:\/\/projectes.xtec.cat\/mobilitatfp\/wp-content\/uploads\/usu1833\/2021\/03\/Captura-removebg-preview-1.png\" alt=\"\" width=\"127\" height=\"103\" srcset=\"https:\/\/projectes.xtec.cat\/mobilitatfp\/wp-content\/uploads\/usu1833\/2021\/03\/Captura-removebg-preview-1.png 301w, https:\/\/projectes.xtec.cat\/mobilitatfp\/wp-content\/uploads\/usu1833\/2021\/03\/Captura-removebg-preview-1-300x246.png 300w\" sizes=\"auto, (max-width: 127px) 100vw, 127px\" \/><\/td>\n<td style=\"width: 204.444px; text-align: left; height: 126px;\"><img loading=\"lazy\" decoding=\"async\" class=\"wp-image-11588 aligncenter\" src=\"https:\/\/projectes.xtec.cat\/mobilitatfp\/wp-content\/uploads\/usu1833\/2021\/03\/Captura4-removebg-preview.png\" alt=\"\" width=\"94\" height=\"85\" \/><\/td>\n<td style=\"width: 212.222px; text-align: left; height: 126px;\"><img loading=\"lazy\" decoding=\"async\" class=\"wp-image-11308 aligncenter\" src=\"https:\/\/projectes.xtec.cat\/mobilitatfp\/wp-content\/uploads\/usu1833\/2021\/03\/Captura12-removebg-preview.png\" alt=\"\" width=\"94\" height=\"88\" srcset=\"https:\/\/projectes.xtec.cat\/mobilitatfp\/wp-content\/uploads\/usu1833\/2021\/03\/Captura12-removebg-preview.png 517w, https:\/\/projectes.xtec.cat\/mobilitatfp\/wp-content\/uploads\/usu1833\/2021\/03\/Captura12-removebg-preview-300x280.png 300w\" sizes=\"auto, (max-width: 94px) 100vw, 94px\" \/><\/td>\n<\/tr>\n<tr style=\"height: 46px;\">\n<td style=\"text-align: center; width: 175.556px; height: 46px;\">Planifica el rodatge<\/td>\n<td style=\"text-align: center; width: 197.778px; height: 46px;\">Grava el teu v\u00eddeo<\/td>\n<td style=\"width: 193.333px; height: 46px; text-align: center;\">Puja el teu v\u00eddeo als canals del\u00a0 centre<\/td>\n<td style=\"text-align: center; width: 204.444px; height: 46px;\">Fes-lo viral<\/td>\n<td style=\"text-align: center; width: 212.222px; height: 46px;\">Envia el formulari a trav\u00e9s del teu professor.<\/td>\n<\/tr>\n<\/tbody>\n<\/table>\n<p>&nbsp;<\/p>\n<p style=\"padding-left: 360px;\"><a href=\"https:\/\/projectes.xtec.cat\/mobilitatfp\/wp-content\/uploads\/usu1833\/2022\/03\/bases-del-concurs-def.pdf\" target=\"_blank\" rel=\"noopener noreferrer\"><img loading=\"lazy\" decoding=\"async\" class=\"alignleft wp-image-11625\" src=\"https:\/\/projectes.xtec.cat\/mobilitatfp\/wp-content\/uploads\/usu1833\/2021\/03\/Boto-bases.png\" alt=\"\" width=\"212\" height=\"61\" srcset=\"https:\/\/projectes.xtec.cat\/mobilitatfp\/wp-content\/uploads\/usu1833\/2021\/03\/Boto-bases.png 567w, https:\/\/projectes.xtec.cat\/mobilitatfp\/wp-content\/uploads\/usu1833\/2021\/03\/Boto-bases-300x86.png 300w\" sizes=\"auto, (max-width: 212px) 100vw, 212px\" \/><\/a><\/p>\n<p>&nbsp;<\/p>\n<p>&nbsp;<\/p>\n<p>Pots participar de manera individual o per parelles. Nom\u00e9s cal que segueixes els seg\u00fcents passos:<\/p>\n<ol>\n<li>Planifica el teu rodatge.Penseu en la idea clau del v\u00eddeo, expliqueu-nos la vostra experi\u00e8ncia de manera que tingui un inici-nus-conclusi\u00f3. Utilitzeu trucs com l&#8217;humor, la sorpresa, l&#8217;intriga per explicar-nos la vostra experi\u00e8ncia de col\u00b7laboraci\u00f3 amb l&#8217;EOI.<\/li>\n<li>Graveu el vostre v\u00eddeo podeu utilitzar qualsevol dispositiu.<\/li>\n<li>Pugeu-lo al canal Vimeo o YouTube del vostre centre escolar.<\/li>\n<li>Feu difusi\u00f3 del vostre v\u00eddeo en Facebook, Instagram, Tweeter\u00a0 perqu\u00e8 quanta m\u00e9s gent conegui el vostre v\u00eddeo, m\u00e9s vots podreu\u00a0 aconseguir per optar als premis.Utilitza el hastag <span style=\"color: #6a7a00;\"><strong>#FP&amp;EOITOGETHER<\/strong><\/span><\/li>\n<li>Demana al professor responsable del programa del teu centre que ompli i envi\u00ef el<a href=\"https:\/\/forms.gle\/u6sVyrCi4R6eX8FF8\" target=\"_blank\" rel=\"noopener noreferrer\"> <strong>formulari <\/strong><\/a>per tal d&#8217; inscriure el vostre v\u00eddeo al concurs.<\/li>\n<li>Voteu el vostre v\u00eddeo favorit anant a la p\u00e0gina <a href=\"https:\/\/projectes.xtec.cat\/mobilitatfp\/fpeois-together\/videos\/\" target=\"_blank\" rel=\"noopener noreferrer\"><strong>V\u00eddeos<\/strong><\/a><\/li>\n<\/ol>\n","protected":false},"excerpt":{"rendered":"<p>Planifica el rodatge<br \/>\nGrava el teu v\u00eddeo<br \/>\nPuja el teu v\u00eddeo als canals del\u00a0 centre<br \/>\nFes-lo viral<br \/>\nEnvia el formulari a trav\u00e9s del teu professor.<\/p>\n<p>&nbsp;<br \/>\n<a href=\"https:\/\/projectes.xtec.cat\/mobilitatfp\/wp-content\/uploads\/usu1833\/2022\/03\/bases-del-concurs-def.pdf\" target=\"_blank\" rel=\"noopener noreferrer\"><\/a><br \/>\n&nbsp;<br \/>\n&nbsp;<br \/>\nPots participar de manera individual o per parelles. Nom\u00e9s cal que segueixes els seg\u00fcents passos:<\/p>\n<ol>\n<li>Planifica el teu rodatge.Penseu en la idea&hellip;  <a href=\"https:\/\/projectes.xtec.cat\/mobilitatfp\/fpeois-together\/participa-concurs\/\" title=\"Read Participa!\">Llegeix m\u00e9s\u00bb<\/a><br \/>\n","protected":false},"author":216,"featured_media":0,"parent":10957,"menu_order":0,"comment_status":"closed","ping_status":"closed","template":"","meta":{"_bbp_topic_count":0,"_bbp_reply_count":0,"_bbp_total_topic_count":0,"_bbp_total_reply_count":0,"_bbp_voice_count":0,"_bbp_anonymous_reply_count":0,"_bbp_topic_count_hidden":0,"_bbp_reply_count_hidden":0,"_bbp_forum_subforum_count":0,"footnotes":""},"class_list":["post-11510","page","type-page","status-publish","hentry"],"post_mailing_queue_ids":[],"_links":{"self":[{"href":"https:\/\/projectes.xtec.cat\/mobilitatfp\/wp-json\/wp\/v2\/pages\/11510","targetHints":{"allow":["GET"]}}],"collection":[{"href":"https:\/\/projectes.xtec.cat\/mobilitatfp\/wp-json\/wp\/v2\/pages"}],"about":[{"href":"https:\/\/projectes.xtec.cat\/mobilitatfp\/wp-json\/wp\/v2\/types\/page"}],"author":[{"embeddable":true,"href":"https:\/\/projectes.xtec.cat\/mobilitatfp\/wp-json\/wp\/v2\/users\/216"}],"replies":[{"embeddable":true,"href":"https:\/\/projectes.xtec.cat\/mobilitatfp\/wp-json\/wp\/v2\/comments?post=11510"}],"version-history":[{"count":3,"href":"https:\/\/projectes.xtec.cat\/mobilitatfp\/wp-json\/wp\/v2\/pages\/11510\/revisions"}],"predecessor-version":[{"id":12940,"href":"https:\/\/projectes.xtec.cat\/mobilitatfp\/wp-json\/wp\/v2\/pages\/11510\/revisions\/12940"}],"up":[{"embeddable":true,"href":"https:\/\/projectes.xtec.cat\/mobilitatfp\/wp-json\/wp\/v2\/pages\/10957"}],"wp:attachment":[{"href":"https:\/\/projectes.xtec.cat\/mobilitatfp\/wp-json\/wp\/v2\/media?parent=11510"}],"curies":[{"name":"wp","href":"https:\/\/api.w.org\/{rel}","templated":true}]}}