{"id":12464,"date":"2022-02-12T16:59:03","date_gmt":"2022-02-12T15:59:03","guid":{"rendered":"https:\/\/projectes.xtec.cat\/mobilitatfp\/?page_id=12464"},"modified":"2022-02-12T17:26:52","modified_gmt":"2022-02-12T16:26:52","slug":"iqcampusfp","status":"publish","type":"page","link":"https:\/\/projectes.xtec.cat\/mobilitatfp\/iqcampusfp\/","title":{"rendered":"Jornades"},"content":{"rendered":"<p><a href=\"https:\/\/projectes.xtec.cat\/mobilitatfp\/wp-content\/uploads\/usu1833\/2022\/02\/iqcampusTRANS-scaled.jpg\"><img loading=\"lazy\" decoding=\"async\" class=\"alignnone wp-image-12473\" src=\"https:\/\/projectes.xtec.cat\/mobilitatfp\/wp-content\/uploads\/usu1833\/2022\/02\/iqcampusTRANS-1024x229.jpg\" alt=\"\" width=\"433\" height=\"97\" srcset=\"https:\/\/projectes.xtec.cat\/mobilitatfp\/wp-content\/uploads\/usu1833\/2022\/02\/iqcampusTRANS-1024x229.jpg 1024w, https:\/\/projectes.xtec.cat\/mobilitatfp\/wp-content\/uploads\/usu1833\/2022\/02\/iqcampusTRANS-300x67.jpg 300w, https:\/\/projectes.xtec.cat\/mobilitatfp\/wp-content\/uploads\/usu1833\/2022\/02\/iqcampusTRANS-768x172.jpg 768w, https:\/\/projectes.xtec.cat\/mobilitatfp\/wp-content\/uploads\/usu1833\/2022\/02\/iqcampusTRANS-1536x343.jpg 1536w, https:\/\/projectes.xtec.cat\/mobilitatfp\/wp-content\/uploads\/usu1833\/2022\/02\/iqcampusTRANS-2048x458.jpg 2048w\" sizes=\"auto, (max-width: 433px) 100vw, 433px\" \/><\/a><\/p>\n<p>En el marc del\u00a0<a href=\"https:\/\/projectes.xtec.cat\/qualitatfp\/formacio-en-qualitat\/qcampusfp\/\"><span class=\"hiddenSpellError\">qCampusFP<\/span>#<\/a> el programa de mobilitat formativa i cooperaci\u00f3 internacional organitza l&#8217;<span class=\"hiddenSpellError\">iQcampusFP<\/span>#, un espai\u00a0en qu\u00e8\u00a0participen ponents\u00a0estrangers\u00a0per compartir experi\u00e8ncies educatives i fer xarxa per a la internacionalitzaci\u00f3 de la formaci\u00f3\u00a0professional.\u00a0S\u00f3n\u00a0xerrades i tallers dirigits tant a la comunitat educativa catalana com a audi\u00e8ncia d&#8217;altres pa\u00efsos europeus.<\/p>\n","protected":false},"excerpt":{"rendered":"<p><a href=\"https:\/\/projectes.xtec.cat\/mobilitatfp\/wp-content\/uploads\/usu1833\/2022\/02\/iqcampusTRANS-scaled.jpg\"><\/a><br \/>\nEn el marc del\u00a0<a href=\"https:\/\/projectes.xtec.cat\/qualitatfp\/formacio-en-qualitat\/qcampusfp\/\">qCampusFP#<\/a> el programa de mobilitat formativa i cooperaci\u00f3 internacional organitza l&#8217;iQcampusFP#, un espai\u00a0en qu\u00e8\u00a0participen ponents\u00a0estrangers\u00a0per compartir experi\u00e8ncies educatives i fer xarxa per a la internacionalitzaci\u00f3 de la formaci\u00f3\u00a0professional.\u00a0S\u00f3n\u00a0xerrades i tallers dirigits tant a la comunitat educativa catalana com a audi\u00e8ncia&hellip;  <a href=\"https:\/\/projectes.xtec.cat\/mobilitatfp\/iqcampusfp\/\" title=\"Read Jornades\">Llegeix m\u00e9s\u00bb<\/a><\/p>\n","protected":false},"author":216,"featured_media":0,"parent":0,"menu_order":0,"comment_status":"closed","ping_status":"closed","template":"","meta":{"_bbp_topic_count":0,"_bbp_reply_count":0,"_bbp_total_topic_count":0,"_bbp_total_reply_count":0,"_bbp_voice_count":0,"_bbp_anonymous_reply_count":0,"_bbp_topic_count_hidden":0,"_bbp_reply_count_hidden":0,"_bbp_forum_subforum_count":0,"footnotes":""},"class_list":["post-12464","page","type-page","status-publish","hentry"],"post_mailing_queue_ids":[],"_links":{"self":[{"href":"https:\/\/projectes.xtec.cat\/mobilitatfp\/wp-json\/wp\/v2\/pages\/12464","targetHints":{"allow":["GET"]}}],"collection":[{"href":"https:\/\/projectes.xtec.cat\/mobilitatfp\/wp-json\/wp\/v2\/pages"}],"about":[{"href":"https:\/\/projectes.xtec.cat\/mobilitatfp\/wp-json\/wp\/v2\/types\/page"}],"author":[{"embeddable":true,"href":"https:\/\/projectes.xtec.cat\/mobilitatfp\/wp-json\/wp\/v2\/users\/216"}],"replies":[{"embeddable":true,"href":"https:\/\/projectes.xtec.cat\/mobilitatfp\/wp-json\/wp\/v2\/comments?post=12464"}],"version-history":[{"count":4,"href":"https:\/\/projectes.xtec.cat\/mobilitatfp\/wp-json\/wp\/v2\/pages\/12464\/revisions"}],"predecessor-version":[{"id":12479,"href":"https:\/\/projectes.xtec.cat\/mobilitatfp\/wp-json\/wp\/v2\/pages\/12464\/revisions\/12479"}],"wp:attachment":[{"href":"https:\/\/projectes.xtec.cat\/mobilitatfp\/wp-json\/wp\/v2\/media?parent=12464"}],"curies":[{"name":"wp","href":"https:\/\/api.w.org\/{rel}","templated":true}]}}