{"id":14453,"date":"2025-03-27T12:58:53","date_gmt":"2025-03-27T11:58:53","guid":{"rendered":"https:\/\/projectes.xtec.cat\/mobilitatfp\/?page_id=14453"},"modified":"2025-06-06T10:09:14","modified_gmt":"2025-06-06T08:09:14","slug":"3r-seminari-internacional","status":"publish","type":"page","link":"https:\/\/projectes.xtec.cat\/mobilitatfp\/3r-seminari-internacional\/","title":{"rendered":"3r Seminari de Mobilitat i Cooperaci\u00f3 Internacional"},"content":{"rendered":"<p><iframe loading=\"lazy\" title=\"YouTube video player\" src=\"\/\/www.youtube.com\/embed\/VhzEcStBvsI?si=ByBFzjYVXYoBeeJ-\" width=\"1020\" height=\"574\" frameborder=\"0\" allowfullscreen=\"allowfullscreen\"><\/iframe><\/p>\n<p class=\"\" data-start=\"136\" data-end=\"604\">El passat <strong data-start=\"146\" data-end=\"168\">12 de mar\u00e7 de 2025<\/strong>, l\u2019<strong data-start=\"172\" data-end=\"216\">Espai Bital de L\u2019Hospitalet de Llobregat<\/strong> va acollir el <strong data-start=\"231\" data-end=\"286\">3r Seminari de Mobilitat i Cooperaci\u00f3 Internacional<\/strong>, un punt de trobada per a professionals de la Formaci\u00f3 Professional (FP) interessats en la mobilitat i la cooperaci\u00f3 europea. L&#8217;esdeveniment, organitzat pel <strong data-start=\"444\" data-end=\"502\">Centre de Recursos Pedag\u00f2gics de Formaci\u00f3 Professional<\/strong>, va comptar amb la participaci\u00f3 de m\u00e9s de <strong data-start=\"545\" data-end=\"580\">150 assistents d\u2019arreu d\u2019Europa<\/strong> i experts del sector.<\/p>\n<h3 class=\"\" data-start=\"606\" data-end=\"663\"><strong data-start=\"610\" data-end=\"661\">Un programa enriquidor amb ponents d\u2019alt nivell<\/strong><\/h3>\n<p class=\"\" data-start=\"665\" data-end=\"823\">El seminari va oferir un programa intensiu amb pon\u00e8ncies d&#8217;experts i taules rodones sobre les tend\u00e8ncies actuals en mobilitat, cooperaci\u00f3 i innovaci\u00f3 en FP.<\/p>\n<p class=\"\" data-start=\"825\" data-end=\"855\">\ud83d\udce2 <strong data-start=\"828\" data-end=\"853\">Pon\u00e8ncies destacades:<\/strong><\/p>\n<ul>\n<li><strong data-start=\"858\" data-end=\"877\">Tanja Halttunen<\/strong> (Axxell Utbildning Ab) va obrir la jornada amb una reflexi\u00f3 sobre <strong><em><a href=\"https:\/\/projectes.xtec.cat\/mobilitatfp\/wp-content\/uploads\/usu1833\/2025\/03\/The-future-of-international-mobility-in-VET.pdf\">The future of international mobility in VET<\/a><\/em><\/strong>.<\/li>\n<\/ul>\n<table style=\"width: 89.9803%; border-collapse: collapse; border-color: #ffffff; background-color: #ffffff; border-style: hidden;\">\n<tbody>\n<tr>\n<td style=\"width: 30.6514%;\"><a href=\"https:\/\/projectes.xtec.cat\/mobilitatfp\/wp-content\/uploads\/usu1833\/2025\/03\/The-future-of-international-mobility-in-VET.pdf\"><img loading=\"lazy\" decoding=\"async\" class=\"alignnone wp-image-14736 size-medium\" src=\"https:\/\/projectes.xtec.cat\/mobilitatfp\/wp-content\/uploads\/usu1833\/2025\/06\/Captura-de-pantalla-2025-06-06-093349-300x169.png\" alt=\"\" width=\"300\" height=\"169\" srcset=\"https:\/\/projectes.xtec.cat\/mobilitatfp\/wp-content\/uploads\/usu1833\/2025\/06\/Captura-de-pantalla-2025-06-06-093349-300x169.png 300w, https:\/\/projectes.xtec.cat\/mobilitatfp\/wp-content\/uploads\/usu1833\/2025\/06\/Captura-de-pantalla-2025-06-06-093349-1024x577.png 1024w, https:\/\/projectes.xtec.cat\/mobilitatfp\/wp-content\/uploads\/usu1833\/2025\/06\/Captura-de-pantalla-2025-06-06-093349-768x432.png 768w, https:\/\/projectes.xtec.cat\/mobilitatfp\/wp-content\/uploads\/usu1833\/2025\/06\/Captura-de-pantalla-2025-06-06-093349.png 1270w\" sizes=\"auto, (max-width: 300px) 100vw, 300px\" \/><\/a><\/td>\n<td style=\"width: 34.1487%;\"><iframe loading=\"lazy\" title=\"YouTube video player\" src=\"\/\/www.youtube.com\/embed\/OLab1yTJy94?si=RDtwgvauXZy9PGJ9\" width=\"300\" height=\"170\" frameborder=\"0\" allowfullscreen=\"allowfullscreen\"><\/iframe><\/td>\n<td style=\"width: 65.5725%;\"><a style=\"color: #2795b6; font-size: 16px;\" href=\"https:\/\/projectes.xtec.cat\/mobilitatfp\/wp-content\/uploads\/usu1833\/2025\/03\/Tanja-Halttunen-scaled.jpg\"><img loading=\"lazy\" decoding=\"async\" class=\"alignleft wp-image-14445 size-thumbnail\" src=\"https:\/\/projectes.xtec.cat\/mobilitatfp\/wp-content\/uploads\/usu1833\/2025\/03\/Tanja-Halttunen-150x150.jpg\" alt=\"\" width=\"150\" height=\"150\" \/><\/a><\/td>\n<\/tr>\n<\/tbody>\n<\/table>\n<ul>\n<li><strong style=\"font-family: inherit; font-size: 1em;\" data-start=\"998\" data-end=\"1017\">Iraklis Pliakis<\/strong><span style=\"font-family: inherit; font-size: 1em;\"> (Cedefop) va presentar <\/span><strong><a style=\"font-family: inherit; font-size: 1em;\" href=\"https:\/\/projectes.xtec.cat\/mobilitatfp\/wp-content\/uploads\/usu1833\/2025\/03\/Cedefop-_shaping-learning-and-skills-for-Europe_IPliakis-1.pdf\"><em>Cedefop: shaping learning and skills for Europe<\/em><\/a><\/strong><span style=\"font-family: inherit; font-size: 1em;\"><span style=\"font-family: inherit; font-size: 1em;\">, destacant l\u2019evoluci\u00f3 de la formaci\u00f3 i les compet\u00e8ncies a nivell europeu.<\/span><\/span><br \/>\n<table style=\"width: 89.9803%; border-collapse: collapse; border-color: #ffffff; background-color: #ffffff; border-style: hidden;\">\n<tbody>\n<tr>\n<td style=\"width: 30.0396%;\"><a href=\"https:\/\/projectes.xtec.cat\/mobilitatfp\/wp-content\/uploads\/usu1833\/2025\/03\/Cedefop-_shaping-learning-and-skills-for-Europe_IPliakis-1.pdf\"><img loading=\"lazy\" decoding=\"async\" class=\"alignnone wp-image-14737 size-medium\" src=\"https:\/\/projectes.xtec.cat\/mobilitatfp\/wp-content\/uploads\/usu1833\/2025\/06\/Captura-de-pantalla-2025-06-06-094045-300x167.png\" alt=\"\" width=\"300\" height=\"167\" srcset=\"https:\/\/projectes.xtec.cat\/mobilitatfp\/wp-content\/uploads\/usu1833\/2025\/06\/Captura-de-pantalla-2025-06-06-094045-300x167.png 300w, https:\/\/projectes.xtec.cat\/mobilitatfp\/wp-content\/uploads\/usu1833\/2025\/06\/Captura-de-pantalla-2025-06-06-094045-1024x571.png 1024w, https:\/\/projectes.xtec.cat\/mobilitatfp\/wp-content\/uploads\/usu1833\/2025\/06\/Captura-de-pantalla-2025-06-06-094045-768x429.png 768w, https:\/\/projectes.xtec.cat\/mobilitatfp\/wp-content\/uploads\/usu1833\/2025\/06\/Captura-de-pantalla-2025-06-06-094045.png 1276w\" sizes=\"auto, (max-width: 300px) 100vw, 300px\" \/><\/a><\/td>\n<td style=\"width: 34.7605%;\"><iframe loading=\"lazy\" title=\"YouTube video player\" src=\"\/\/www.youtube.com\/embed\/RJ8IMICHFe8?si=4ZnC_xL1AoMkkQAX\" width=\"300\" height=\"168\" frameborder=\"0\" allowfullscreen=\"allowfullscreen\"><\/iframe><\/td>\n<td style=\"width: 65.5725%;\"><a href=\"https:\/\/projectes.xtec.cat\/mobilitatfp\/wp-content\/uploads\/usu1833\/2025\/03\/Iraklis-Pliakis-scaled.jpg\"><img loading=\"lazy\" decoding=\"async\" class=\"wp-image-14443 size-thumbnail alignleft\" src=\"https:\/\/projectes.xtec.cat\/mobilitatfp\/wp-content\/uploads\/usu1833\/2025\/03\/Iraklis-Pliakis-150x150.jpg\" alt=\"\" width=\"150\" height=\"150\" \/><\/a><\/td>\n<\/tr>\n<\/tbody>\n<\/table>\n<\/li>\n<\/ul>\n<ul>\n<li data-start=\"1178\" data-end=\"1330\"><strong data-start=\"1178\" data-end=\"1195\">David Delgado<\/strong> (Europass) va parlar sobre <strong><em><a href=\"https:\/\/projectes.xtec.cat\/mobilitatfp\/wp-content\/uploads\/usu1833\/2025\/03\/El-Papel-de-Europass-en-Erasmus-reconocimiento-y-digitalizacion.pdf\">El Papel de Europass en Erasmus+: reconocimiento y digitalizaci\u00f3n<\/a><\/em><\/strong>.<\/li>\n<\/ul>\n<table style=\"width: 89.9803%; border-collapse: collapse; border-color: #ffffff; background-color: #ffffff; border-style: hidden;\">\n<tbody>\n<tr>\n<td style=\"width: 20.5081%;\"><a href=\"https:\/\/projectes.xtec.cat\/mobilitatfp\/wp-content\/uploads\/usu1833\/2025\/03\/El-Papel-de-Europass-en-Erasmus-reconocimiento-y-digitalizacion.pdf\"><img loading=\"lazy\" decoding=\"async\" class=\"alignnone wp-image-14738 size-medium\" src=\"https:\/\/projectes.xtec.cat\/mobilitatfp\/wp-content\/uploads\/usu1833\/2025\/06\/Captura-de-pantalla-2025-06-06-094308-300x168.png\" alt=\"\" width=\"300\" height=\"168\" srcset=\"https:\/\/projectes.xtec.cat\/mobilitatfp\/wp-content\/uploads\/usu1833\/2025\/06\/Captura-de-pantalla-2025-06-06-094308-300x168.png 300w, https:\/\/projectes.xtec.cat\/mobilitatfp\/wp-content\/uploads\/usu1833\/2025\/06\/Captura-de-pantalla-2025-06-06-094308-1024x575.png 1024w, https:\/\/projectes.xtec.cat\/mobilitatfp\/wp-content\/uploads\/usu1833\/2025\/06\/Captura-de-pantalla-2025-06-06-094308-768x431.png 768w, https:\/\/projectes.xtec.cat\/mobilitatfp\/wp-content\/uploads\/usu1833\/2025\/06\/Captura-de-pantalla-2025-06-06-094308.png 1121w\" sizes=\"auto, (max-width: 300px) 100vw, 300px\" \/><\/a><\/td>\n<td style=\"width: 44.292%;\"><a href=\"https:\/\/projectes.xtec.cat\/mobilitatfp\/wp-content\/uploads\/usu1833\/2025\/03\/David-Delgado-scaled.jpg\"><img loading=\"lazy\" decoding=\"async\" class=\"wp-image-14440 size-thumbnail alignleft\" src=\"https:\/\/projectes.xtec.cat\/mobilitatfp\/wp-content\/uploads\/usu1833\/2025\/03\/David-Delgado-150x150.jpg\" alt=\"\" width=\"150\" height=\"150\" \/><\/a><\/td>\n<\/tr>\n<\/tbody>\n<\/table>\n<ul>\n<li data-start=\"1333\" data-end=\"1522\"><strong data-start=\"1333\" data-end=\"1352\">Guillem Salvans<\/strong> (Fundaci\u00f3 Bertelsmann) va exposar la implicaci\u00f3 de les empreses en la formaci\u00f3 en alternan\u00e7a amb la pon\u00e8ncia <strong><em><a href=\"https:\/\/projectes.xtec.cat\/mobilitatfp\/wp-content\/uploads\/usu1833\/2025\/03\/Companies-engagement-in-the-Catalan-Work-based-learning.pdf\">Companies engagement in the Catalan Work-based learning<\/a><\/em><\/strong>.<\/li>\n<\/ul>\n<table style=\"width: 89.9803%; border-collapse: collapse; border-color: #ffffff; background-color: #ffffff; border-style: hidden;\">\n<tbody>\n<tr>\n<td style=\"width: 20.6735%;\"><a href=\"https:\/\/projectes.xtec.cat\/mobilitatfp\/wp-content\/uploads\/usu1833\/2025\/03\/Companies-engagement-in-the-Catalan-Work-based-learning.pdf\"><img loading=\"lazy\" decoding=\"async\" class=\"alignnone wp-image-14739 size-medium\" src=\"https:\/\/projectes.xtec.cat\/mobilitatfp\/wp-content\/uploads\/usu1833\/2025\/06\/Captura-de-pantalla-2025-06-06-094601-300x168.png\" alt=\"\" width=\"300\" height=\"168\" srcset=\"https:\/\/projectes.xtec.cat\/mobilitatfp\/wp-content\/uploads\/usu1833\/2025\/06\/Captura-de-pantalla-2025-06-06-094601-300x168.png 300w, https:\/\/projectes.xtec.cat\/mobilitatfp\/wp-content\/uploads\/usu1833\/2025\/06\/Captura-de-pantalla-2025-06-06-094601-1024x573.png 1024w, https:\/\/projectes.xtec.cat\/mobilitatfp\/wp-content\/uploads\/usu1833\/2025\/06\/Captura-de-pantalla-2025-06-06-094601-768x430.png 768w, https:\/\/projectes.xtec.cat\/mobilitatfp\/wp-content\/uploads\/usu1833\/2025\/06\/Captura-de-pantalla-2025-06-06-094601.png 1326w\" sizes=\"auto, (max-width: 300px) 100vw, 300px\" \/><\/a><\/td>\n<td style=\"width: 44.1266%;\"><iframe loading=\"lazy\" title=\"YouTube video player\" src=\"\/\/www.youtube.com\/embed\/CCaoT5_T-Ps?si=7z_35DyzCHlBV8md\" width=\"300\" height=\"168\" frameborder=\"0\" allowfullscreen=\"allowfullscreen\"><\/iframe><\/td>\n<\/tr>\n<\/tbody>\n<\/table>\n<table style=\"width: 100%; border-collapse: collapse; border-style: hidden;\">\n<tbody>\n<tr>\n<td style=\"width: 100%;\"><\/td>\n<\/tr>\n<\/tbody>\n<\/table>\n<ul>\n<li data-start=\"1525\" data-end=\"1664\"><strong data-start=\"1525\" data-end=\"1544\">Francesca Drago<\/strong> (Scuola Centrale Formazione) va destacar el paper de la cooperaci\u00f3 internacional com a motor d\u2019innovaci\u00f3 en l\u2019FP amb la pon\u00e8ncia <strong><em><a href=\"https:\/\/projectes.xtec.cat\/mobilitatfp\/wp-content\/uploads\/usu1833\/2025\/03\/International-Cooperation-as-a-Driver-for-Innovation-in-VET.pdf\">International Cooperation as a Driver for Innovation in VET<\/a><\/em><\/strong>.<\/li>\n<\/ul>\n<table style=\"width: 89.9803%; border-collapse: collapse; border-color: #ffffff; background-color: #ffffff; border-style: hidden;\">\n<tbody>\n<tr>\n<td style=\"width: 20.2875%;\"><a href=\"https:\/\/projectes.xtec.cat\/mobilitatfp\/wp-content\/uploads\/usu1833\/2025\/03\/International-Cooperation-as-a-Driver-for-Innovation-in-VET.pdf\"><img loading=\"lazy\" decoding=\"async\" class=\"alignnone wp-image-14740 size-medium\" src=\"https:\/\/projectes.xtec.cat\/mobilitatfp\/wp-content\/uploads\/usu1833\/2025\/06\/Captura-de-pantalla-2025-06-06-094801-300x168.png\" alt=\"\" width=\"300\" height=\"168\" srcset=\"https:\/\/projectes.xtec.cat\/mobilitatfp\/wp-content\/uploads\/usu1833\/2025\/06\/Captura-de-pantalla-2025-06-06-094801-300x168.png 300w, https:\/\/projectes.xtec.cat\/mobilitatfp\/wp-content\/uploads\/usu1833\/2025\/06\/Captura-de-pantalla-2025-06-06-094801-1024x574.png 1024w, https:\/\/projectes.xtec.cat\/mobilitatfp\/wp-content\/uploads\/usu1833\/2025\/06\/Captura-de-pantalla-2025-06-06-094801-768x430.png 768w, https:\/\/projectes.xtec.cat\/mobilitatfp\/wp-content\/uploads\/usu1833\/2025\/06\/Captura-de-pantalla-2025-06-06-094801.png 1276w\" sizes=\"auto, (max-width: 300px) 100vw, 300px\" \/><\/a><\/td>\n<td style=\"width: 44.5126%;\"><a href=\"https:\/\/projectes.xtec.cat\/mobilitatfp\/wp-content\/uploads\/usu1833\/2025\/03\/Francesca-Drago-scaled.jpg\"><img loading=\"lazy\" decoding=\"async\" class=\"alignnone wp-image-14442 size-thumbnail\" src=\"https:\/\/projectes.xtec.cat\/mobilitatfp\/wp-content\/uploads\/usu1833\/2025\/03\/Francesca-Drago-150x150.jpg\" alt=\"\" width=\"150\" height=\"150\" \/><\/a><\/td>\n<\/tr>\n<\/tbody>\n<\/table>\n<ul>\n<li data-start=\"1667\" data-end=\"1820\"><strong data-start=\"1667\" data-end=\"1686\">Florence Dupraz<\/strong>, experta en inclusi\u00f3 en projectes europeus, va oferir la pon\u00e8ncia <strong><em><a href=\"https:\/\/projectes.xtec.cat\/mobilitatfp\/wp-content\/uploads\/usu1833\/2025\/03\/Erasmus-for-all-Breaking-barriers-to-inclusion-and-diversity.pdf\">Erasmus+ for all: Breaking barriers to inclusion and diversity<\/a><\/em><\/strong>.<\/li>\n<\/ul>\n<table style=\"width: 89.9803%; border-collapse: collapse; border-color: #ffffff; background-color: #ffffff; border-style: hidden;\">\n<tbody>\n<tr>\n<td style=\"width: 30.6514%;\"><a href=\"https:\/\/projectes.xtec.cat\/mobilitatfp\/wp-content\/uploads\/usu1833\/2025\/03\/Erasmus-for-all-Breaking-barriers-to-inclusion-and-diversity.pdf\"><img loading=\"lazy\" decoding=\"async\" class=\"alignnone wp-image-14741 size-medium\" src=\"https:\/\/projectes.xtec.cat\/mobilitatfp\/wp-content\/uploads\/usu1833\/2025\/06\/Captura-de-pantalla-2025-06-06-094940-300x157.png\" alt=\"\" width=\"300\" height=\"157\" srcset=\"https:\/\/projectes.xtec.cat\/mobilitatfp\/wp-content\/uploads\/usu1833\/2025\/06\/Captura-de-pantalla-2025-06-06-094940-300x157.png 300w, https:\/\/projectes.xtec.cat\/mobilitatfp\/wp-content\/uploads\/usu1833\/2025\/06\/Captura-de-pantalla-2025-06-06-094940-1024x537.png 1024w, https:\/\/projectes.xtec.cat\/mobilitatfp\/wp-content\/uploads\/usu1833\/2025\/06\/Captura-de-pantalla-2025-06-06-094940-768x403.png 768w, https:\/\/projectes.xtec.cat\/mobilitatfp\/wp-content\/uploads\/usu1833\/2025\/06\/Captura-de-pantalla-2025-06-06-094940.png 1275w\" sizes=\"auto, (max-width: 300px) 100vw, 300px\" \/><\/a><\/td>\n<td style=\"width: 34.1487%;\"><iframe loading=\"lazy\" title=\"YouTube video player\" src=\"\/\/www.youtube.com\/embed\/_BIS-yiGhd8?si=s4qkMEQbdH5WLBMj\" width=\"300\" height=\"168\" frameborder=\"0\" allowfullscreen=\"allowfullscreen\"><\/iframe><\/td>\n<td style=\"width: 65.5725%;\"><a href=\"https:\/\/projectes.xtec.cat\/mobilitatfp\/wp-content\/uploads\/usu1833\/2025\/03\/Flor-Dupraz-scaled.jpg\"><img loading=\"lazy\" decoding=\"async\" class=\"alignnone wp-image-14441 size-thumbnail\" src=\"https:\/\/projectes.xtec.cat\/mobilitatfp\/wp-content\/uploads\/usu1833\/2025\/03\/Flor-Dupraz-150x150.jpg\" alt=\"\" width=\"150\" height=\"150\" \/><\/a><\/td>\n<\/tr>\n<\/tbody>\n<\/table>\n<p><span style=\"font-family: inherit; font-size: 1em;\">\ud83d\udce2 <\/span><strong style=\"font-family: inherit; font-size: 1em;\" data-start=\"1825\" data-end=\"1882\">Taula rodona: Bones pr\u00e0ctiques en inclusi\u00f3 a Erasmus+<\/strong><\/p>\n<p class=\"\" data-start=\"1822\" data-end=\"2020\">Representants de diversos centres i institucions van compartir experi\u00e8ncies i reptes en la inclusi\u00f3 dins dels projectes de mobilitat:<\/p>\n<table style=\"width: 98.5121%; border-collapse: collapse; border-color: #ffffff; background-color: #ffffff; border-style: hidden; height: 188px;\">\n<tbody>\n<tr style=\"height: 188px;\">\n<td style=\"width: 50.8617%; height: 188px;\">\n<ul style=\"margin-bottom: 0px; margin-left: 1.25em; font-size: 16px; font-family: 'Helvetica Neue', Helvetica, Helvetica, Arial, sans-serif;\">\n<li data-start=\"2023\" data-end=\"2036\"><strong data-start=\"2023\" data-end=\"2034\">EARLALL<\/strong>\u00a0&#8211; Alicia Gab\u00e1n<\/li>\n<li data-start=\"2039\" data-end=\"2076\"><strong data-start=\"2039\" data-end=\"2074\">Escola del Treball de Barcelona &#8211;\u00a0<\/strong>Albert Peir\u00f3 &#8211; Ahmed Mansur<\/li>\n<li data-start=\"2039\" data-end=\"2076\"><strong style=\"font-family: inherit; font-size: 1em;\" data-start=\"2099\" data-end=\"2122\">Institut Les Vinyes\u00a0<span style=\"font-weight: 400;\">\u00a0&#8211; Carolina Martos<\/span><\/strong><\/li>\n<li data-start=\"2127\" data-end=\"2153\"><strong data-start=\"2127\" data-end=\"2151\">CEIR-Arco Villarroel &#8211;<span style=\"font-weight: 400;\">&#8211;\u00a0<\/span><span style=\"font-weight: 400;\">Josep Joel Varas<\/span><\/strong><\/li>\n<li><strong data-start=\"2079\" data-end=\"2094\">Open Europe\u00a0<span style=\"font-weight: 400;\">&#8211; Olena Korzhykova<\/span><\/strong><\/li>\n<\/ul>\n<\/td>\n<td style=\"width: 30.4277%; height: 188px;\"><iframe loading=\"lazy\" title=\"YouTube video player\" src=\"\/\/www.youtube.com\/embed\/lM3etqqgRl8?si=Qu5SbicXdXr0lzA0\" width=\"300\" height=\"168\" frameborder=\"0\" allowfullscreen=\"allowfullscreen\"><\/iframe><\/td>\n<td style=\"width: 58.565%; height: 188px;\"><a href=\"https:\/\/projectes.xtec.cat\/mobilitatfp\/wp-content\/uploads\/usu1833\/2025\/03\/Round-table-scaled.jpg\"><img loading=\"lazy\" decoding=\"async\" class=\"wp-image-14444 size-thumbnail alignleft\" src=\"https:\/\/projectes.xtec.cat\/mobilitatfp\/wp-content\/uploads\/usu1833\/2025\/03\/Round-table-150x150.jpg\" alt=\"\" width=\"150\" height=\"150\" \/><\/a><\/td>\n<\/tr>\n<\/tbody>\n<\/table>\n<p>&nbsp;<\/p>\n<p class=\"\" data-start=\"2155\" data-end=\"2211\">\ud83d\udce2 <strong data-start=\"2158\" data-end=\"2209\">Networking i eines per a la comunitat educativa<\/strong><\/p>\n<p class=\"\" data-start=\"2155\" data-end=\"2211\">La sessi\u00f3 de <em data-start=\"2227\" data-end=\"2240\">Matchmaking<\/em> va facilitar trobades entre els participants per establir noves col\u00b7laboracions.<\/p>\n<h3 class=\"\" data-start=\"2559\" data-end=\"2619\"><strong data-start=\"2563\" data-end=\"2617\">Job Shadowing: visites a centres d\u2019FP de Barcelona<\/strong><\/h3>\n<p class=\"\" data-start=\"2621\" data-end=\"2956\">Els dies <strong data-start=\"2630\" data-end=\"2649\">13 i 14 de mar\u00e7<\/strong>, alguns participants van tenir l&#8217;oportunitat de con\u00e8ixer de prop el model de formaci\u00f3 professional a Catalunya a trav\u00e9s de visites a <strong data-start=\"2783\" data-end=\"2808\">centres de refer\u00e8ncia <\/strong>de la<strong data-start=\"2783\" data-end=\"2808\"> xarxa BePro (<a href=\"https:\/\/projectes.xtec.cat\/mobilitatfp\/wp-content\/uploads\/usu1833\/2025\/03\/BePro-Network-presentation.pdf\">BePro Network presentation<\/a>)<\/strong><br data-start=\"2809\" data-end=\"2812\" \/>\ud83d\udccd <strong data-start=\"2815\" data-end=\"2859\">Institut d\u2019FP Sanit\u00e0ria Hospital del Mar (<a href=\"https:\/\/projectes.xtec.cat\/mobilitatfp\/wp-content\/uploads\/usu1833\/2025\/03\/HMIFPS-presentation.pdf\">HMIFPS presentation<\/a>)<\/strong><br data-start=\"2859\" data-end=\"2862\" \/>\ud83d\udccd <strong data-start=\"2865\" data-end=\"2899\">Institut de T\u00e8cniques Audiovisuals i de l&#8217;Espectacle (<a href=\"https:\/\/projectes.xtec.cat\/mobilitatfp\/wp-content\/uploads\/usu1833\/2025\/03\/ITAEB-presentation.pdf\">ITAEB presentation<\/a>)<\/strong><br data-start=\"2899\" data-end=\"2902\" \/>\ud83d\udccd <strong data-start=\"2905\" data-end=\"2954\">Institut de Formaci\u00f3 Empresarial de Barcelona (<a href=\"https:\/\/projectes.xtec.cat\/mobilitatfp\/wp-content\/uploads\/usu1833\/2025\/03\/IFEB-presentation.pdf\">IFEB presentation<\/a>)<\/strong><\/p>\n<h3 class=\"\" data-start=\"2958\" data-end=\"3003\"><a href=\"https:\/\/projectes.xtec.cat\/mobilitatfp\/wp-content\/uploads\/usu1833\/2025\/03\/baixa.png\"><img loading=\"lazy\" decoding=\"async\" class=\"alignnone wp-image-14696\" src=\"https:\/\/projectes.xtec.cat\/mobilitatfp\/wp-content\/uploads\/usu1833\/2025\/03\/baixa.png\" alt=\"\" width=\"25\" height=\"24\" srcset=\"https:\/\/projectes.xtec.cat\/mobilitatfp\/wp-content\/uploads\/usu1833\/2025\/03\/baixa.png 204w, https:\/\/projectes.xtec.cat\/mobilitatfp\/wp-content\/uploads\/usu1833\/2025\/03\/baixa-150x150.png 150w\" sizes=\"auto, (max-width: 25px) 100vw, 25px\" \/><\/a> <a href=\"https:\/\/projectes.xtec.cat\/mobilitatfp\/3r-seminari-internacional\/galeria-dimatges-del-3r-seminari-internacional\/\"><strong data-start=\"2962\" data-end=\"3001\">Galeria d&#8217;imatges de l&#8217;esdeveniment<\/strong><\/a><\/h3>\n<p><a href=\"https:\/\/projectes.xtec.cat\/mobilitatfp\/3r-seminari-internacional\/galeria-dimatges-del-3r-seminari-internacional\/\"><img loading=\"lazy\" decoding=\"async\" class=\"alignnone wp-image-14699 \" src=\"https:\/\/projectes.xtec.cat\/mobilitatfp\/wp-content\/uploads\/usu1833\/2025\/03\/Captura-de-pantalla-2025-03-28-130121-e1743163468129.png\" alt=\"\" width=\"1080\" height=\"579\" srcset=\"https:\/\/projectes.xtec.cat\/mobilitatfp\/wp-content\/uploads\/usu1833\/2025\/03\/Captura-de-pantalla-2025-03-28-130121-e1743163468129.png 793w, https:\/\/projectes.xtec.cat\/mobilitatfp\/wp-content\/uploads\/usu1833\/2025\/03\/Captura-de-pantalla-2025-03-28-130121-e1743163468129-300x161.png 300w, https:\/\/projectes.xtec.cat\/mobilitatfp\/wp-content\/uploads\/usu1833\/2025\/03\/Captura-de-pantalla-2025-03-28-130121-e1743163468129-768x412.png 768w\" sizes=\"auto, (max-width: 1080px) 100vw, 1080px\" \/><\/a><\/p>\n<p class=\"\" data-start=\"3165\" data-end=\"3317\">Gr\u00e0cies a tots els assistents i ponents per fer possible aquest esdeveniment! Continuem treballant junts per impulsar la internacionalitzaci\u00f3 de l\u2019FP.<\/p>\n<p class=\"\" data-start=\"3369\" data-end=\"3434\">#MobilitatFP #ErasmusPlus #VET #SeminariInternacional #Networking<\/p>\n","protected":false},"excerpt":{"rendered":"<p>El passat 12 de mar\u00e7 de 2025, l\u2019Espai Bital de L\u2019Hospitalet de Llobregat va acollir el 3r Seminari de Mobilitat i Cooperaci\u00f3 Internacional, un punt de trobada per a professionals de la Formaci\u00f3 Professional (FP) interessats en la mobilitat i la cooperaci\u00f3 europea. L&#8217;esdeveniment, organitzat&hellip;  <a href=\"https:\/\/projectes.xtec.cat\/mobilitatfp\/3r-seminari-internacional\/\" title=\"Read 3r Seminari de Mobilitat i Cooperaci\u00f3 Internacional\">Llegeix m\u00e9s\u00bb<\/a><\/p>\n","protected":false},"author":35,"featured_media":0,"parent":0,"menu_order":0,"comment_status":"closed","ping_status":"closed","template":"","meta":{"_bbp_topic_count":0,"_bbp_reply_count":0,"_bbp_total_topic_count":0,"_bbp_total_reply_count":0,"_bbp_voice_count":0,"_bbp_anonymous_reply_count":0,"_bbp_topic_count_hidden":0,"_bbp_reply_count_hidden":0,"_bbp_forum_subforum_count":0,"footnotes":""},"class_list":["post-14453","page","type-page","status-publish","hentry"],"post_mailing_queue_ids":[],"_links":{"self":[{"href":"https:\/\/projectes.xtec.cat\/mobilitatfp\/wp-json\/wp\/v2\/pages\/14453","targetHints":{"allow":["GET"]}}],"collection":[{"href":"https:\/\/projectes.xtec.cat\/mobilitatfp\/wp-json\/wp\/v2\/pages"}],"about":[{"href":"https:\/\/projectes.xtec.cat\/mobilitatfp\/wp-json\/wp\/v2\/types\/page"}],"author":[{"embeddable":true,"href":"https:\/\/projectes.xtec.cat\/mobilitatfp\/wp-json\/wp\/v2\/users\/35"}],"replies":[{"embeddable":true,"href":"https:\/\/projectes.xtec.cat\/mobilitatfp\/wp-json\/wp\/v2\/comments?post=14453"}],"version-history":[{"count":6,"href":"https:\/\/projectes.xtec.cat\/mobilitatfp\/wp-json\/wp\/v2\/pages\/14453\/revisions"}],"predecessor-version":[{"id":14733,"href":"https:\/\/projectes.xtec.cat\/mobilitatfp\/wp-json\/wp\/v2\/pages\/14453\/revisions\/14733"}],"wp:attachment":[{"href":"https:\/\/projectes.xtec.cat\/mobilitatfp\/wp-json\/wp\/v2\/media?parent=14453"}],"curies":[{"name":"wp","href":"https:\/\/api.w.org\/{rel}","templated":true}]}}