{"id":9123,"date":"2018-04-24T14:02:23","date_gmt":"2018-04-24T12:02:23","guid":{"rendered":"http:\/\/projectes.xtec.cat\/mobilitatfp\/?page_id=9123"},"modified":"2022-03-11T13:40:15","modified_gmt":"2022-03-11T12:40:15","slug":"acollida","status":"publish","type":"page","link":"https:\/\/projectes.xtec.cat\/mobilitatfp\/acollida\/","title":{"rendered":"JORNADES"},"content":{"rendered":"<p style=\"text-align: justify;\"><a href=\"https:\/\/projectes.xtec.cat\/mobilitatfp\/wp-content\/uploads\/usu1833\/2022\/03\/jornades.png\"><img loading=\"lazy\" decoding=\"async\" class=\"wp-image-12847 alignleft\" src=\"https:\/\/projectes.xtec.cat\/mobilitatfp\/wp-content\/uploads\/usu1833\/2022\/03\/jornades.png\" alt=\"\" width=\"284\" height=\"277\" srcset=\"https:\/\/projectes.xtec.cat\/mobilitatfp\/wp-content\/uploads\/usu1833\/2022\/03\/jornades.png 821w, https:\/\/projectes.xtec.cat\/mobilitatfp\/wp-content\/uploads\/usu1833\/2022\/03\/jornades-300x293.png 300w, https:\/\/projectes.xtec.cat\/mobilitatfp\/wp-content\/uploads\/usu1833\/2022\/03\/jornades-768x749.png 768w\" sizes=\"auto, (max-width: 284px) 100vw, 284px\" \/><\/a><\/p>\n<p>&nbsp;<\/p>\n<p style=\"text-align: left;\">La Unitat de Programes Internacionals de Formaci\u00f3 Professional organitza jornades per donar visibilitat al programa MobilitatFP i els projectes en qu\u00e8 participa. Aix\u00ed mateix, amb l\u2019objectiu de crear i consolidar xarxes transnacionals, acull delegacions i socis d&#8217;altres pa\u00efsos per fomentar la transfer\u00e8ncia de coneixement, l&#8217;intercanvi de bones pr\u00e0ctiques i els vincles transnacionals.<\/p>\n<p>&nbsp;<\/p>\n","protected":false},"excerpt":{"rendered":"<p><a href=\"https:\/\/projectes.xtec.cat\/mobilitatfp\/wp-content\/uploads\/usu1833\/2022\/03\/jornades.png\"><\/a><br \/>\n&nbsp;<br \/>\nLa Unitat de Programes Internacionals de Formaci\u00f3 Professional organitza jornades per donar visibilitat al programa MobilitatFP i els projectes en qu\u00e8 participa. Aix\u00ed mateix, amb l\u2019objectiu de crear i consolidar xarxes transnacionals, acull delegacions i socis d&#8217;altres pa\u00efsos per fomentar la transfer\u00e8ncia de coneixement,&hellip;  <a href=\"https:\/\/projectes.xtec.cat\/mobilitatfp\/acollida\/\" title=\"Read JORNADES\">Llegeix m\u00e9s\u00bb<\/a><\/p>\n","protected":false},"author":3,"featured_media":0,"parent":0,"menu_order":4,"comment_status":"closed","ping_status":"closed","template":"","meta":{"_bbp_topic_count":0,"_bbp_reply_count":0,"_bbp_total_topic_count":0,"_bbp_total_reply_count":0,"_bbp_voice_count":0,"_bbp_anonymous_reply_count":0,"_bbp_topic_count_hidden":0,"_bbp_reply_count_hidden":0,"_bbp_forum_subforum_count":0,"footnotes":""},"class_list":["post-9123","page","type-page","status-publish","hentry"],"post_mailing_queue_ids":[],"_links":{"self":[{"href":"https:\/\/projectes.xtec.cat\/mobilitatfp\/wp-json\/wp\/v2\/pages\/9123","targetHints":{"allow":["GET"]}}],"collection":[{"href":"https:\/\/projectes.xtec.cat\/mobilitatfp\/wp-json\/wp\/v2\/pages"}],"about":[{"href":"https:\/\/projectes.xtec.cat\/mobilitatfp\/wp-json\/wp\/v2\/types\/page"}],"author":[{"embeddable":true,"href":"https:\/\/projectes.xtec.cat\/mobilitatfp\/wp-json\/wp\/v2\/users\/3"}],"replies":[{"embeddable":true,"href":"https:\/\/projectes.xtec.cat\/mobilitatfp\/wp-json\/wp\/v2\/comments?post=9123"}],"version-history":[{"count":4,"href":"https:\/\/projectes.xtec.cat\/mobilitatfp\/wp-json\/wp\/v2\/pages\/9123\/revisions"}],"predecessor-version":[{"id":12889,"href":"https:\/\/projectes.xtec.cat\/mobilitatfp\/wp-json\/wp\/v2\/pages\/9123\/revisions\/12889"}],"wp:attachment":[{"href":"https:\/\/projectes.xtec.cat\/mobilitatfp\/wp-json\/wp\/v2\/media?parent=9123"}],"curies":[{"name":"wp","href":"https:\/\/api.w.org\/{rel}","templated":true}]}}

<p style="text-align: justify;"><a href="https://projectes.xtec.cat/mobilitatfp/wp-content/uploads/usu1833/2022/03/jornades.png"><img loading="lazy" decoding="async" class="wp-image-12847 alignleft" src="https://projectes.xtec.cat/mobilitatfp/wp-content/uploads/usu1833/2022/03/jornades.png" alt="" width="284" height="277" srcset="https://projectes.xtec.cat/mobilitatfp/wp-content/uploads/usu1833/2022/03/jornades.png 821w, https://projectes.xtec.cat/mobilitatfp/wp-content/uploads/usu1833/2022/03/jornades-300x293.png 300w, https://projectes.xtec.cat/mobilitatfp/wp-content/uploads/usu1833/2022/03/jornades-768x749.png 768w" sizes="auto, (max-width: 284px) 100vw, 284px" /></a></p>
<p>&nbsp;</p>
<p style="text-align: left;">La Unitat de Programes Internacionals de Formació Professional organitza jornades per donar visibilitat al programa MobilitatFP i els projectes en què participa. Així mateix, amb l’objectiu de crear i consolidar xarxes transnacionals, acull delegacions i socis d&#8217;altres països per fomentar la transferència de coneixement, l&#8217;intercanvi de bones pràctiques i els vincles transnacionals.</p>
<p>&nbsp;</p>

<p><a href="https://projectes.xtec.cat/mobilitatfp/wp-content/uploads/usu1833/2022/03/jornades.png"></a><br />
&nbsp;<br />
La Unitat de Programes Internacionals de Formació Professional organitza jornades per donar visibilitat al programa MobilitatFP i els projectes en què participa. Així mateix, amb l’objectiu de crear i consolidar xarxes transnacionals, acull delegacions i socis d&#8217;altres països per fomentar la transferència de coneixement,&hellip;  <a href="https://projectes.xtec.cat/mobilitatfp/acollida/" title="Read JORNADES">Llegeix més»</a></p>
