{"id":8829,"date":"2022-05-21T19:44:31","date_gmt":"2022-05-21T17:44:31","guid":{"rendered":"https:\/\/projectes.xtec.cat\/nou-curriculum\/?post_type=nodes_pmf&#038;p=8829"},"modified":"2022-05-21T19:44:31","modified_gmt":"2022-05-21T17:44:31","slug":"a-leso-sha-concretat-quant-temps-a-la-setmana-shaura-de-dedicar-a-la-lectura","status":"publish","type":"nodes_pmf","link":"https:\/\/projectes.xtec.cat\/nou-curriculum\/pmf\/a-leso-sha-concretat-quant-temps-a-la-setmana-shaura-de-dedicar-a-la-lectura\/","title":{"rendered":"A l\u2019ESO, s\u2019ha concretat quant temps a la setmana s\u2019haur\u00e0 de dedicar a la lectura?"},"content":{"rendered":"<p>A L\u2019ESO no es concreta el temps que s&#8217;hi ha de dedicar, per\u00f2 a l\u2019article 13.4 del Decret diu textualment: \u201cEls centres educatius han de destinar, en l\u2019horari lectiu, un temps espec\u00edfic a la lectura de forma transversal en totes les \u00e0rees i mat\u00e8ries, at\u00e8s que la lectura \u00e9s un aprenentatge fonamental en el desenvolupament de les compet\u00e8ncies.&#8221;<\/p>\n","protected":false},"featured_media":0,"template":"","meta":{"_acf_changed":false,"site-sidebar-layout":"default","site-content-layout":"default","ast-site-content-layout":"","site-content-style":"default","site-sidebar-style":"default","ast-global-header-display":"","ast-banner-title-visibility":"","ast-main-header-display":"","ast-hfb-above-header-display":"","ast-hfb-below-header-display":"","ast-hfb-mobile-header-display":"","site-post-title":"","ast-breadcrumbs-content":"","ast-featured-img":"","footer-sml-layout":"","theme-transparent-header-meta":"default","adv-header-id-meta":"","stick-header-meta":"default","header-above-stick-meta":"","header-main-stick-meta":"","header-below-stick-meta":"","astra-migrate-meta-layouts":"default","ast-page-background-enabled":"default","ast-page-background-meta":{"desktop":{"background-color":"","background-image":"","background-repeat":"repeat","background-position":"center center","background-size":"auto","background-attachment":"scroll","background-type":"","background-media":"","overlay-type":"","overlay-color":"","overlay-opacity":"","overlay-gradient":""},"tablet":{"background-color":"","background-image":"","background-repeat":"repeat","background-position":"center center","background-size":"auto","background-attachment":"scroll","background-type":"","background-media":"","overlay-type":"","overlay-color":"","overlay-opacity":"","overlay-gradient":""},"mobile":{"background-color":"","background-image":"","background-repeat":"repeat","background-position":"center center","background-size":"auto","background-attachment":"scroll","background-type":"","background-media":"","overlay-type":"","overlay-color":"","overlay-opacity":"","overlay-gradient":""}},"ast-content-background-meta":{"desktop":{"background-color":"var(--ast-global-color-5)","background-image":"","background-repeat":"repeat","background-position":"center center","background-size":"auto","background-attachment":"scroll","background-type":"","background-media":"","overlay-type":"","overlay-color":"","overlay-opacity":"","overlay-gradient":""},"tablet":{"background-color":"var(--ast-global-color-5)","background-image":"","background-repeat":"repeat","background-position":"center center","background-size":"auto","background-attachment":"scroll","background-type":"","background-media":"","overlay-type":"","overlay-color":"","overlay-opacity":"","overlay-gradient":""},"mobile":{"background-color":"var(--ast-global-color-5)","background-image":"","background-repeat":"repeat","background-position":"center center","background-size":"auto","background-attachment":"scroll","background-type":"","background-media":"","overlay-type":"","overlay-color":"","overlay-opacity":"","overlay-gradient":""}}},"nodes_estat_pmf":[287],"nodes_etiqueta_pmf":[296,293,302,301],"class_list":["post-8829","nodes_pmf","type-nodes_pmf","status-publish","hentry","nodes_estat_pmf-publicat","nodes_etiqueta_pmf-horaris","nodes_etiqueta_pmf-organitzacio","nodes_etiqueta_pmf-eso","nodes_etiqueta_pmf-educacio-basica"],"acf":[],"post_mailing_queue_ids":[],"_links":{"self":[{"href":"https:\/\/projectes.xtec.cat\/nou-curriculum\/wp-json\/wp\/v2\/nodes_pmf\/8829","targetHints":{"allow":["GET"]}}],"collection":[{"href":"https:\/\/projectes.xtec.cat\/nou-curriculum\/wp-json\/wp\/v2\/nodes_pmf"}],"about":[{"href":"https:\/\/projectes.xtec.cat\/nou-curriculum\/wp-json\/wp\/v2\/types\/nodes_pmf"}],"wp:attachment":[{"href":"https:\/\/projectes.xtec.cat\/nou-curriculum\/wp-json\/wp\/v2\/media?parent=8829"}],"wp:term":[{"taxonomy":"nodes_estat_pmf","embeddable":true,"href":"https:\/\/projectes.xtec.cat\/nou-curriculum\/wp-json\/wp\/v2\/nodes_estat_pmf?post=8829"},{"taxonomy":"nodes_etiqueta_pmf","embeddable":true,"href":"https:\/\/projectes.xtec.cat\/nou-curriculum\/wp-json\/wp\/v2\/nodes_etiqueta_pmf?post=8829"}],"curies":[{"name":"wp","href":"https:\/\/api.w.org\/{rel}","templated":true}]}}

A l’ESO, s’ha concretat quant temps a la setmana s’haurà de dedicar a la lectura?

<p>A L’ESO no es concreta el temps que s&#8217;hi ha de dedicar, però a l’article 13.4 del Decret diu textualment: “Els centres educatius han de destinar, en l’horari lectiu, un temps específic a la lectura de forma transversal en totes les àrees i matèries, atès que la lectura és un aprenentatge fonamental en el desenvolupament de les competències.&#8221;</p>
