{"id":8847,"date":"2022-05-21T20:04:55","date_gmt":"2022-05-21T18:04:55","guid":{"rendered":"https:\/\/projectes.xtec.cat\/nou-curriculum\/?post_type=nodes_pmf&#038;p=8847"},"modified":"2022-05-21T20:05:21","modified_gmt":"2022-05-21T18:05:21","slug":"voldriem-saber-on-podem-consultar-quines-especialitats-ha-de-tenir-el-professorat-que-ha-dimpartir-les-noves-materies","status":"publish","type":"nodes_pmf","link":"https:\/\/projectes.xtec.cat\/nou-curriculum\/pmf\/voldriem-saber-on-podem-consultar-quines-especialitats-ha-de-tenir-el-professorat-que-ha-dimpartir-les-noves-materies\/","title":{"rendered":"Voldr\u00edem saber on podem consultar quines especialitats ha de tenir el professorat que ha d&#8217;impartir les noves mat\u00e8ries"},"content":{"rendered":"<p class=\"CDt4Ke zfr3Q\" dir=\"ltr\">El ministeri, que \u00e9s qui les ha creat, encara no ho ha dit, en el seu moment va sortir:<\/p>\n<p class=\"CDt4Ke zfr3Q\" dir=\"ltr\">Reial decret 665\/2015, de 17 de juliol, pel qual es despleguen determinades disposicions relatives a l\u2019exercici de la doc\u00e8ncia en l\u2019educaci\u00f3 secund\u00e0ria obligat\u00f2ria, el batxillerat, la formaci\u00f3 professional i els ensenyaments de r\u00e8gim especial, a la formaci\u00f3 inicial del professorat i a les especialitats dels cossos docents d\u2019ensenyament secundari.<\/p>\n<p class=\"CDt4Ke zfr3Q\" dir=\"ltr\">Surt el 2015 i era per a les mat\u00e8ries de la LOMCE. Ara b\u00e0sicament les noves mat\u00e8ries s\u00f3n les del batxillerat d&#8217;arts que t\u00e9 les dues vies: la de m\u00fasica i d&#8217;arts esc\u00e8niques i la d&#8217;arts pl\u00e0stiques. Podem intuir que les de la via de m\u00fasica seran de M\u00fasica, les d&#8217;arts esc\u00e8niques continuaran sent de Llengua Catalana i Literatura o Llengua Castellana i Literatura, i tamb\u00e9 amb la condici\u00f3 del Reial decret 665\/2015 que la mat\u00e8ria d&#8217;Arts Esc\u00e8niques tamb\u00e9 es pot atribuir als qui tinguin el t\u00edtol superior d\u2019art dram\u00e0tic. Si d&#8217;alguna mat\u00e8ria us sembla que podeu tenir dubtes pregunteu, per\u00f2 \u00e9s prou clar.<\/p>\n<p class=\"CDt4Ke zfr3Q\" dir=\"ltr\">Pel que fa a les optatives de batxillerat, que depenen de nosaltres, ho farem constar als documents d\u2019organitzaci\u00f3 i gesti\u00f3 de centres, no es posa al decret.<\/p>\n","protected":false},"featured_media":0,"template":"","meta":{"_acf_changed":false,"site-sidebar-layout":"default","site-content-layout":"default","ast-site-content-layout":"","site-content-style":"default","site-sidebar-style":"default","ast-global-header-display":"","ast-banner-title-visibility":"","ast-main-header-display":"","ast-hfb-above-header-display":"","ast-hfb-below-header-display":"","ast-hfb-mobile-header-display":"","site-post-title":"","ast-breadcrumbs-content":"","ast-featured-img":"","footer-sml-layout":"","theme-transparent-header-meta":"default","adv-header-id-meta":"","stick-header-meta":"default","header-above-stick-meta":"","header-main-stick-meta":"","header-below-stick-meta":"","astra-migrate-meta-layouts":"default","ast-page-background-enabled":"default","ast-page-background-meta":{"desktop":{"background-color":"","background-image":"","background-repeat":"repeat","background-position":"center center","background-size":"auto","background-attachment":"scroll","background-type":"","background-media":"","overlay-type":"","overlay-color":"","overlay-opacity":"","overlay-gradient":""},"tablet":{"background-color":"","background-image":"","background-repeat":"repeat","background-position":"center center","background-size":"auto","background-attachment":"scroll","background-type":"","background-media":"","overlay-type":"","overlay-color":"","overlay-opacity":"","overlay-gradient":""},"mobile":{"background-color":"","background-image":"","background-repeat":"repeat","background-position":"center center","background-size":"auto","background-attachment":"scroll","background-type":"","background-media":"","overlay-type":"","overlay-color":"","overlay-opacity":"","overlay-gradient":""}},"ast-content-background-meta":{"desktop":{"background-color":"var(--ast-global-color-5)","background-image":"","background-repeat":"repeat","background-position":"center center","background-size":"auto","background-attachment":"scroll","background-type":"","background-media":"","overlay-type":"","overlay-color":"","overlay-opacity":"","overlay-gradient":""},"tablet":{"background-color":"var(--ast-global-color-5)","background-image":"","background-repeat":"repeat","background-position":"center center","background-size":"auto","background-attachment":"scroll","background-type":"","background-media":"","overlay-type":"","overlay-color":"","overlay-opacity":"","overlay-gradient":""},"mobile":{"background-color":"var(--ast-global-color-5)","background-image":"","background-repeat":"repeat","background-position":"center center","background-size":"auto","background-attachment":"scroll","background-type":"","background-media":"","overlay-type":"","overlay-color":"","overlay-opacity":"","overlay-gradient":""}}},"nodes_estat_pmf":[287],"nodes_etiqueta_pmf":[],"class_list":["post-8847","nodes_pmf","type-nodes_pmf","status-publish","hentry","nodes_estat_pmf-publicat"],"acf":[],"post_mailing_queue_ids":[],"_links":{"self":[{"href":"https:\/\/projectes.xtec.cat\/nou-curriculum\/wp-json\/wp\/v2\/nodes_pmf\/8847","targetHints":{"allow":["GET"]}}],"collection":[{"href":"https:\/\/projectes.xtec.cat\/nou-curriculum\/wp-json\/wp\/v2\/nodes_pmf"}],"about":[{"href":"https:\/\/projectes.xtec.cat\/nou-curriculum\/wp-json\/wp\/v2\/types\/nodes_pmf"}],"wp:attachment":[{"href":"https:\/\/projectes.xtec.cat\/nou-curriculum\/wp-json\/wp\/v2\/media?parent=8847"}],"wp:term":[{"taxonomy":"nodes_estat_pmf","embeddable":true,"href":"https:\/\/projectes.xtec.cat\/nou-curriculum\/wp-json\/wp\/v2\/nodes_estat_pmf?post=8847"},{"taxonomy":"nodes_etiqueta_pmf","embeddable":true,"href":"https:\/\/projectes.xtec.cat\/nou-curriculum\/wp-json\/wp\/v2\/nodes_etiqueta_pmf?post=8847"}],"curies":[{"name":"wp","href":"https:\/\/api.w.org\/{rel}","templated":true}]}}

Voldríem saber on podem consultar quines especialitats ha de tenir el professorat que ha d&#8217;impartir les noves matèries

<p class="CDt4Ke zfr3Q" dir="ltr">El ministeri, que és qui les ha creat, encara no ho ha dit, en el seu moment va sortir:</p>
<p class="CDt4Ke zfr3Q" dir="ltr">Reial decret 665/2015, de 17 de juliol, pel qual es despleguen determinades disposicions relatives a l’exercici de la docència en l’educació secundària obligatòria, el batxillerat, la formació professional i els ensenyaments de règim especial, a la formació inicial del professorat i a les especialitats dels cossos docents d’ensenyament secundari.</p>
<p class="CDt4Ke zfr3Q" dir="ltr">Surt el 2015 i era per a les matèries de la LOMCE. Ara bàsicament les noves matèries són les del batxillerat d&#8217;arts que té les dues vies: la de música i d&#8217;arts escèniques i la d&#8217;arts plàstiques. Podem intuir que les de la via de música seran de Música, les d&#8217;arts escèniques continuaran sent de Llengua Catalana i Literatura o Llengua Castellana i Literatura, i també amb la condició del Reial decret 665/2015 que la matèria d&#8217;Arts Escèniques també es pot atribuir als qui tinguin el títol superior d’art dramàtic. Si d&#8217;alguna matèria us sembla que podeu tenir dubtes pregunteu, però és prou clar.</p>
<p class="CDt4Ke zfr3Q" dir="ltr">Pel que fa a les optatives de batxillerat, que depenen de nosaltres, ho farem constar als documents d’organització i gestió de centres, no es posa al decret.</p>
