{"id":9066,"date":"2022-06-13T13:51:16","date_gmt":"2022-06-13T11:51:16","guid":{"rendered":"https:\/\/projectes.xtec.cat\/nou-curriculum\/?post_type=nodes_pmf&#038;p=9066"},"modified":"2022-06-13T13:51:16","modified_gmt":"2022-06-13T11:51:16","slug":"a-primer-de-batxillerat-es-pot-alternar-literatura-catalana-i-castellana-substituint-literatura-universal-es-pot-fer-com-a-optativa-de-centre","status":"publish","type":"nodes_pmf","link":"https:\/\/projectes.xtec.cat\/nou-curriculum\/pmf\/a-primer-de-batxillerat-es-pot-alternar-literatura-catalana-i-castellana-substituint-literatura-universal-es-pot-fer-com-a-optativa-de-centre\/","title":{"rendered":"A primer de Batxillerat es pot alternar Literatura Catalana i Castellana substituint Literatura universal? Es pot fer com a optativa de centre?"},"content":{"rendered":"<p class=\"CDt4Ke zfr3Q\" dir=\"ltr\">Ara per ara les Literatures estan en els cursos que estan en el projecte de Decret de Batxillerat, i per les raons que s&#8217;han explicat en diversos f\u00f2rums. B\u00e0sicament que les mat\u00e8ries que van a les PAU han d&#8217;estar a segon curs.<\/p>\n<p class=\"CDt4Ke zfr3Q\" dir=\"ltr\">Dit aix\u00f2 si es volen cursar alguna de les dues Literatures a 1r de batxillerat, des del punt de vista legal i normatiu cal tenir present que en virtud de l&#8217;autonomia de centres, un centre pot decir impartir una mat\u00e8ria pr\u00f2pia del centre basada o inspirada en una mat\u00e8ria de modalitat. En aquest cas concret la mat\u00e8ria ser\u00e0 una mat\u00e8ria de 3h, no de 4h i caldr\u00e0 adaptar el curr\u00edculum pensat per 4h.<\/p>\n<p class=\"CDt4Ke zfr3Q\" dir=\"ltr\">Aquesta mat\u00e8ria optativa de centre no \u00e9s una mat\u00e8ria de modalitat des del punt de vista que no li compta a l&#8217;alumne\/a com a mat\u00e8ria de modalitat.<\/p>\n<p class=\"CDt4Ke zfr3Q\" dir=\"ltr\">Aquesta mat\u00e8ria ha de tenir un nom diferent a <em>Literatura Catalana<\/em>, ja que darrere d&#8217;aquest nom hi ha una mat\u00e8ria de modalitat de 2n curs de batxillerat de la modalitat d&#8217;humanitats i ci\u00e8ncies socials. Es pot dir per exemple <em>Literatura Catalana pr\u00f2pia de centre<\/em>, o qualsevol nom que el centre consideri m\u00e9s oport\u00fa. En aquest sentit, aquesta optativa de centre la pot cursar qualsevol alumne de qualsevol modalitat, com a optativa anual de centre.<\/p>\n","protected":false},"featured_media":0,"template":"","meta":{"_acf_changed":false,"site-sidebar-layout":"default","site-content-layout":"default","ast-site-content-layout":"","site-content-style":"default","site-sidebar-style":"default","ast-global-header-display":"","ast-banner-title-visibility":"","ast-main-header-display":"","ast-hfb-above-header-display":"","ast-hfb-below-header-display":"","ast-hfb-mobile-header-display":"","site-post-title":"","ast-breadcrumbs-content":"","ast-featured-img":"","footer-sml-layout":"","theme-transparent-header-meta":"default","adv-header-id-meta":"","stick-header-meta":"default","header-above-stick-meta":"","header-main-stick-meta":"","header-below-stick-meta":"","astra-migrate-meta-layouts":"default","ast-page-background-enabled":"default","ast-page-background-meta":{"desktop":{"background-color":"","background-image":"","background-repeat":"repeat","background-position":"center center","background-size":"auto","background-attachment":"scroll","background-type":"","background-media":"","overlay-type":"","overlay-color":"","overlay-opacity":"","overlay-gradient":""},"tablet":{"background-color":"","background-image":"","background-repeat":"repeat","background-position":"center center","background-size":"auto","background-attachment":"scroll","background-type":"","background-media":"","overlay-type":"","overlay-color":"","overlay-opacity":"","overlay-gradient":""},"mobile":{"background-color":"","background-image":"","background-repeat":"repeat","background-position":"center center","background-size":"auto","background-attachment":"scroll","background-type":"","background-media":"","overlay-type":"","overlay-color":"","overlay-opacity":"","overlay-gradient":""}},"ast-content-background-meta":{"desktop":{"background-color":"var(--ast-global-color-5)","background-image":"","background-repeat":"repeat","background-position":"center center","background-size":"auto","background-attachment":"scroll","background-type":"","background-media":"","overlay-type":"","overlay-color":"","overlay-opacity":"","overlay-gradient":""},"tablet":{"background-color":"var(--ast-global-color-5)","background-image":"","background-repeat":"repeat","background-position":"center center","background-size":"auto","background-attachment":"scroll","background-type":"","background-media":"","overlay-type":"","overlay-color":"","overlay-opacity":"","overlay-gradient":""},"mobile":{"background-color":"var(--ast-global-color-5)","background-image":"","background-repeat":"repeat","background-position":"center center","background-size":"auto","background-attachment":"scroll","background-type":"","background-media":"","overlay-type":"","overlay-color":"","overlay-opacity":"","overlay-gradient":""}}},"nodes_estat_pmf":[287],"nodes_etiqueta_pmf":[303,304],"class_list":["post-9066","nodes_pmf","type-nodes_pmf","status-publish","hentry","nodes_estat_pmf-publicat","nodes_etiqueta_pmf-batxillerat","nodes_etiqueta_pmf-materies-optatives"],"acf":[],"post_mailing_queue_ids":[],"_links":{"self":[{"href":"https:\/\/projectes.xtec.cat\/nou-curriculum\/wp-json\/wp\/v2\/nodes_pmf\/9066","targetHints":{"allow":["GET"]}}],"collection":[{"href":"https:\/\/projectes.xtec.cat\/nou-curriculum\/wp-json\/wp\/v2\/nodes_pmf"}],"about":[{"href":"https:\/\/projectes.xtec.cat\/nou-curriculum\/wp-json\/wp\/v2\/types\/nodes_pmf"}],"wp:attachment":[{"href":"https:\/\/projectes.xtec.cat\/nou-curriculum\/wp-json\/wp\/v2\/media?parent=9066"}],"wp:term":[{"taxonomy":"nodes_estat_pmf","embeddable":true,"href":"https:\/\/projectes.xtec.cat\/nou-curriculum\/wp-json\/wp\/v2\/nodes_estat_pmf?post=9066"},{"taxonomy":"nodes_etiqueta_pmf","embeddable":true,"href":"https:\/\/projectes.xtec.cat\/nou-curriculum\/wp-json\/wp\/v2\/nodes_etiqueta_pmf?post=9066"}],"curies":[{"name":"wp","href":"https:\/\/api.w.org\/{rel}","templated":true}]}}

<p class="CDt4Ke zfr3Q" dir="ltr">Ara per ara les Literatures estan en els cursos que estan en el projecte de Decret de Batxillerat, i per les raons que s&#8217;han explicat en diversos fòrums. Bàsicament que les matèries que van a les PAU han d&#8217;estar a segon curs.</p>
<p class="CDt4Ke zfr3Q" dir="ltr">Dit això si es volen cursar alguna de les dues Literatures a 1r de batxillerat, des del punt de vista legal i normatiu cal tenir present que en virtud de l&#8217;autonomia de centres, un centre pot decir impartir una matèria pròpia del centre basada o inspirada en una matèria de modalitat. En aquest cas concret la matèria serà una matèria de 3h, no de 4h i caldrà adaptar el currículum pensat per 4h.</p>
<p class="CDt4Ke zfr3Q" dir="ltr">Aquesta matèria optativa de centre no és una matèria de modalitat des del punt de vista que no li compta a l&#8217;alumne/a com a matèria de modalitat.</p>
<p class="CDt4Ke zfr3Q" dir="ltr">Aquesta matèria ha de tenir un nom diferent a <em>Literatura Catalana</em>, ja que darrere d&#8217;aquest nom hi ha una matèria de modalitat de 2n curs de batxillerat de la modalitat d&#8217;humanitats i ciències socials. Es pot dir per exemple <em>Literatura Catalana pròpia de centre</em>, o qualsevol nom que el centre consideri més oportú. En aquest sentit, aquesta optativa de centre la pot cursar qualsevol alumne de qualsevol modalitat, com a optativa anual de centre.</p>
