{"id":10096,"date":"2023-01-26T20:37:43","date_gmt":"2023-01-26T19:37:43","guid":{"rendered":"https:\/\/projectes.xtec.cat\/nou-curriculum\/?page_id=10096"},"modified":"2026-03-27T08:30:12","modified_gmt":"2026-03-27T07:30:12","slug":"situacions-aprenentatge","status":"publish","type":"page","link":"https:\/\/projectes.xtec.cat\/nou-curriculum\/educacio-basica\/situacions-aprenentatge\/","title":{"rendered":"Situacions d&#8217;aprenentatge d&#8217;educaci\u00f3 b\u00e0sica"},"content":{"rendered":"\n<div class=\"wp-block-columns is-layout-flex wp-container-core-columns-is-layout-2 wp-block-columns-is-layout-flex\">\n<div class=\"wp-block-column is-layout-flow wp-block-column-is-layout-flow\">\n<h2 class=\"wp-block-heading\" style=\"font-size:1px\">Model de programaci\u00f3<\/h2>\n\n\n\n<div class=\"wp-block-columns is-layout-flex wp-container-core-columns-is-layout-1 wp-block-columns-is-layout-flex\">\n<div class=\"wp-block-column is-layout-flow wp-block-column-is-layout-flow\">\n<p>Usem el terme situaci\u00f3 d\u2019aprenentatge per referir-nos a aquelles <strong>experi\u00e8ncies<\/strong> que, independentment de la forma en qu\u00e8 es presenten, parteixen d\u2019un <strong>context<\/strong> i plantegen un <strong>repte<\/strong> a la persona que apr\u00e8n.<\/p>\n<\/div>\n\n\n\n<div class=\"wp-block-column is-layout-flow wp-block-column-is-layout-flow\">\n<p>El fet que l\u2019aprenentatge es fonamenti en la resoluci\u00f3 d\u2019un<br>repte o d\u2019una problem\u00e0tica real provoca que l\u2019aprenent hagi de dur a terme amb efic\u00e0cia una acci\u00f3 o un seguit d\u2019accions que impliquen una o m\u00e9s capacitats per a les quals s\u00f3n imprescindibles els sabers d\u2019un o m\u00e9s camps de coneixement; per aix\u00f2 diem que les situacions d\u2019aprenentatge s\u2019orienten a l\u2019assoliment de compet\u00e8ncies.<\/p>\n<\/div>\n<\/div>\n<\/div>\n<\/div>\n\n\n\n<div style=\"height:50px\" aria-hidden=\"true\" class=\"wp-block-spacer\"><\/div>\n\n\n\n<h2 class=\"wp-block-heading\" style=\"font-size:23px\"><strong>Model de programaci\u00f3<\/strong><\/h2>\n\n\n\n<div class=\"wp-block-columns is-layout-flex wp-container-core-columns-is-layout-3 wp-block-columns-is-layout-flex\">\n<div class=\"wp-block-column caixa-link educacio-basica is-layout-flow wp-block-column-is-layout-flow\" id=\"https:\/\/docs.google.com\/document\/d\/14_y5layzEOVdVt3a2V0dExXOgnbYDsU2G0wjyJosOdg\/template\/preview\">\n<h3 class=\"wp-block-heading has-medium-font-size\">Model<\/h3>\n\n\n\n<figure class=\"wp-block-image alignleft size-large is-resized\"><img loading=\"lazy\" decoding=\"async\" width=\"300\" height=\"300\" src=\"https:\/\/projectes.xtec.cat\/nou-curriculum\/wp-content\/uploads\/usu2072\/2023\/01\/grid-3.png\" alt=\"\" class=\"wp-image-10466\" style=\"width:100px\" srcset=\"https:\/\/projectes.xtec.cat\/nou-curriculum\/wp-content\/uploads\/usu2072\/2023\/01\/grid-3.png 300w, https:\/\/projectes.xtec.cat\/nou-curriculum\/wp-content\/uploads\/usu2072\/2023\/01\/grid-3-150x150.png 150w\" sizes=\"auto, (max-width: 300px) 100vw, 300px\" \/><\/figure>\n\n\n\n<p>Aquest model inclou tots els apartats necessaris per a l&#8217;elaboraci\u00f3 d&#8217;una situaci\u00f3 d&#8217;aprenentatge.<\/p>\n<\/div>\n\n\n\n<div class=\"wp-block-column caixa-link educacio-basica is-layout-flow wp-block-column-is-layout-flow\" id=\"https:\/\/docs.google.com\/spreadsheets\/d\/1cs7z23Pc476BuijXHD8cL4GNeFi7CUJbHickR_swEpw\/template\/preview\">\n<h3 class=\"wp-block-heading has-medium-font-size\">Model digital<\/h3>\n\n\n\n<figure class=\"wp-block-image alignleft size-large is-resized\"><img loading=\"lazy\" decoding=\"async\" width=\"300\" height=\"300\" src=\"https:\/\/projectes.xtec.cat\/nou-curriculum\/wp-content\/uploads\/usu2072\/2023\/01\/grid-3.png\" alt=\"\" class=\"wp-image-10466\" style=\"width:100px\" srcset=\"https:\/\/projectes.xtec.cat\/nou-curriculum\/wp-content\/uploads\/usu2072\/2023\/01\/grid-3.png 300w, https:\/\/projectes.xtec.cat\/nou-curriculum\/wp-content\/uploads\/usu2072\/2023\/01\/grid-3-150x150.png 150w\" sizes=\"auto, (max-width: 300px) 100vw, 300px\" \/><\/figure>\n\n\n\n<p>Aquest model digital inclou tots els apartats necessaris per a l&#8217;elaboraci\u00f3 d&#8217;una situaci\u00f3 d&#8217;aprenentatge.<\/p>\n<\/div>\n\n\n\n<div class=\"wp-block-column caixa-link educacio-basica is-layout-flow wp-block-column-is-layout-flow\" id=\"https:\/\/projectes.xtec.cat\/nou-curriculum\/wp-content\/uploads\/usu2072\/2024\/03\/Document-de-suport.pdf\">\n<h3 class=\"wp-block-heading has-medium-font-size\">Document de suport<\/h3>\n\n\n\n<figure class=\"wp-block-image alignleft size-large is-resized\"><img loading=\"lazy\" decoding=\"async\" width=\"300\" height=\"300\" src=\"https:\/\/projectes.xtec.cat\/nou-curriculum\/wp-content\/uploads\/usu2072\/2023\/01\/concept.png\" alt=\"\" class=\"wp-image-10467\" style=\"width:100px\" srcset=\"https:\/\/projectes.xtec.cat\/nou-curriculum\/wp-content\/uploads\/usu2072\/2023\/01\/concept.png 300w, https:\/\/projectes.xtec.cat\/nou-curriculum\/wp-content\/uploads\/usu2072\/2023\/01\/concept-150x150.png 150w\" sizes=\"auto, (max-width: 300px) 100vw, 300px\" \/><\/figure>\n\n\n\n<p>En aquest document trobareu indicacions complement\u00e0ries per poder construir la graella del model de programaci\u00f3. <\/p>\n<\/div>\n<\/div>\n\n\n\n<div style=\"height:39px\" aria-hidden=\"true\" class=\"wp-block-spacer\"><\/div>\n\n\n\n<h2 class=\"wp-block-heading\" id=\"orientacions-exemples\" style=\"font-size:24px\"><strong>Orientacions i exemples<\/strong><\/h2>\n\n\n\n<div class=\"wp-block-columns is-layout-flex wp-container-core-columns-is-layout-6 wp-block-columns-is-layout-flex\">\n<div class=\"wp-block-column caixa is-layout-flow wp-block-column-is-layout-flow\">\n<div class=\"wp-block-columns is-layout-flex wp-container-core-columns-is-layout-5 wp-block-columns-is-layout-flex\">\n<div class=\"wp-block-column is-layout-flow wp-block-column-is-layout-flow\" style=\"flex-basis:30%\">\n<h3 class=\"wp-block-heading has-medium-font-size\"><a href=\"https:\/\/projectes.xtec.cat\/nou-curriculum\/wp-content\/uploads\/usu2072\/2023\/01\/Orientacions-situacions-daprenentatge.pdf\" data-type=\"URL\" data-id=\"https:\/\/projectes.xtec.cat\/nou-curriculum\/wp-content\/uploads\/usu2072\/2023\/01\/Orientacions-situacions-daprenentatge.pdf\">Document d&#8217;orientacions<\/a><\/h3>\n\n\n\n<figure class=\"wp-block-image alignleft size-large is-resized\"><a href=\"https:\/\/projectes.xtec.cat\/nou-curriculum\/wp-content\/uploads\/usu2072\/2023\/01\/Orientacions-situacions-daprenentatge.pdf\"><img loading=\"lazy\" decoding=\"async\" width=\"300\" height=\"300\" src=\"https:\/\/projectes.xtec.cat\/nou-curriculum\/wp-content\/uploads\/usu2072\/2023\/01\/overview-pages-2.png\" alt=\"\" class=\"wp-image-10501\" style=\"width:80px;height:80px\" srcset=\"https:\/\/projectes.xtec.cat\/nou-curriculum\/wp-content\/uploads\/usu2072\/2023\/01\/overview-pages-2.png 300w, https:\/\/projectes.xtec.cat\/nou-curriculum\/wp-content\/uploads\/usu2072\/2023\/01\/overview-pages-2-150x150.png 150w\" sizes=\"auto, (max-width: 300px) 100vw, 300px\" \/><\/a><\/figure>\n\n\n\n<p>En aquest document es donen orientacions sobre com elaborar una situaci\u00f3 d&#8217;aprenentatge. <\/p>\n<\/div>\n\n\n\n<div class=\"wp-block-column is-layout-flow wp-block-column-is-layout-flow\" style=\"flex-basis:66.66%\">\n<div class=\"wp-block-columns is-layout-flex wp-container-core-columns-is-layout-4 wp-block-columns-is-layout-flex\">\n<div class=\"wp-block-column is-layout-flow wp-block-column-is-layout-flow\">\n<h3 class=\"wp-block-heading\" style=\"font-size:18px\">Exemples de prim\u00e0ria<\/h3>\n\n\n\n<ol class=\"wp-block-list\">\n<li><a href=\"https:\/\/projectes.xtec.cat\/nou-curriculum\/wp-content\/uploads\/usu2072\/2023\/02\/Model1_Revolta-escolar-Situacio\u0301-daprenentatge_EP_TS_sc-1.pdf\" data-type=\"URL\" data-id=\"https:\/\/projectes.xtec.cat\/nou-curriculum\/wp-content\/uploads\/usu2072\/2023\/02\/Model1_Revolta-escolar-Situacio\u0301-daprenentatge_EP_TS_sc-1.pdf\">La revolta escolar<\/a><\/li>\n\n\n\n<li><a rel=\"noreferrer noopener\" href=\"https:\/\/projectes.xtec.cat\/nou-curriculum\/wp-content\/uploads\/usu2072\/2023\/03\/Desmuntant-noticies-falses-1.pdf\" target=\"_blank\">Desmuntant not\u00edcies falses<\/a><\/li>\n\n\n\n<li><a rel=\"noreferrer noopener\" href=\"https:\/\/projectes.xtec.cat\/nou-curriculum\/wp-content\/uploads\/usu2072\/2023\/07\/SA-primaria_Don-ve-la-roba-que-portem.pdf\" target=\"_blank\">D&#8217;on ve la roba que portem?<\/a><\/li>\n\n\n\n<li><a rel=\"noreferrer noopener\" href=\"https:\/\/projectes.xtec.cat\/nou-curriculum\/wp-content\/uploads\/usu2072\/2023\/11\/Tortuga-a-la-vista-1.pdf\" target=\"_blank\">Tortuga a la vista!<\/a><\/li>\n\n\n\n<li><a rel=\"noreferrer noopener\" href=\"https:\/\/projectes.xtec.cat\/nou-curriculum\/wp-content\/uploads\/usu2072\/2023\/11\/Les-dones-fem-historia.pdf\" target=\"_blank\">Les dones fem hist\u00f2ria!<\/a><\/li>\n\n\n\n<li><a rel=\"noreferrer noopener\" href=\"https:\/\/projectes.xtec.cat\/nou-curriculum\/wp-content\/uploads\/usu2072\/2023\/11\/Es-magia-o-son-matematiques.pdf\" target=\"_blank\">\u00c9s m\u00e0gia o s\u00f3n matem\u00e0tiques?<\/a><\/li>\n\n\n\n<li><a rel=\"noreferrer noopener\" href=\"https:\/\/projectes.xtec.cat\/nou-curriculum\/wp-content\/uploads\/usu2072\/2023\/11\/Contaminacio-Acustica.pdf\" target=\"_blank\">Contaminaci\u00f3 ac\u00fastica.<\/a><\/li>\n\n\n\n<li><a rel=\"noreferrer noopener\" href=\"https:\/\/projectes.xtec.cat\/nou-curriculum\/wp-content\/uploads\/usu2072\/2023\/11\/Piquem-de-mans.pdf\" target=\"_blank\">Piquem de mans.<\/a><\/li>\n\n\n\n<li><a href=\"https:\/\/projectes.xtec.cat\/nou-curriculum\/wp-content\/uploads\/usu2072\/2026\/03\/SA_Aventures-en-familia.pdf\">Aventures en fam\u00edlia<\/a><\/li>\n\n\n\n<li><a href=\"https:\/\/projectes.xtec.cat\/nou-curriculum\/wp-content\/uploads\/usu2072\/2024\/02\/Sense-aigua-a-laixeta.pdf\">Sense aigua a l&#8217;aixeta<\/a><\/li>\n\n\n\n<li><a href=\"https:\/\/projectes.xtec.cat\/nou-curriculum\/wp-content\/uploads\/usu2072\/2024\/02\/Com-arriba-laigua-a-les-cases-i-les-escoles.pdf\"><\/a><a href=\"https:\/\/projectes.xtec.cat\/nou-curriculum\/wp-content\/uploads\/usu2072\/2024\/02\/Com-arriba-laigua-a-les-cases-i-les-escoles.pdf\">Com arriba l&#8217;aigua a les cases i les escoles?<\/a><\/li>\n\n\n\n<li><a href=\"https:\/\/projectes.xtec.cat\/nou-curriculum\/wp-content\/uploads\/usu2072\/2024\/02\/Restriccions-daigua.pdf\">Restriccions d&#8217;aigua? <\/a><\/li>\n<\/ol>\n\n\n\n<p><strong>En col\u00b7laboraci\u00f3 amb Uni\u00f3 de Pagesos<\/strong><\/p>\n\n\n\n<ol class=\"wp-block-list\">\n<li><a href=\"https:\/\/docs.google.com\/document\/d\/1u4QXou6gTHytvWzKlSOtu6p5owRHpZhesJSe2ts5QVI\/template\/preview\">Campanya de Fruita i Llet<\/a><\/li>\n\n\n\n<li><a href=\"https:\/\/docs.google.com\/document\/d\/1ppmgGfO-qr5wW_rmkC5hlkQH-EpB2GD4sRUqDP1lSZM\/template\/preview\">El conill: salut, tradici\u00f3 i sostenibilitat en la dieta mediterr\u00e0nia<\/a><\/li>\n\n\n\n<li><a href=\"https:\/\/docs.google.com\/document\/d\/1Ol_duSpkmJdA9CC0BVSrJiuWfZgXf_MqVE7UDCDlawo\/template\/preview\">El nostre hort enmig de la ciutat!!!<\/a><\/li>\n\n\n\n<li><a href=\"https:\/\/docs.google.com\/document\/d\/1bz7sgAJ3ccSDGIaIVWvFEH8uf5ZYsopu0mM-nCIEWFs\/template\/preview\">El porc al territori: sostenibilitat i futur rural<\/a><\/li>\n\n\n\n<li><a href=\"https:\/\/docs.google.com\/document\/d\/1_HgXcCLkOCQxOKSKKqLg1Bk4vDIumwWhJp_SflGX_No\/template\/preview\">Els camps d\u2019oliveres<\/a><\/li>\n\n\n\n<li><a href=\"https:\/\/docs.google.com\/document\/d\/1zKoHAJYvIIgWoE8pRPvKD7wvGDOOM34tBrw-lZVnSO0\/template\/preview\">Granges saludables: la clau per una alimentaci\u00f3 de qualitat<\/a><\/li>\n\n\n\n<li><a href=\"https:\/\/docs.google.com\/document\/d\/1fx-WTDlKA4F9nuCr1Lre8hoPjcXV5akviS6Hfh1NMco\/template\/preview\">La fruita dol\u00e7a: Nosaltres l\u2019aprofitem, i tu?<\/a><\/li>\n\n\n\n<li><a href=\"https:\/\/docs.google.com\/document\/d\/1tB4O60F4zJL1p775yP27h5fIsvOk7IQ-Iszi6fGEpEI\/template\/preview\">Qu\u00e8 en sabem de la fruita seca?<\/a><\/li>\n<\/ol>\n<\/div>\n\n\n\n<div class=\"wp-block-column is-layout-flow wp-block-column-is-layout-flow\" style=\"flex-basis:60%\">\n<h3 class=\"wp-block-heading\" style=\"font-size:18px\">Exemples de secund\u00e0ria<\/h3>\n\n\n\n<ol class=\"wp-block-list\">\n<li><strong>Biologia i Geologia:<\/strong> <a rel=\"noreferrer noopener\" href=\"https:\/\/drive.google.com\/file\/d\/1NPBtijZQiNGRR81tpHF3w0e6AC6OOVZe\/view?usp=sharing\" data-type=\"URL\" target=\"_blank\">Fumes? <\/a><\/li>\n\n\n\n<li><strong>Ci\u00e8ncies Socials: <\/strong><a rel=\"noreferrer noopener\" href=\"https:\/\/drive.google.com\/file\/d\/1ShE5ELHTY4JksNTZMStW5oN94TqJVa18\/view?usp=sharing\" target=\"_blank\">Ens trobem a les portes d\u2019un canvi d\u2019era? Com ens podr\u00edem organitzar en un futur proper?<\/a><\/li>\n\n\n\n<li><strong>Educaci\u00f3 F\u00edsica:<\/strong> <a href=\"https:\/\/projectes.xtec.cat\/nou-curriculum\/wp-content\/uploads\/usu2072\/2025\/10\/20251021_SA_ESO_EF_Club-de-rugbi_TS.pdf\" data-type=\"link\" data-id=\"https:\/\/projectes.xtec.cat\/nou-curriculum\/wp-content\/uploads\/usu2072\/2025\/10\/20251021_SA_ESO_EF_Club-de-rugbi_TS.pdf\">Comen\u00e7o en un nou club de rugbi<\/a><\/li>\n\n\n\n<li><strong>Educaci\u00f3 Pl\u00e0stica, Visual i Audiovisual:<\/strong> <a href=\"https:\/\/drive.google.com\/file\/d\/1588ENYTaPxWmmzkFIQi5Rvu9NGrqdUA9\/view?usp=sharing\" target=\"_blank\" rel=\"noreferrer noopener\">Qu\u00e8 volem dir el 25 de novembre?<\/a><\/li>\n\n\n\n<li><strong>Llengua Castellana i Literatura.<\/strong> <a rel=\"noreferrer noopener\" href=\"https:\/\/drive.google.com\/file\/d\/1v9uSe7A9vZOn-IOIjpub__CW5n99feFa\/view?usp=sharing\" target=\"_blank\">Con<em> flow<\/em>. Un acercamiento a la poes\u00eda a trav\u00e9s del rap<\/a><\/li>\n\n\n\n<li><strong>Llengua Catalana i Literatura. <\/strong><a rel=\"noreferrer noopener\" href=\"https:\/\/drive.google.com\/file\/d\/1-QHRO1LTLGU49PF1yxbslAifBQxaNiqL\/view?usp=sharing\" target=\"_blank\">Escriu la teva can\u00e7\u00f3 de Nadal<\/a><\/li>\n\n\n\n<li><strong>Llengua Estrangera (Angl\u00e8s):<\/strong> <a rel=\"noreferrer noopener\" href=\"https:\/\/drive.google.com\/file\/d\/1pj8QThwIMTFuIr3_jRABTSMObXQ-ZCzg\/view?usp=sharing\" target=\"_blank\">A Christmas Carol Exhibition<\/a><\/li>\n\n\n\n<li><strong>Matem\u00e0tiques:<\/strong> <a rel=\"noreferrer noopener\" href=\"https:\/\/drive.google.com\/file\/d\/1IDqban1syvMSvE6ocamRhEeVGc_C3RS6\/view?usp=sharing\" target=\"_blank\">La correspond\u00e8ncia entre Pascal i Fermat i el problema dels punts (1654)<\/a><\/li>\n\n\n\n<li><strong>M\u00fasica:<\/strong> <a rel=\"noreferrer noopener\" href=\"https:\/\/drive.google.com\/file\/d\/1o1CLyMMALtvCNCFoqJxDKn-IJQKrCWJ_\/view?usp=sharing\" target=\"_blank\">Autoretrat sonor<\/a><\/li>\n<\/ol>\n\n\n\n<p><strong>Mat\u00e8ries Optatives<\/strong><\/p>\n\n\n\n<ol class=\"wp-block-list\">\n<li><strong>Cultura Cl\u00e0ssica:<\/strong> <a href=\"https:\/\/drive.google.com\/file\/d\/1FECi_sF1kXtYxsbjp72fQ1IA4khWj2aB\/view?usp=sharing\" target=\"_blank\" rel=\"noreferrer noopener\">El p\u00f2dium de les divinitats<\/a><\/li>\n\n\n\n<li><strong>Formaci\u00f3 i Orientaci\u00f3 Personal i Professional: <\/strong><a href=\"https:\/\/drive.google.com\/file\/d\/1sqcPc8xTmZKgPAzFY2_oU2PzQ0ggFEtr\/view?usp=sharing\" target=\"_blank\" rel=\"noreferrer noopener\">Identifiquem perfils professionals de l&#8217;hospital de refer\u00e8ncia.<\/a><\/li>\n\n\n\n<li><strong>Filosofia:<\/strong> <a href=\"https:\/\/drive.google.com\/file\/d\/1GRK0QKLTF8bLH3JZLe9yL2WYhnub1FPV\/view?usp=drive_link\">Soc responsable d&#8217;uns fets que no recordo<\/a>?<\/li>\n\n\n\n<li><strong>Llat\u00ed: Llengua i Cultura<\/strong>: <a rel=\"noreferrer noopener\" href=\"https:\/\/drive.google.com\/file\/d\/1Nu5WJuLIFokthpN0S1JoT_C-4WMB2s_K\/view?usp=sharing\" target=\"_blank\">Digue&#8217;m on vius i et dir\u00e9 qui ets<\/a><\/li>\n<\/ol>\n\n\n\n<p>En el seg\u00fcent <a href=\"https:\/\/projectes.xtec.cat\/nou-curriculum\/batxillerat\/situacions-aprenentatge\/\">enlla\u00e7<\/a> podeu trobar <strong>exemples de les situacions d\u2019aprenentatge<\/strong> elaborats pels professors assistents als cursos <strong>\u201cSituacions d\u2019aprenentatge per a l\u2019ESO i el batxillerat competencials\u201d <\/strong>validats pels formadors de cada especialitat.<\/p>\n<\/div>\n<\/div>\n<\/div>\n<\/div>\n<\/div>\n<\/div>\n\n\n\n<p><\/p>\n","protected":false},"excerpt":{"rendered":"<p>Model de programaci\u00f3 Usem el terme situaci\u00f3 d\u2019aprenentatge per referir-nos a aquelles experi\u00e8ncies que, independentment de la forma en qu\u00e8 es presenten, parteixen d\u2019un context i plantegen un repte a la persona que apr\u00e8n. El fet que l\u2019aprenentatge es fonamenti en la resoluci\u00f3 d\u2019unrepte o d\u2019una problem\u00e0tica real provoca que l\u2019aprenent hagi de dur a [&hellip;]<\/p>\n","protected":false},"author":2,"featured_media":10207,"parent":9770,"menu_order":0,"comment_status":"closed","ping_status":"close","template":"","meta":{"_acf_changed":false,"site-sidebar-layout":"default","site-content-layout":"","ast-site-content-layout":"default","site-content-style":"default","site-sidebar-style":"default","ast-global-header-display":"","ast-banner-title-visibility":"","ast-main-header-display":"","ast-hfb-above-header-display":"","ast-hfb-below-header-display":"","ast-hfb-mobile-header-display":"","site-post-title":"","ast-breadcrumbs-content":"","ast-featured-img":"disabled","footer-sml-layout":"","theme-transparent-header-meta":"","adv-header-id-meta":"","stick-header-meta":"","header-above-stick-meta":"","header-main-stick-meta":"","header-below-stick-meta":"","astra-migrate-meta-layouts":"set","ast-page-background-enabled":"default","ast-page-background-meta":{"desktop":{"background-color":"","background-image":"","background-repeat":"repeat","background-position":"center center","background-size":"auto","background-attachment":"scroll","background-type":"","background-media":"","overlay-type":"","overlay-color":"","overlay-opacity":"","overlay-gradient":""},"tablet":{"background-color":"","background-image":"","background-repeat":"repeat","background-position":"center center","background-size":"auto","background-attachment":"scroll","background-type":"","background-media":"","overlay-type":"","overlay-color":"","overlay-opacity":"","overlay-gradient":""},"mobile":{"background-color":"","background-image":"","background-repeat":"repeat","background-position":"center center","background-size":"auto","background-attachment":"scroll","background-type":"","background-media":"","overlay-type":"","overlay-color":"","overlay-opacity":"","overlay-gradient":""}},"ast-content-background-meta":{"desktop":{"background-color":"var(--ast-global-color-5)","background-image":"","background-repeat":"repeat","background-position":"center center","background-size":"auto","background-attachment":"scroll","background-type":"","background-media":"","overlay-type":"","overlay-color":"","overlay-opacity":"","overlay-gradient":""},"tablet":{"background-color":"var(--ast-global-color-5)","background-image":"","background-repeat":"repeat","background-position":"center center","background-size":"auto","background-attachment":"scroll","background-type":"","background-media":"","overlay-type":"","overlay-color":"","overlay-opacity":"","overlay-gradient":""},"mobile":{"background-color":"var(--ast-global-color-5)","background-image":"","background-repeat":"repeat","background-position":"center center","background-size":"auto","background-attachment":"scroll","background-type":"","background-media":"","overlay-type":"","overlay-color":"","overlay-opacity":"","overlay-gradient":""}},"footnotes":""},"class_list":["post-10096","page","type-page","status-publish","has-post-thumbnail","hentry"],"acf":[],"post_mailing_queue_ids":[],"_links":{"self":[{"href":"https:\/\/projectes.xtec.cat\/nou-curriculum\/wp-json\/wp\/v2\/pages\/10096","targetHints":{"allow":["GET"]}}],"collection":[{"href":"https:\/\/projectes.xtec.cat\/nou-curriculum\/wp-json\/wp\/v2\/pages"}],"about":[{"href":"https:\/\/projectes.xtec.cat\/nou-curriculum\/wp-json\/wp\/v2\/types\/page"}],"author":[{"embeddable":true,"href":"https:\/\/projectes.xtec.cat\/nou-curriculum\/wp-json\/wp\/v2\/users\/2"}],"replies":[{"embeddable":true,"href":"https:\/\/projectes.xtec.cat\/nou-curriculum\/wp-json\/wp\/v2\/comments?post=10096"}],"version-history":[{"count":5,"href":"https:\/\/projectes.xtec.cat\/nou-curriculum\/wp-json\/wp\/v2\/pages\/10096\/revisions"}],"predecessor-version":[{"id":16771,"href":"https:\/\/projectes.xtec.cat\/nou-curriculum\/wp-json\/wp\/v2\/pages\/10096\/revisions\/16771"}],"up":[{"embeddable":true,"href":"https:\/\/projectes.xtec.cat\/nou-curriculum\/wp-json\/wp\/v2\/pages\/9770"}],"wp:featuredmedia":[{"embeddable":true,"href":"https:\/\/projectes.xtec.cat\/nou-curriculum\/wp-json\/wp\/v2\/media\/10207"}],"wp:attachment":[{"href":"https:\/\/projectes.xtec.cat\/nou-curriculum\/wp-json\/wp\/v2\/media?parent=10096"}],"curies":[{"name":"wp","href":"https:\/\/api.w.org\/{rel}","templated":true}]}}