{"id":10727,"date":"2023-02-02T22:27:54","date_gmt":"2023-02-02T21:27:54","guid":{"rendered":"https:\/\/projectes.xtec.cat\/nou-curriculum\/?page_id=10727"},"modified":"2025-11-03T14:12:58","modified_gmt":"2025-11-03T13:12:58","slug":"situacions-aprenentatge","status":"publish","type":"page","link":"https:\/\/projectes.xtec.cat\/nou-curriculum\/batxillerat\/situacions-aprenentatge\/","title":{"rendered":"Situacions d&#8217;aprenentatge de batxillerat"},"content":{"rendered":"\n<div class=\"wp-block-columns is-layout-flex wp-container-core-columns-is-layout-4 wp-block-columns-is-layout-flex\">\n<div class=\"wp-block-column is-layout-flow wp-block-column-is-layout-flow\">\n<h2 class=\"wp-block-heading\" style=\"font-size:1px\">Model de programaci\u00f3<\/h2>\n\n\n\n<div class=\"wp-block-columns is-layout-flex wp-container-core-columns-is-layout-1 wp-block-columns-is-layout-flex\">\n<div class=\"wp-block-column is-layout-flow wp-block-column-is-layout-flow\">\n<p>Usem el terme situaci\u00f3 d\u2019aprenentatge per referir-nos a aquelles <strong>experi\u00e8ncies<\/strong> que, independentment de la forma en qu\u00e8 es presenten, parteixen d\u2019un <strong>context<\/strong> i plantegen un <strong>repte<\/strong> a la persona que apr\u00e8n.<\/p>\n<\/div>\n\n\n\n<div class=\"wp-block-column is-layout-flow wp-block-column-is-layout-flow\">\n<p>El fet que l\u2019aprenentatge es fonamenti en la resoluci\u00f3 d\u2019un<br>repte o d\u2019una problem\u00e0tica real provoca que l\u2019aprenent hagi de dur a terme amb efic\u00e0cia una acci\u00f3 o un seguit d\u2019accions que impliquen una o m\u00e9s capacitats per a les quals s\u00f3n imprescindibles els sabers d\u2019un o m\u00e9s camps de coneixement; per aix\u00f2 diem que les situacions d\u2019aprenentatge s\u2019orienten a l\u2019assoliment de compet\u00e8ncies.<\/p>\n<\/div>\n<\/div>\n\n\n\n<div class=\"wp-block-columns is-layout-flex wp-container-core-columns-is-layout-3 wp-block-columns-is-layout-flex\">\n<div class=\"wp-block-column is-layout-flow wp-block-column-is-layout-flow\">\n<h2 class=\"wp-block-heading\" style=\"font-size:23px\"><strong>Model de programaci\u00f3<\/strong><\/h2>\n\n\n\n<div class=\"wp-block-columns is-layout-flex wp-container-core-columns-is-layout-2 wp-block-columns-is-layout-flex\">\n<div class=\"wp-block-column caixa-link batxillerat is-layout-flow wp-block-column-is-layout-flow\" id=\"https:\/\/docs.google.com\/document\/d\/11XhZ3WtHyDFWY-UcF7KODyl5V3Cq_HhUwMWYn-V6oBo\/template\/preview\">\n<h3 class=\"wp-block-heading has-medium-font-size\">Model<\/h3>\n\n\n\n<figure class=\"wp-block-image alignleft size-large is-resized\"><img loading=\"lazy\" decoding=\"async\" width=\"300\" height=\"300\" src=\"https:\/\/projectes.xtec.cat\/nou-curriculum\/wp-content\/uploads\/usu2072\/2023\/01\/grid-3.png\" alt=\"\" class=\"wp-image-10466\" style=\"width:81px;height:81px\" srcset=\"https:\/\/projectes.xtec.cat\/nou-curriculum\/wp-content\/uploads\/usu2072\/2023\/01\/grid-3.png 300w, https:\/\/projectes.xtec.cat\/nou-curriculum\/wp-content\/uploads\/usu2072\/2023\/01\/grid-3-150x150.png 150w\" sizes=\"auto, (max-width: 300px) 100vw, 300px\" \/><\/figure>\n\n\n\n<p>Aquest model inclou tots els apartats necessaris per a l&#8217;elaboraci\u00f3 d&#8217;una situaci\u00f3 d&#8217;aprenentatge de batxillerat.&nbsp;<\/p>\n<\/div>\n\n\n\n<div class=\"wp-block-column caixa-link batxillerat is-layout-flow wp-block-column-is-layout-flow\" id=\"https:\/\/projectes.xtec.cat\/nou-curriculum\/wp-content\/uploads\/usu2072\/2022\/11\/20221026_document_de_suport_BATXI_TS_sc.pdf\">\n<h3 class=\"wp-block-heading has-medium-font-size\">Document de suport<\/h3>\n\n\n\n<figure class=\"wp-block-image alignleft size-large is-resized\"><img loading=\"lazy\" decoding=\"async\" width=\"300\" height=\"300\" src=\"https:\/\/projectes.xtec.cat\/nou-curriculum\/wp-content\/uploads\/usu2072\/2023\/01\/concept.png\" alt=\"\" class=\"wp-image-10467\" style=\"width:82px;height:82px\" srcset=\"https:\/\/projectes.xtec.cat\/nou-curriculum\/wp-content\/uploads\/usu2072\/2023\/01\/concept.png 300w, https:\/\/projectes.xtec.cat\/nou-curriculum\/wp-content\/uploads\/usu2072\/2023\/01\/concept-150x150.png 150w\" sizes=\"auto, (max-width: 300px) 100vw, 300px\" \/><\/figure>\n\n\n\n<p>En aquest document trobareu indicacions complement\u00e0ries per poder construir la graella del model de programaci\u00f3. <\/p>\n<\/div>\n<\/div>\n<\/div>\n<\/div>\n<\/div>\n<\/div>\n\n\n\n<div style=\"height:50px\" aria-hidden=\"true\" class=\"wp-block-spacer\"><\/div>\n\n\n\n<h2 class=\"wp-block-heading\" id=\"orientacions-exemples\" style=\"font-size:24px\"><strong>Orientacions i exemples de situacions d&#8217;aprenentatge<\/strong><\/h2>\n\n\n\n<div class=\"wp-block-columns is-layout-flex wp-container-core-columns-is-layout-7 wp-block-columns-is-layout-flex\">\n<div class=\"wp-block-column caixa is-layout-flow wp-block-column-is-layout-flow\">\n<div class=\"wp-block-columns is-layout-flex wp-container-core-columns-is-layout-6 wp-block-columns-is-layout-flex\">\n<div class=\"wp-block-column is-layout-flow wp-block-column-is-layout-flow\" style=\"flex-basis:40%\">\n<h3 class=\"wp-block-heading has-medium-font-size\"><a href=\"https:\/\/projectes.xtec.cat\/nou-curriculum\/wp-content\/uploads\/usu2072\/2023\/01\/Orientacions-situacions-daprenentatge.pdf\">Document d&#8217;orientacions<\/a><\/h3>\n\n\n\n<figure class=\"wp-block-image alignleft size-large is-resized\"><a href=\"https:\/\/projectes.xtec.cat\/nou-curriculum\/wp-content\/uploads\/usu2072\/2023\/01\/Orientacions-situacions-daprenentatge.pdf\"><img loading=\"lazy\" decoding=\"async\" width=\"300\" height=\"300\" src=\"https:\/\/projectes.xtec.cat\/nou-curriculum\/wp-content\/uploads\/usu2072\/2023\/01\/overview-pages-2.png\" alt=\"\" class=\"wp-image-10501\" style=\"width:80px;height:80px\" srcset=\"https:\/\/projectes.xtec.cat\/nou-curriculum\/wp-content\/uploads\/usu2072\/2023\/01\/overview-pages-2.png 300w, https:\/\/projectes.xtec.cat\/nou-curriculum\/wp-content\/uploads\/usu2072\/2023\/01\/overview-pages-2-150x150.png 150w\" sizes=\"auto, (max-width: 300px) 100vw, 300px\" \/><\/a><\/figure>\n\n\n\n<p>En aquest document es donen orientacions sobre com elaborar una situaci\u00f3 d\u2019aprenentatge.<\/p>\n<\/div>\n\n\n\n<div class=\"wp-block-column is-layout-flow wp-block-column-is-layout-flow\" style=\"flex-basis:66.66%\">\n<div class=\"wp-block-columns is-layout-flex wp-container-core-columns-is-layout-5 wp-block-columns-is-layout-flex\">\n<div class=\"wp-block-column is-layout-flow wp-block-column-is-layout-flow\">\n<p class=\"has-ast-global-color-0-color has-text-color has-medium-font-size\"><strong>Exemples de situacions d&#8217;aprenentatge<\/strong><\/p>\n\n\n\n<p class=\"has-ast-global-color-0-color has-text-color\" style=\"font-size:18px\"><strong>Mat\u00e8ries comunes<\/strong><\/p>\n\n\n\n<ul id=\"block-fa550a36-c8d8-44a8-82a4-b21b08f952bc\" class=\"wp-block-list\">\n<li><strong>Educaci\u00f3 F\u00edsica:<\/strong> <a rel=\"noreferrer noopener\" href=\"https:\/\/drive.google.com\/file\/d\/1gjhwyYPlLtBOS5SYNXGYKv1gDa7mvmfi\/view?usp=sharing\" target=\"_blank\">Movem el pati?<\/a><\/li>\n\n\n\n<li><strong>Educaci\u00f3 F\u00edsica:<\/strong> <a href=\"https:\/\/drive.google.com\/file\/d\/1_Nj9h155HO_q5SEUTn4pQlD50gXQNY1K\/view?usp=sharing\" target=\"_blank\" rel=\"noreferrer noopener\">Puc formar part de l&#8217;<em>staff<\/em> t\u00e8cnic d&#8217;un club esportiu?<\/a><\/li>\n\n\n\n<li><strong>Filosofia:<\/strong> <a href=\"https:\/\/drive.google.com\/file\/d\/1_bTP1qplew0I-EZEJAAH5QiqroFPqpqe\/view?usp=drive_link\" target=\"_blank\" rel=\"noreferrer noopener\">S\u00f3n els ODS una utopia?<\/a><\/li>\n\n\n\n<li><strong>Hist\u00f2ria:<\/strong> <a rel=\"noreferrer noopener\" href=\"https:\/\/drive.google.com\/file\/d\/1CgCtcwQ1VNfZbIZqxzomaqaLYaUigKL3\/view?usp=sharing\" target=\"_blank\">Per qu\u00e8 un conflicte armat no \u00e9s la soluci\u00f3 als problemes entre estats?<\/a><\/li>\n\n\n\n<li><strong>Llengua Castellana i Literatura:<\/strong> <a href=\"https:\/\/drive.google.com\/file\/d\/1MR0jA1H6Mc1KTybAZNYv4_zzbvZEUMne\/view?usp=drive_link\">Viajeros en el tiempo: \u00bfpodemos describir nuestro hoy?<\/a><\/li>\n\n\n\n<li><strong>Llengua Catalana i Literatura:<\/strong> <a rel=\"noreferrer noopener\" href=\"https:\/\/drive.google.com\/file\/d\/1u3mYEQ0CPKr8vx_oPtv47em6WYpzhR5S\/view?usp=sharing\" target=\"_blank\">Manual d&#8217;instruccions d&#8217;un verb<\/a><\/li>\n\n\n\n<li><strong>Llengua Estrangera (English):<\/strong> <a rel=\"noreferrer noopener\" href=\"https:\/\/drive.google.com\/file\/d\/1vEY8Bbd_h7vqjFOp0ZHwf7INMzboQeH3\/view?usp=sharing\" target=\"_blank\">Has equality between men and women been reached?<\/a><\/li>\n<\/ul>\n\n\n\n<p class=\"has-ast-global-color-0-color has-text-color\" style=\"font-size:18px\"><strong>Mat\u00e8ries obligat\u00f2ries de modalitat<\/strong><\/p>\n\n\n\n<ul id=\"block-e8263cf1-ff10-4012-9312-570e417d7eac\" class=\"wp-block-list\">\n<li><strong>Arts Esc\u00e8niques: <\/strong><a rel=\"noreferrer noopener\" href=\"https:\/\/drive.google.com\/file\/d\/1sOqWuHA0WIwU6L4nsDqkPurHtDi0_kcG\/view?usp=sharing\" target=\"_blank\">La pell que habitem<\/a><\/li>\n\n\n\n<li><strong>Llengua i Cultura Llatines:<\/strong> <a href=\"https:\/\/drive.google.com\/file\/d\/1gc1Oeog2YnMADhElqiTRXuqDxOJBuQue\/view?usp=sharing\" target=\"_blank\" rel=\"noreferrer noopener\">Digue&#8217;m on vius i et dir\u00e9 qui ets<\/a><\/li>\n\n\n\n<li><strong>Matem\u00e0tiques: <\/strong><a rel=\"noreferrer noopener\" href=\"https:\/\/drive.google.com\/file\/d\/1z7WliFKw9MNbr6ZkeARIKAfRkrs3dNUs\/view?usp=sharing\" target=\"_blank\">El lineal. Els envasos i la sostenibilitat. Hi ha marge de millora?<\/a><\/li>\n<\/ul>\n\n\n\n<p class=\"has-ast-global-color-0-color has-text-color\" style=\"font-size:18px\"><strong>Mat\u00e8ries<\/strong> <strong>de modalitat<\/strong><\/p>\n\n\n\n<ul id=\"block-ebf067af-2e7d-41cf-a9b7-c46e1190a0e2\" class=\"wp-block-list\">\n<li><strong>Biologia:<\/strong> <a rel=\"noreferrer noopener\" href=\"https:\/\/drive.google.com\/file\/d\/1J4sV5vY5ZN5pqXGbgiwDKmYAGLBI6jb4\/view?usp=sharing\" target=\"_blank\">Inversi\u00f3 sexual. El cas de la senyora L. M.<\/a><\/li>\n\n\n\n<li><strong>F\u00edsica:<\/strong> <a rel=\"noreferrer noopener\" href=\"https:\/\/drive.google.com\/file\/d\/1REcSCfg_RJsR6O7hbQ1bGMOXB-9tzNAd\/view?usp=sharing\" target=\"_blank\">La f\u00edsica del voleibol. L&#8217;Ariadna vol millorar<\/a><\/li>\n\n\n\n<li><strong>Geografia:<\/strong> <a rel=\"noreferrer noopener\" href=\"https:\/\/drive.google.com\/file\/d\/1cz0j1xsQEfh4m9RWHXwM4baq6PAPa4Yj\/view?usp=sharing\" target=\"_blank\">El clima ens desafia!<\/a><\/li>\n\n\n\n<li><strong>Hist\u00f2ria de l&#8217;Art:<\/strong> <a rel=\"noreferrer noopener\" href=\"https:\/\/drive.google.com\/file\/d\/1gQhfmhRfs4cqsi5xJGwmwB3bv3iwZQvn\/view?usp=sharing\" target=\"_blank\">On s\u00f3n les dones artistes de l&#8217;\u00e8poca moderna?<\/a><\/li>\n\n\n\n<li><strong>Llengua i Cultura Gregues:<\/strong> <a rel=\"noreferrer noopener\" href=\"https:\/\/drive.google.com\/file\/d\/1Yt_CvWVUTt6AIyQF8gCVZiBLtyJ-v4fI\/view?usp=sharing\" target=\"_blank\">Salvem l&#8217;etimologia<\/a><\/li>\n\n\n\n<li><strong>Literatura Castellana<\/strong>: <a href=\"https:\/\/drive.google.com\/file\/d\/1ZeQ-UpBsX_bGAPwhHbEVAZyDI_ga5xOi\/view?usp=sharing\" target=\"_blank\" rel=\"noreferrer noopener\">El amargo sabor de la traici\u00f3n<\/a><\/li>\n\n\n\n<li><strong>Literatura Catalana:<\/strong> <a rel=\"noreferrer noopener\" href=\"https:\/\/drive.google.com\/file\/d\/1MIvziuKep1Bqojf-U91syo6ylTE5CqEz\/view?usp=sharing\" target=\"_blank\">Ens el cre<\/a><a rel=\"noreferrer noopener\" href=\"https:\/\/drive.google.com\/file\/d\/1qaqKoIFkRb_FGacCIVIDwPRDPjNwZVOt\/view?usp=sharing\" target=\"_blank\">u<\/a><a rel=\"noreferrer noopener\" href=\"https:\/\/drive.google.com\/file\/d\/1MIvziuKep1Bqojf-U91syo6ylTE5CqEz\/view?usp=sharing\" target=\"_blank\">rem, Ausi\u00e0s March?<\/a><\/li>\n\n\n\n<li><strong>Literatura Dram\u00e0tica:<\/strong> <a rel=\"noreferrer noopener\" href=\"https:\/\/drive.google.com\/file\/d\/1IlFx52Xedp1MDWGx4Eo5BtsD-D0bsb3Z\/view?usp=sharing\" target=\"_blank\">El m\u00f3n a escena<\/a><\/li>\n\n\n\n<li><strong>Literatura Universal:<\/strong> <a rel=\"noreferrer noopener\" href=\"https:\/\/drive.google.com\/file\/d\/1a_RHjOKet5NMwDBbPHbuKEVU4vPbL3jJ\/view?usp=sharing\" target=\"_blank\">Qu\u00e8 em fa por? La barrera entre el possible i l&#8217;impossible<\/a><\/li>\n<\/ul>\n\n\n\n<p class=\"has-ast-global-color-0-color has-text-color\" style=\"font-size:18px\"><strong>Mat\u00e8ries optatives<\/strong><\/p>\n\n\n\n<ul class=\"wp-block-list\">\n<li><strong>Ciutadania, Pol\u00edtica i Dret:<\/strong> <a href=\"https:\/\/drive.google.com\/file\/d\/1huBozM5op1Io4yriPNRpc3n85cJvd8ys\/view?usp=drive_link\" target=\"_blank\" rel=\"noreferrer noopener\">Programaci\u00f3 de situacions d&#8217;aprenentatge<\/a><\/li>\n\n\n\n<li><strong>Comunicaci\u00f3 Audiovisual<\/strong>: <a href=\"https:\/\/projectes.xtec.cat\/nou-curriculum\/wp-content\/uploads\/usu2072\/2025\/10\/Programacio_SA_Comunicacio-Audiovisual.pdf\">Programaci\u00f3 de situacions d&#8217;aprenentatge<\/a><\/li>\n\n\n\n<li><strong>Creaci\u00f3 Liter\u00e0ria<\/strong>: <a href=\"https:\/\/drive.google.com\/file\/d\/14Bzxrsn66qg2Qrm2KCM4v4PO6eGET6qs\/view?usp=sharing\" target=\"_blank\" rel=\"noreferrer noopener\">Programaci\u00f3 de situacions d&#8217;aprenentatge<\/a><\/li>\n\n\n\n<li><strong>Matem\u00e0tica Aplicada:<\/strong> <a href=\"https:\/\/drive.google.com\/file\/d\/1pzw_d-f44cPK7BpECPOOSwRuJ7vmJqyJ\/view?usp=drive_link\" target=\"_blank\" rel=\"noreferrer noopener\">Programaci\u00f3 de situacions d&#8217;aprenentatge<\/a><\/li>\n\n\n\n<li><strong>M\u00f3n Cl\u00e0ssic:<\/strong> <a rel=\"noreferrer noopener\" href=\"https:\/\/drive.google.com\/file\/d\/1Xio8XkCVe1Y_xeFrfamdwMT2TYg6xX5f\/view?usp=sharing\" target=\"_blank\">Nom\u00e9s s\u00ed \u00e9s s\u00ed<\/a><\/li>\n\n\n\n<li><strong>M\u00fasica i Comunicaci\u00f3:<\/strong> <a href=\"https:\/\/projectes.xtec.cat\/nou-curriculum\/wp-content\/uploads\/usu2072\/2025\/06\/Programacio_SA_Musica-i-Comunicacio.pdf\">Programaci\u00f3 de situacions d&#8217;aprenentatge<\/a><\/li>\n\n\n\n<li><strong>Objectius de Desenvolupament Sostenible (ODS):<\/strong><a href=\"https:\/\/drive.google.com\/file\/d\/1C1wsNkHC7nq7F6I7JJZrHNr3QrwAOF0L\/view?usp=sharing\" target=\"_blank\" rel=\"noreferrer noopener\"> Programaci\u00f3 de situacions d&#8217;aprenentatge<\/a><\/li>\n\n\n\n<li><strong>Problem\u00e0tiques Socials: <\/strong><a href=\"https:\/\/drive.google.com\/file\/d\/13OXEuw4F04tTmrgF0ILoYtIqwdZYVWpL\/view?usp=drive_link\" target=\"_blank\" rel=\"noreferrer noopener\">Programaci\u00f3 de situacions d&#8217;aprenentatge<\/a><\/li>\n\n\n\n<li><strong>Reptes Cient\u00edfics Actuals (F\u00edsica i Qu\u00edmica): <\/strong><a href=\"https:\/\/drive.google.com\/file\/d\/1APvCa2rU2hQpc0PkUXuz_vMs8nhoRMEL\/view?usp=drive_link\">Programaci\u00f3 de situacions d&#8217;aprenentatge<\/a><\/li>\n\n\n\n<li><strong>Segona Llengua Estrangera (Fran\u00e7ais)<\/strong>: <a href=\"https:\/\/drive.google.com\/file\/d\/1noclpNmfngaFK_XS3h-mxUCpSFIvfowS\/view?usp=sharing\" target=\"_blank\" rel=\"noreferrer noopener\">L&#8217;\u00e9nergie \u00e9olienne, c&#8217;est vraiment une \u00e9nergie durable?<\/a><\/li>\n\n\n\n<li><strong>Taller de Creaci\u00f3 Esc\u00e8nica: <\/strong><a href=\"https:\/\/drive.google.com\/file\/d\/1LpPDyvJt5AHO54_tyesR5IUSqh3TRSwU\/view\">Programaci\u00f3 de situacions d&#8217;aprenentatge<\/a><\/li>\n<\/ul>\n<\/div>\n<\/div>\n<\/div>\n<\/div>\n<\/div>\n<\/div>\n\n\n\n<div style=\"height:50px\" aria-hidden=\"true\" class=\"wp-block-spacer\"><\/div>\n\n\n\n<h2 class=\"wp-block-heading\" style=\"font-size:24px\"><strong>Exemples de situacions d&#8217;aprenentatge elaborades en el curs &#8220;Situacions d&#8217;aprenentatge per a l&#8217;ESO i el batxillerat competencials&#8221;<\/strong><\/h2>\n\n\n\n<div class=\"wp-block-getwid-section\"><div class=\"wp-block-getwid-section__wrapper\"><div class=\"wp-block-getwid-section__inner-wrapper\"><div class=\"wp-block-getwid-section__background-holder\"><div class=\"wp-block-getwid-section__background\"><\/div><div class=\"wp-block-getwid-section__foreground\"><\/div><\/div><div class=\"wp-block-getwid-section__content\"><div class=\"wp-block-getwid-section__inner-content\">\n<p>Els exemples de les situacions d&#8217;aprenentatge seg\u00fcents han estat elaborats pels professors assistents als cursos &#8220;Situacions d&#8217;aprenentatge per al batxillerat competencial&#8221; i validats pels formadors de cada especialitat.<\/p>\n\n\n\n<ul class=\"wp-block-list\">\n<li><a rel=\"noreferrer noopener\" href=\"https:\/\/drive.google.com\/drive\/folders\/1cI7C5cpCA0dsAi5PNyhxJDyQzTFmc1FY?usp=sharing\" target=\"_blank\">SA de l&#8217;especialitat de Biologia i Geologia<\/a><\/li>\n\n\n\n<li><a rel=\"noreferrer noopener\" href=\"https:\/\/drive.google.com\/drive\/folders\/1ufFsrYMHw0CkOZRe5VnryBTMWItDMNwK?usp=sharing\" target=\"_blank\">SA de l&#8217;especialitat de Dibuix<\/a><\/li>\n\n\n\n<li><a rel=\"noreferrer noopener\" href=\"https:\/\/drive.google.com\/drive\/folders\/1dVC0DjD7OUdIGSLewU4jSKHzK36yImyf?usp=sharing\" target=\"_blank\">SA de l&#8217;especialitat d&#8217;Economia<\/a><\/li>\n\n\n\n<li><a rel=\"noreferrer noopener\" href=\"https:\/\/drive.google.com\/drive\/folders\/1uxlGqsdiNEUMW5-EvciLoBf45rA0uBiL?usp=drive_link\" target=\"_blank\">SA de l&#8217;especialitat d&#8217;Educaci\u00f3 F\u00edsica<\/a><\/li>\n\n\n\n<li><a href=\"https:\/\/drive.google.com\/drive\/folders\/1T70_zPtwSPnKIY1iZZGOB0N7cZcIa8WB?usp=drive_link\">SA de l&#8217;especialitat de Filosofia<\/a><\/li>\n\n\n\n<li><a href=\"https:\/\/drive.google.com\/drive\/folders\/1cooEJ6gnhEzlF5exl8JQ-QVx7Wlxa4iE?usp=drive_link\">SA de l&#8217;especialitat de F\u00edsica i Qu\u00edmica<\/a><\/li>\n\n\n\n<li><a rel=\"noreferrer noopener\" href=\"https:\/\/drive.google.com\/drive\/folders\/1HHaGzBtCHbtirehFoY1iKZfZq-OG267r?usp=sharing\" target=\"_blank\">SA de l&#8217;especialitat de Geografia i Hist\u00f2ria<\/a><\/li>\n\n\n\n<li><a href=\"https:\/\/drive.google.com\/drive\/folders\/1-POzdt4_v2h8lZ1cmNu6kaKNKGYCzFi9?usp=drive_link\">SA de l&#8217;especialitat de Llengua i Literatura Catalana i Castellana<\/a><\/li>\n\n\n\n<li><a rel=\"noreferrer noopener\" href=\"https:\/\/drive.google.com\/drive\/folders\/1B4MC2hBObrokfjgtvK9XDk0iPEHT4SyM?usp=sharing\" target=\"_blank\">SA de l&#8217;especialitat de Lleng\u00fces Estrangeres<\/a><\/li>\n\n\n\n<li><a rel=\"noreferrer noopener\" href=\"https:\/\/drive.google.com\/drive\/folders\/1_DFjQA8XkwHHnph5p4I2_PqbDkdsT3QM?usp=drive_link\" target=\"_blank\">SA de l&#8217;especialitat de Llengua i Cultura Cl\u00e0ssiques<\/a><\/li>\n\n\n\n<li><a href=\"https:\/\/drive.google.com\/drive\/folders\/1MtnIUOqE0RaHgS6XGj9tNNNbcsvE8juh?usp=sharing\" target=\"_blank\" rel=\"noreferrer noopener\">SA de l&#8217;especialitat de Matem\u00e0tiques<\/a><\/li>\n\n\n\n<li><a rel=\"noreferrer noopener\" href=\"https:\/\/drive.google.com\/drive\/folders\/1Dz2T1aW9wMyRLEDEYciK5fEdQeQBmTQ7?usp=sharing\" target=\"_blank\">SA de l&#8217;especialitat de M\u00fasica<\/a><\/li>\n\n\n\n<li><a rel=\"noreferrer noopener\" href=\"https:\/\/drive.google.com\/drive\/folders\/1nXjEQA_cWb8SuYYaj18Y5MsD3XucbUI7?usp=sharing\" target=\"_blank\">SA de l&#8217;especialitat de Tecnologia<\/a><\/li>\n<\/ul>\n<\/div><\/div><\/div><\/div><\/div>\n\n\n\n<p><\/p>\n","protected":false},"excerpt":{"rendered":"<p>Model de programaci\u00f3 Usem el terme situaci\u00f3 d\u2019aprenentatge per referir-nos a aquelles experi\u00e8ncies que, independentment de la forma en qu\u00e8 es presenten, parteixen d\u2019un context i plantegen un repte a la persona que apr\u00e8n. El fet que l\u2019aprenentatge es fonamenti en la resoluci\u00f3 d\u2019unrepte o d\u2019una problem\u00e0tica real provoca que l\u2019aprenent hagi de dur a [&hellip;]<\/p>\n","protected":false},"author":2,"featured_media":0,"parent":10661,"menu_order":0,"comment_status":"closed","ping_status":"close","template":"","meta":{"_acf_changed":false,"site-sidebar-layout":"default","site-content-layout":"","ast-site-content-layout":"default","site-content-style":"default","site-sidebar-style":"default","ast-global-header-display":"","ast-banner-title-visibility":"","ast-main-header-display":"","ast-hfb-above-header-display":"","ast-hfb-below-header-display":"","ast-hfb-mobile-header-display":"","site-post-title":"","ast-breadcrumbs-content":"","ast-featured-img":"","footer-sml-layout":"","theme-transparent-header-meta":"","adv-header-id-meta":"","stick-header-meta":"","header-above-stick-meta":"","header-main-stick-meta":"","header-below-stick-meta":"","astra-migrate-meta-layouts":"set","ast-page-background-enabled":"default","ast-page-background-meta":{"desktop":{"background-color":"","background-image":"","background-repeat":"repeat","background-position":"center center","background-size":"auto","background-attachment":"scroll","background-type":"","background-media":"","overlay-type":"","overlay-color":"","overlay-opacity":"","overlay-gradient":""},"tablet":{"background-color":"","background-image":"","background-repeat":"repeat","background-position":"center center","background-size":"auto","background-attachment":"scroll","background-type":"","background-media":"","overlay-type":"","overlay-color":"","overlay-opacity":"","overlay-gradient":""},"mobile":{"background-color":"","background-image":"","background-repeat":"repeat","background-position":"center center","background-size":"auto","background-attachment":"scroll","background-type":"","background-media":"","overlay-type":"","overlay-color":"","overlay-opacity":"","overlay-gradient":""}},"ast-content-background-meta":{"desktop":{"background-color":"var(--ast-global-color-5)","background-image":"","background-repeat":"repeat","background-position":"center center","background-size":"auto","background-attachment":"scroll","background-type":"","background-media":"","overlay-type":"","overlay-color":"","overlay-opacity":"","overlay-gradient":""},"tablet":{"background-color":"var(--ast-global-color-5)","background-image":"","background-repeat":"repeat","background-position":"center center","background-size":"auto","background-attachment":"scroll","background-type":"","background-media":"","overlay-type":"","overlay-color":"","overlay-opacity":"","overlay-gradient":""},"mobile":{"background-color":"var(--ast-global-color-5)","background-image":"","background-repeat":"repeat","background-position":"center center","background-size":"auto","background-attachment":"scroll","background-type":"","background-media":"","overlay-type":"","overlay-color":"","overlay-opacity":"","overlay-gradient":""}},"footnotes":""},"class_list":["post-10727","page","type-page","status-publish","hentry"],"acf":[],"post_mailing_queue_ids":[],"_links":{"self":[{"href":"https:\/\/projectes.xtec.cat\/nou-curriculum\/wp-json\/wp\/v2\/pages\/10727","targetHints":{"allow":["GET"]}}],"collection":[{"href":"https:\/\/projectes.xtec.cat\/nou-curriculum\/wp-json\/wp\/v2\/pages"}],"about":[{"href":"https:\/\/projectes.xtec.cat\/nou-curriculum\/wp-json\/wp\/v2\/types\/page"}],"author":[{"embeddable":true,"href":"https:\/\/projectes.xtec.cat\/nou-curriculum\/wp-json\/wp\/v2\/users\/2"}],"replies":[{"embeddable":true,"href":"https:\/\/projectes.xtec.cat\/nou-curriculum\/wp-json\/wp\/v2\/comments?post=10727"}],"version-history":[{"count":6,"href":"https:\/\/projectes.xtec.cat\/nou-curriculum\/wp-json\/wp\/v2\/pages\/10727\/revisions"}],"predecessor-version":[{"id":16286,"href":"https:\/\/projectes.xtec.cat\/nou-curriculum\/wp-json\/wp\/v2\/pages\/10727\/revisions\/16286"}],"up":[{"embeddable":true,"href":"https:\/\/projectes.xtec.cat\/nou-curriculum\/wp-json\/wp\/v2\/pages\/10661"}],"wp:attachment":[{"href":"https:\/\/projectes.xtec.cat\/nou-curriculum\/wp-json\/wp\/v2\/media?parent=10727"}],"curies":[{"name":"wp","href":"https:\/\/api.w.org\/{rel}","templated":true}]}}