{"id":11323,"date":"2023-02-27T19:22:43","date_gmt":"2023-02-27T18:22:43","guid":{"rendered":"https:\/\/projectes.xtec.cat\/nou-curriculum\/?page_id=11323"},"modified":"2026-03-13T10:28:03","modified_gmt":"2026-03-13T09:28:03","slug":"decret-educacio-infantil","status":"publish","type":"page","link":"https:\/\/projectes.xtec.cat\/nou-curriculum\/educacio-infantil\/decret-educacio-infantil\/","title":{"rendered":"El decret i la guia"},"content":{"rendered":"\n<h2 class=\"wp-block-heading\">El decret d&#8217;educaci\u00f3 infantil<\/h2>\n\n\n\n<div style=\"height:17px\" aria-hidden=\"true\" class=\"wp-block-spacer\"><\/div>\n\n\n\n<div class=\"wp-block-columns is-layout-flex wp-container-core-columns-is-layout-1 wp-block-columns-is-layout-flex\">\n<div class=\"wp-block-column is-layout-flow wp-block-column-is-layout-flow\" style=\"flex-basis:33.33%\">\n<figure class=\"wp-block-image size-large ambvora\"><a href=\"https:\/\/portaljuridic.gencat.cat\/ca\/document-del-pjur\/?documentId=951431\" target=\"_blank\" rel=\"noopener\"><img loading=\"lazy\" decoding=\"async\" width=\"543\" height=\"759\" src=\"https:\/\/projectes.xtec.cat\/nou-curriculum\/wp-content\/uploads\/usu2072\/2023\/02\/decret_infantil.png\" alt=\"\" class=\"wp-image-11064\" srcset=\"https:\/\/projectes.xtec.cat\/nou-curriculum\/wp-content\/uploads\/usu2072\/2023\/02\/decret_infantil.png 543w, https:\/\/projectes.xtec.cat\/nou-curriculum\/wp-content\/uploads\/usu2072\/2023\/02\/decret_infantil-215x300.png 215w\" sizes=\"auto, (max-width: 543px) 100vw, 543px\" \/><\/a><\/figure>\n<\/div>\n\n\n\n<div class=\"wp-block-column is-layout-flow wp-block-column-is-layout-flow\" style=\"flex-basis:66.66%\">\n<p class=\"has-normal-font-size\">DECRET 21\/2023, de 7 de febrer, d&#8217;ordenaci\u00f3 dels ensenyaments de l&#8217;educaci\u00f3 infantil.<\/p>\n\n\n\n<h3 class=\"wp-block-heading\">Annexos<\/h3>\n\n\n\n<p><a href=\"https:\/\/portaldogc.gencat.cat\/utilsEADOP\/PDF\/8851\/1955221.pdf#page=14\" target=\"_blank\" rel=\"noreferrer noopener\">Annex I. Compet\u00e8ncies clau de l\u2019educaci\u00f3 infantil<\/a><br><a href=\"https:\/\/portaldogc.gencat.cat\/utilsEADOP\/PDF\/8851\/1955221.pdf#page=16\" target=\"_blank\" rel=\"noreferrer noopener\">Annex II. Eixos de desenvolupament i aprenentatge<\/a><br><a href=\"https:\/\/portaldogc.gencat.cat\/utilsEADOP\/PDF\/8851\/1955221.pdf#page=38\" target=\"_blank\" rel=\"noreferrer noopener\">Annex III. Situacions d\u2019aprenentatge<\/a><\/p>\n<\/div>\n<\/div>\n\n\n\n<div style=\"height:69px\" aria-hidden=\"true\" class=\"wp-block-spacer\"><\/div>\n\n\n\n<h2 class=\"wp-block-heading\">Guia de l&#8217;Educaci\u00f3 infantil<\/h2>\n\n\n\n<div class=\"wp-block-columns is-layout-flex wp-container-core-columns-is-layout-2 wp-block-columns-is-layout-flex\">\n<div class=\"wp-block-column is-layout-flow wp-block-column-is-layout-flow\" style=\"flex-basis:33.33%\">\n<p class=\"has-medium-font-size\">Amb l\u2019ajuda d\u2019aquesta guia podreu fer un recorregut per a con\u00e8ixer les caracter\u00edstiques i les oportunitats de reflexi\u00f3 pedag\u00f2gica que ens ofereix el nou curr\u00edculum de l\u2019educaci\u00f3 infantil.<\/p>\n\n\n\n<p class=\"has-medium-font-size\">En aquesta guia, entre altres, trobareu informaci\u00f3 sobre les&nbsp;<strong>idees clau<\/strong>&nbsp;del curr\u00edculum, l\u2019<strong>organitzaci\u00f3<\/strong>&nbsp;dels aprenentatges, l\u2019observaci\u00f3 del&nbsp;<strong>progr\u00e9s dels infants<\/strong>, el&nbsp;<strong>seguiment<\/strong>&nbsp;i l\u2019<strong>avaluaci\u00f3<\/strong>&nbsp;dels aprenentatges i les&nbsp;<strong>situacions d\u2019aprenentatge<\/strong>.<\/p>\n<\/div>\n\n\n\n<div class=\"wp-block-column is-layout-flow wp-block-column-is-layout-flow\" style=\"flex-basis:66.66%\">\n<iframe loading=\"lazy\" title=\"Presentaci\u00f3\/Guia de l\u2019educaci\u00f3 infantil\" src=\"https:\/\/docs.google.com\/presentation\/d\/e\/2PACX-1vTDKmmkrv-70HagPTQmTnTJLo84PRvngEn5nfBdDYXSbwRMHoRTYNjTw9vUXRBung\/embed?start=false&amp;loop=false&amp;delayms=3000\" width=\"100%\" height=\"510\" frameborder=\"0\" allowfullscreen=\"allowfullscreen\"><\/iframe>\n<\/div>\n<\/div>\n\n\n\n<div style=\"height:50px\" aria-hidden=\"true\" class=\"wp-block-spacer\"><\/div>\n\n\n\n<h2 class=\"wp-block-heading\">Presentaci\u00f3 del decret d&#8217;educaci\u00f3 infantil<\/h2>\n\n\n\n<div class=\"wp-block-columns is-layout-flex wp-container-core-columns-is-layout-3 wp-block-columns-is-layout-flex\">\n<div class=\"wp-block-column has-background is-layout-flow wp-block-column-is-layout-flow\" style=\"background-color:#7474c1\"><\/div>\n\n\n\n<div class=\"wp-block-column is-layout-flow wp-block-column-is-layout-flow\" style=\"flex-basis:45%\">\n<iframe loading=\"lazy\" width=\"560\" height=\"365\" src=\"https:\/\/www.youtube.com\/embed\/1RhR3EA7T8A\" title=\"YouTube video player\" frameborder=\"0\" allow=\"accelerometer; autoplay; clipboard-write; encrypted-media; gyroscope; picture-in-picture; web-share\" allowfullscreen=\"\"><\/iframe>\n<\/div>\n\n\n\n<div class=\"wp-block-column has-background is-layout-flow wp-block-column-is-layout-flow\" style=\"background-color:#7474c1\"><\/div>\n<\/div>\n\n\n\n<div style=\"height:100px\" aria-hidden=\"true\" class=\"wp-block-spacer\"><\/div>\n\n\n\n<p><\/p>\n","protected":false},"excerpt":{"rendered":"<p>El decret d&#8217;educaci\u00f3 infantil DECRET 21\/2023, de 7 de febrer, d&#8217;ordenaci\u00f3 dels ensenyaments de l&#8217;educaci\u00f3 infantil. Annexos Annex I. Compet\u00e8ncies clau de l\u2019educaci\u00f3 infantilAnnex II. Eixos de desenvolupament i aprenentatgeAnnex III. Situacions d\u2019aprenentatge Guia de l&#8217;Educaci\u00f3 infantil Amb l\u2019ajuda d\u2019aquesta guia podreu fer un recorregut per a con\u00e8ixer les caracter\u00edstiques i les oportunitats de reflexi\u00f3 [&hellip;]<\/p>\n","protected":false},"author":2,"featured_media":0,"parent":8252,"menu_order":0,"comment_status":"closed","ping_status":"close","template":"","meta":{"_acf_changed":false,"site-sidebar-layout":"default","site-content-layout":"","ast-site-content-layout":"default","site-content-style":"default","site-sidebar-style":"default","ast-global-header-display":"","ast-banner-title-visibility":"","ast-main-header-display":"","ast-hfb-above-header-display":"","ast-hfb-below-header-display":"","ast-hfb-mobile-header-display":"","site-post-title":"disabled","ast-breadcrumbs-content":"","ast-featured-img":"","footer-sml-layout":"","theme-transparent-header-meta":"","adv-header-id-meta":"","stick-header-meta":"","header-above-stick-meta":"","header-main-stick-meta":"","header-below-stick-meta":"","astra-migrate-meta-layouts":"set","ast-page-background-enabled":"default","ast-page-background-meta":{"desktop":{"background-color":"","background-image":"","background-repeat":"repeat","background-position":"center center","background-size":"auto","background-attachment":"scroll","background-type":"","background-media":"","overlay-type":"","overlay-color":"","overlay-opacity":"","overlay-gradient":""},"tablet":{"background-color":"","background-image":"","background-repeat":"repeat","background-position":"center center","background-size":"auto","background-attachment":"scroll","background-type":"","background-media":"","overlay-type":"","overlay-color":"","overlay-opacity":"","overlay-gradient":""},"mobile":{"background-color":"","background-image":"","background-repeat":"repeat","background-position":"center center","background-size":"auto","background-attachment":"scroll","background-type":"","background-media":"","overlay-type":"","overlay-color":"","overlay-opacity":"","overlay-gradient":""}},"ast-content-background-meta":{"desktop":{"background-color":"var(--ast-global-color-5)","background-image":"","background-repeat":"repeat","background-position":"center center","background-size":"auto","background-attachment":"scroll","background-type":"","background-media":"","overlay-type":"","overlay-color":"","overlay-opacity":"","overlay-gradient":""},"tablet":{"background-color":"var(--ast-global-color-5)","background-image":"","background-repeat":"repeat","background-position":"center center","background-size":"auto","background-attachment":"scroll","background-type":"","background-media":"","overlay-type":"","overlay-color":"","overlay-opacity":"","overlay-gradient":""},"mobile":{"background-color":"var(--ast-global-color-5)","background-image":"","background-repeat":"repeat","background-position":"center center","background-size":"auto","background-attachment":"scroll","background-type":"","background-media":"","overlay-type":"","overlay-color":"","overlay-opacity":"","overlay-gradient":""}},"footnotes":""},"class_list":["post-11323","page","type-page","status-publish","hentry"],"acf":[],"post_mailing_queue_ids":[],"_links":{"self":[{"href":"https:\/\/projectes.xtec.cat\/nou-curriculum\/wp-json\/wp\/v2\/pages\/11323","targetHints":{"allow":["GET"]}}],"collection":[{"href":"https:\/\/projectes.xtec.cat\/nou-curriculum\/wp-json\/wp\/v2\/pages"}],"about":[{"href":"https:\/\/projectes.xtec.cat\/nou-curriculum\/wp-json\/wp\/v2\/types\/page"}],"author":[{"embeddable":true,"href":"https:\/\/projectes.xtec.cat\/nou-curriculum\/wp-json\/wp\/v2\/users\/2"}],"replies":[{"embeddable":true,"href":"https:\/\/projectes.xtec.cat\/nou-curriculum\/wp-json\/wp\/v2\/comments?post=11323"}],"version-history":[{"count":6,"href":"https:\/\/projectes.xtec.cat\/nou-curriculum\/wp-json\/wp\/v2\/pages\/11323\/revisions"}],"predecessor-version":[{"id":16754,"href":"https:\/\/projectes.xtec.cat\/nou-curriculum\/wp-json\/wp\/v2\/pages\/11323\/revisions\/16754"}],"up":[{"embeddable":true,"href":"https:\/\/projectes.xtec.cat\/nou-curriculum\/wp-json\/wp\/v2\/pages\/8252"}],"wp:attachment":[{"href":"https:\/\/projectes.xtec.cat\/nou-curriculum\/wp-json\/wp\/v2\/media?parent=11323"}],"curies":[{"name":"wp","href":"https:\/\/api.w.org\/{rel}","templated":true}]}}

<h2 class="wp-block-heading">El decret d&#8217;educació infantil</h2>



<div style="height:17px" aria-hidden="true" class="wp-block-spacer"></div>



<div class="wp-block-columns is-layout-flex wp-container-core-columns-is-layout-1 wp-block-columns-is-layout-flex">
<div class="wp-block-column is-layout-flow wp-block-column-is-layout-flow" style="flex-basis:33.33%">
<figure class="wp-block-image size-large ambvora"><a href="https://portaljuridic.gencat.cat/ca/document-del-pjur/?documentId=951431" target="_blank" rel="noopener"><img loading="lazy" decoding="async" width="543" height="759" src="https://projectes.xtec.cat/nou-curriculum/wp-content/uploads/usu2072/2023/02/decret_infantil.png" alt="" class="wp-image-11064" srcset="https://projectes.xtec.cat/nou-curriculum/wp-content/uploads/usu2072/2023/02/decret_infantil.png 543w, https://projectes.xtec.cat/nou-curriculum/wp-content/uploads/usu2072/2023/02/decret_infantil-215x300.png 215w" sizes="auto, (max-width: 543px) 100vw, 543px" /></a></figure>
</div>



<div class="wp-block-column is-layout-flow wp-block-column-is-layout-flow" style="flex-basis:66.66%">
<p class="has-normal-font-size">DECRET 21/2023, de 7 de febrer, d&#8217;ordenació dels ensenyaments de l&#8217;educació infantil.</p>



<h3 class="wp-block-heading">Annexos</h3>



<p><a href="https://portaldogc.gencat.cat/utilsEADOP/PDF/8851/1955221.pdf#page=14" target="_blank" rel="noreferrer noopener">Annex I. Competències clau de l’educació infantil</a><br><a href="https://portaldogc.gencat.cat/utilsEADOP/PDF/8851/1955221.pdf#page=16" target="_blank" rel="noreferrer noopener">Annex II. Eixos de desenvolupament i aprenentatge</a><br><a href="https://portaldogc.gencat.cat/utilsEADOP/PDF/8851/1955221.pdf#page=38" target="_blank" rel="noreferrer noopener">Annex III. Situacions d’aprenentatge</a></p>
</div>
</div>



<div style="height:69px" aria-hidden="true" class="wp-block-spacer"></div>



<h2 class="wp-block-heading">Guia de l&#8217;Educació infantil</h2>



<div class="wp-block-columns is-layout-flex wp-container-core-columns-is-layout-2 wp-block-columns-is-layout-flex">
<div class="wp-block-column is-layout-flow wp-block-column-is-layout-flow" style="flex-basis:33.33%">
<p class="has-medium-font-size">Amb l’ajuda d’aquesta guia podreu fer un recorregut per a conèixer les característiques i les oportunitats de reflexió pedagògica que ens ofereix el nou currículum de l’educació infantil.</p>



<p class="has-medium-font-size">En aquesta guia, entre altres, trobareu informació sobre les&nbsp;<strong>idees clau</strong>&nbsp;del currículum, l’<strong>organització</strong>&nbsp;dels aprenentatges, l’observació del&nbsp;<strong>progrés dels infants</strong>, el&nbsp;<strong>seguiment</strong>&nbsp;i l’<strong>avaluació</strong>&nbsp;dels aprenentatges i les&nbsp;<strong>situacions d’aprenentatge</strong>.</p>
</div>



<div class="wp-block-column is-layout-flow wp-block-column-is-layout-flow" style="flex-basis:66.66%">
<iframe loading="lazy" title="Presentació/Guia de l’educació infantil" src="https://docs.google.com/presentation/d/e/2PACX-1vTDKmmkrv-70HagPTQmTnTJLo84PRvngEn5nfBdDYXSbwRMHoRTYNjTw9vUXRBung/embed?start=false&amp;loop=false&amp;delayms=3000" width="100%" height="510" frameborder="0" allowfullscreen="allowfullscreen"></iframe>
</div>
</div>



<div style="height:50px" aria-hidden="true" class="wp-block-spacer"></div>



<h2 class="wp-block-heading">Presentació del decret d&#8217;educació infantil</h2>



<div class="wp-block-columns is-layout-flex wp-container-core-columns-is-layout-3 wp-block-columns-is-layout-flex">
<div class="wp-block-column has-background is-layout-flow wp-block-column-is-layout-flow" style="background-color:#7474c1"></div>



<div class="wp-block-column is-layout-flow wp-block-column-is-layout-flow" style="flex-basis:45%">
<iframe loading="lazy" width="560" height="365" src="https://www.youtube.com/embed/1RhR3EA7T8A" title="YouTube video player" frameborder="0" allow="accelerometer; autoplay; clipboard-write; encrypted-media; gyroscope; picture-in-picture; web-share" allowfullscreen=""></iframe>
</div>



<div class="wp-block-column has-background is-layout-flow wp-block-column-is-layout-flow" style="background-color:#7474c1"></div>
</div>



<div style="height:100px" aria-hidden="true" class="wp-block-spacer"></div>



<p></p>

<p>El decret d&#8217;educació infantil DECRET 21/2023, de 7 de febrer, d&#8217;ordenació dels ensenyaments de l&#8217;educació infantil. Annexos Annex I. Competències clau de l’educació infantilAnnex II. Eixos de desenvolupament i aprenentatgeAnnex III. Situacions d’aprenentatge Guia de l&#8217;Educació infantil Amb l’ajuda d’aquesta guia podreu fer un recorregut per a conèixer les característiques i les oportunitats de reflexió [&hellip;]</p>
