{"id":11494,"date":"2023-03-13T20:49:00","date_gmt":"2023-03-13T19:49:00","guid":{"rendered":"https:\/\/projectes.xtec.cat\/nou-curriculum\/?page_id=11494"},"modified":"2023-04-27T09:28:20","modified_gmt":"2023-04-27T07:28:20","slug":"projectes-autonoms","status":"publish","type":"page","link":"https:\/\/projectes.xtec.cat\/nou-curriculum\/educacio-basica\/programes-innovacio\/programa-de-recerca-creacio-i-servei-rcs\/projectes-autonoms\/","title":{"rendered":"Projectes aut\u00f2noms"},"content":{"rendered":"\n<div class=\"wp-block-getwid-section alignfull alignfull\"><div class=\"wp-block-getwid-section__wrapper\"><div class=\"wp-block-getwid-section__inner-wrapper\"><div class=\"wp-block-getwid-section__background-holder\"><div class=\"wp-block-getwid-section__background\"><\/div><div class=\"wp-block-getwid-section__foreground\"><\/div><\/div><div class=\"wp-block-getwid-section__content\"><div class=\"wp-block-getwid-section__inner-content\">\n<div class=\"wp-block-columns is-layout-flex wp-container-core-columns-is-layout-1 wp-block-columns-is-layout-flex\">\n<div class=\"wp-block-column is-layout-flow wp-block-column-is-layout-flow\">\n<div class=\"wp-block-image\"><figure class=\"alignright size-large is-resized\"><img loading=\"lazy\" decoding=\"async\" src=\"https:\/\/projectes.xtec.cat\/nou-curriculum\/wp-content\/uploads\/usu2072\/2023\/03\/settings.png\" alt=\"una roda dentada\" class=\"wp-image-11482\" width=\"143\" height=\"143\" srcset=\"https:\/\/projectes.xtec.cat\/nou-curriculum\/wp-content\/uploads\/usu2072\/2023\/03\/settings.png 400w, https:\/\/projectes.xtec.cat\/nou-curriculum\/wp-content\/uploads\/usu2072\/2023\/03\/settings-300x300.png 300w, https:\/\/projectes.xtec.cat\/nou-curriculum\/wp-content\/uploads\/usu2072\/2023\/03\/settings-150x150.png 150w\" sizes=\"auto, (max-width: 143px) 100vw, 143px\" \/><\/figure><\/div>\n\n\n\n<p style=\"font-size:18px\">Despr\u00e9s de treballar els projectes amb acompanyament, els centres, de forma aut\u00f2noma, duen a terme projectes globalitzadors de recerca, creaci\u00f3 i servei amb entitats del seu entorn per resoldre problem\u00e0tiques m\u00e9s properes, el tercer trimestre del primer any de participar en el programa.<\/p>\n\n\n\n<p style=\"font-size:18px\">Els projectes s\u2019estructuren de la mateixa manera, en tres \u00e0mbits: cient\u00edfic i tecnol\u00f2gic, social i art\u00edstic i comunicatiu. El desenvolupament del projecte \u00e9s el mateix que en els d\u2019acompanyament: es planteja un repte a l\u2019alumnat de 3r o 4t d\u2019ESO que proporciona servei a l\u2019entitat i durant el trimestre es realitzen les accions educatives necess\u00e0ries per resoldre\u2019l.\u00a0<\/p>\n\n\n\n<p style=\"font-size:18px\">El segon curs de participar en el projecte els centres continuen fent els dos primers trimestres projectes amb acompanyament i un trimestre projectes aut\u00f2noms de centre. El tercer curs els centres continuen fent projectes de recerca creaci\u00f3 i servei, un trimestre amb acompanyament i dos de forma aut\u00f2noma.&nbsp;<\/p>\n\n\n\n<p style=\"font-size:18px\">En aquest proc\u00e9s d&#8217;empoderament progressiu dels centres es pret\u00e9n que el quart curs, els centres ja puguin treballar de forma aut\u00f2noma en projectes de recerca creaci\u00f3 i servei, vinculats tots ells a entitats del seu entorn.<\/p>\n<\/div>\n\n\n\n<div class=\"wp-block-column is-layout-flow wp-block-column-is-layout-flow\">\n<h2 class=\"wp-block-heading\">Exemples<\/h2>\n\n\n\n<h3 class=\"wp-block-heading\">\u00c0mbit cient\u00edfic i tecnol\u00f2gic<\/h3>\n\n\n\n<ul class=\"wp-block-list\" style=\"font-size:18px\"><li><a href=\"https:\/\/docs.google.com\/presentation\/d\/1wOUm-D_OtODNk40Z-P9r9S2RK4T_I5osIqcgFQOp1NU\/edit?usp=share_link\" target=\"_blank\" rel=\"noreferrer noopener\">Banc de sang (IE Eixample)<\/a><\/li><li><a href=\"https:\/\/docs.google.com\/presentation\/d\/1Xc5UVwQKx31miE4j9rCerFqQvjtpcCxt-qbtoNyE8Zw\/edit?usp=sharing\" target=\"_blank\" rel=\"noreferrer noopener\">CRE-ONCE. M\u00e9s que una maqueta! (INS Teresa P\u00e0mies)<\/a><\/li><li><a href=\"https:\/\/docs.google.com\/presentation\/d\/1QfG1nlW9yDwXd3HdGTyWAOKL1Vb2pA-5UEbLdjVwFvg\/edit?usp=sharing\" target=\"_blank\" rel=\"noreferrer noopener\">Creaci\u00f3 d\u2019una ruta ecotur\u00edstica (INS Voltregan\u00e8s)<\/a><\/li><li><a href=\"https:\/\/docs.google.com\/presentation\/d\/1ck7l2h3lymSrX7DRmiTnXeb9rja7-bwWZu0GMLiPtHo\/edit?usp=sharing\" target=\"_blank\" rel=\"noreferrer noopener\">Ci\u00e8ncia i Art Ponent (INS Guind\u00e0vols)<\/a>&nbsp;<\/li><li><a href=\"https:\/\/docs.google.com\/presentation\/d\/1GVxHtd9I0WaNc1c6RWqH7_sHuwJzwkHOF-7aK1AhPDU\/edit?usp=sharing\" target=\"_blank\" rel=\"noreferrer noopener\">Com tenim les basses de l\u2019anella verda (INS Serra de Noet)<\/a><\/li><\/ul>\n\n\n\n<h3 class=\"wp-block-heading\">\u00c0mbit de la comunicaci\u00f3<\/h3>\n\n\n\n<ul class=\"wp-block-list\" style=\"font-size:18px\"><li><a href=\"https:\/\/docs.google.com\/presentation\/d\/1pnOvELhbV3LeQXilY3_c-4XUOjC_59J1vW7OfnWViC0\/edit?usp=share_link\" target=\"_blank\" rel=\"noreferrer noopener\">Fem r\u00e0dio! (INS Vilamajor)<\/a><\/li><li><a href=\"https:\/\/docs.google.com\/presentation\/d\/1zXTFTC1RhCQPibWEwpC6QAacJ3eNn1PXeEbVmjZqUQk\/edit?usp=sharing\" target=\"_blank\" rel=\"noreferrer noopener\">Mentalitza\u2019t (INS Guind\u00e0vols)<\/a><\/li><li><a href=\"https:\/\/docs.google.com\/presentation\/d\/1htM7nK1AO9NBU05y1Y0ItfviZ6LcBmi-fMEf8qNd5sA\/edit?usp=sharing\" target=\"_blank\" rel=\"noreferrer noopener\">El clima de Terrassa (INS Nicolau Cop\u00e8rnic)<\/a>&nbsp;<\/li><li><a href=\"https:\/\/docs.google.com\/presentation\/d\/1K-xlMkwbY73HfyBEtOaHHpoU6iP2LUxXVIPdRCVNvcE\/edit?usp=sharing\" target=\"_blank\" rel=\"noreferrer noopener\">Centre d\u2019acollida d\u2019animals de companyia (INS Teresa P\u00e0mies)<\/a><\/li><\/ul>\n\n\n\n<h3 class=\"wp-block-heading\">\u00c0mbit social i art\u00edstic<\/h3>\n\n\n\n<ul class=\"wp-block-list\" style=\"font-size:18px\"><li><a href=\"https:\/\/docs.google.com\/presentation\/d\/1gpgKu0QQOud3-aKb5aGauFHBLYim_SbKg5fS4yDHSA4\/edit?usp=sharing\" target=\"_blank\" rel=\"noreferrer noopener\">Casa Elizalde (IE Eixample)<\/a>&nbsp;<\/li><li><a href=\"https:\/\/docs.google.com\/presentation\/d\/19EHSpDj0DNIjOp-eZBUxO8ulVdhTrE-2Ph4jsirFZVE\/edit?usp=sharing\" target=\"_blank\" rel=\"noreferrer noopener\">Hist\u00f2ries del nostre poble (INS Voltregan\u00e8s)<\/a><\/li><li><a href=\"https:\/\/docs.google.com\/presentation\/d\/1nf4pyAQ3PQPpP2dgp319rof_wC4c2Am4oaky_nXy5yI\/edit?usp=sharing\" target=\"_blank\" rel=\"noreferrer noopener\">Open Arms. Ajuda\u2019ns a ajudar (INS Nicolau Cop\u00e8rnic)<\/a><\/li><li><a href=\"https:\/\/docs.google.com\/presentation\/d\/1Shk-8NDkFGq1iBSq9sE705b8IMoiY78ZaZrFfCr_FNI\/edit?usp=sharing\" target=\"_blank\" rel=\"noreferrer noopener\">William Kentridge i la societat Sud-africana (INS Guind\u00e0vols)<\/a><\/li><li><a href=\"https:\/\/docs.google.com\/presentation\/d\/1QBYlVU9ufCMMulzkw5Xxnw6DIFm7cQ-v9SbpKtMLA1k\/edit?usp=sharing\" target=\"_blank\" rel=\"noreferrer noopener\">Actuem amb cap! (INS Voltregan\u00e8s)<\/a><\/li><li><a href=\"https:\/\/docs.google.com\/presentation\/d\/1ppHGWy8mPknFCJimuk6JvAxyIFnzZvMM9xka3T33pgo\/edit?usp=sharing\" target=\"_blank\" rel=\"noreferrer noopener\">Escola de futbol Can Boada (INS Nicolau Cop\u00e8rnic)<\/a><\/li><li><a href=\"https:\/\/docs.google.com\/presentation\/d\/1s2oIOjnQL6KtCc0jN0-JR_hnSj1RV92w\/edit?usp=sharing&amp;ouid=108677143197665459294&amp;rtpof=true&amp;sd=true\" target=\"_blank\" rel=\"noreferrer noopener\">Sant Tom\u00e0s (INS de Gurb)<\/a><\/li><\/ul>\n<\/div>\n<\/div>\n<\/div><\/div><\/div><\/div><\/div>\n","protected":false},"excerpt":{"rendered":"","protected":false},"author":2,"featured_media":0,"parent":11432,"menu_order":0,"comment_status":"closed","ping_status":"close","template":"","meta":{"_acf_changed":false,"site-sidebar-layout":"default","site-content-layout":"","ast-site-content-layout":"","site-content-style":"default","site-sidebar-style":"default","ast-global-header-display":"","ast-banner-title-visibility":"","ast-main-header-display":"","ast-hfb-above-header-display":"","ast-hfb-below-header-display":"","ast-hfb-mobile-header-display":"","site-post-title":"","ast-breadcrumbs-content":"","ast-featured-img":"","footer-sml-layout":"","theme-transparent-header-meta":"","adv-header-id-meta":"","stick-header-meta":"","header-above-stick-meta":"","header-main-stick-meta":"","header-below-stick-meta":"","astra-migrate-meta-layouts":"default","ast-page-background-enabled":"default","ast-page-background-meta":{"desktop":{"background-color":"","background-image":"","background-repeat":"repeat","background-position":"center center","background-size":"auto","background-attachment":"scroll","background-type":"","background-media":"","overlay-type":"","overlay-color":"","overlay-opacity":"","overlay-gradient":""},"tablet":{"background-color":"","background-image":"","background-repeat":"repeat","background-position":"center center","background-size":"auto","background-attachment":"scroll","background-type":"","background-media":"","overlay-type":"","overlay-color":"","overlay-opacity":"","overlay-gradient":""},"mobile":{"background-color":"","background-image":"","background-repeat":"repeat","background-position":"center center","background-size":"auto","background-attachment":"scroll","background-type":"","background-media":"","overlay-type":"","overlay-color":"","overlay-opacity":"","overlay-gradient":""}},"ast-content-background-meta":{"desktop":{"background-color":"var(--ast-global-color-5)","background-image":"","background-repeat":"repeat","background-position":"center center","background-size":"auto","background-attachment":"scroll","background-type":"","background-media":"","overlay-type":"","overlay-color":"","overlay-opacity":"","overlay-gradient":""},"tablet":{"background-color":"var(--ast-global-color-5)","background-image":"","background-repeat":"repeat","background-position":"center center","background-size":"auto","background-attachment":"scroll","background-type":"","background-media":"","overlay-type":"","overlay-color":"","overlay-opacity":"","overlay-gradient":""},"mobile":{"background-color":"var(--ast-global-color-5)","background-image":"","background-repeat":"repeat","background-position":"center center","background-size":"auto","background-attachment":"scroll","background-type":"","background-media":"","overlay-type":"","overlay-color":"","overlay-opacity":"","overlay-gradient":""}},"footnotes":""},"class_list":["post-11494","page","type-page","status-publish","hentry"],"acf":[],"post_mailing_queue_ids":[],"_links":{"self":[{"href":"https:\/\/projectes.xtec.cat\/nou-curriculum\/wp-json\/wp\/v2\/pages\/11494","targetHints":{"allow":["GET"]}}],"collection":[{"href":"https:\/\/projectes.xtec.cat\/nou-curriculum\/wp-json\/wp\/v2\/pages"}],"about":[{"href":"https:\/\/projectes.xtec.cat\/nou-curriculum\/wp-json\/wp\/v2\/types\/page"}],"author":[{"embeddable":true,"href":"https:\/\/projectes.xtec.cat\/nou-curriculum\/wp-json\/wp\/v2\/users\/2"}],"replies":[{"embeddable":true,"href":"https:\/\/projectes.xtec.cat\/nou-curriculum\/wp-json\/wp\/v2\/comments?post=11494"}],"version-history":[{"count":3,"href":"https:\/\/projectes.xtec.cat\/nou-curriculum\/wp-json\/wp\/v2\/pages\/11494\/revisions"}],"predecessor-version":[{"id":11847,"href":"https:\/\/projectes.xtec.cat\/nou-curriculum\/wp-json\/wp\/v2\/pages\/11494\/revisions\/11847"}],"up":[{"embeddable":true,"href":"https:\/\/projectes.xtec.cat\/nou-curriculum\/wp-json\/wp\/v2\/pages\/11432"}],"wp:attachment":[{"href":"https:\/\/projectes.xtec.cat\/nou-curriculum\/wp-json\/wp\/v2\/media?parent=11494"}],"curies":[{"name":"wp","href":"https:\/\/api.w.org\/{rel}","templated":true}]}}