{"id":13480,"date":"2024-06-20T09:57:27","date_gmt":"2024-06-20T07:57:27","guid":{"rendered":"https:\/\/projectes.xtec.cat\/nou-curriculum\/?page_id=13480"},"modified":"2024-12-19T10:41:46","modified_gmt":"2024-12-19T09:41:46","slug":"ciutadania-democratica-i-consciencia-global","status":"publish","type":"page","link":"https:\/\/projectes.xtec.cat\/nou-curriculum\/educacio-basica\/els-sis-vectors\/ciutadania-democratica-i-consciencia-global\/","title":{"rendered":"Ciutadania democr\u00e0tica i consci\u00e8ncia global"},"content":{"rendered":"\n<div class=\"wp-block-columns is-layout-flex wp-container-core-columns-is-layout-1 wp-block-columns-is-layout-flex\">\n<div class=\"wp-block-column caixa has-background is-layout-flow wp-block-column-is-layout-flow\" style=\"background-color:#ececed;flex-basis:60%\">\n<p style=\"font-style:italic;font-weight:500\">Explora la nostra gamma de recursos i descobreix com integrar la ciutadania democr\u00e0tica i la consci\u00e8ncia global de manera significativa i efectiva en el teu entorn educatiu. Junts, podem contribuir a formar ciutadans globals compromesos amb els drets humans, la igualtat i la just\u00edcia social, potenciant la participaci\u00f3 activa dels estudiants en la construcci\u00f3 d&#8217;una societat m\u00e9s justa i sostenible. Aquesta secci\u00f3 est\u00e0 dedicada a proporcionar recursos did\u00e0ctics per treballar la ciutadania democr\u00e0tica, la cultura de pau i la responsabilitat global. En un m\u00f3n cada cop m\u00e9s divers, \u00e9s essencial promoure la comprensi\u00f3, el respecte mutu i la cooperaci\u00f3 entre diferents comunitats. Aqu\u00ed trobar\u00e0s una \u00e0mplia varietat d\u2019eines que facilitaran la reflexi\u00f3 cr\u00edtica, el di\u00e0leg constructiu i l\u2019acci\u00f3 transformadora en aquest \u00e0mbit.<\/p>\n<\/div>\n\n\n\n<div class=\"wp-block-column caixa has-background is-layout-flow wp-block-column-is-layout-flow\" style=\"background-color:#ececed;flex-basis:40%\">\n<iframe loading=\"lazy\" width=\"560\" height=\"315\" src=\"https:\/\/www.youtube.com\/embed\/Ekz76JgVscI?si=sncW_od2Kzadn9x_\" title=\"YouTube video player\" frameborder=\"0\" allow=\"accelerometer; autoplay; clipboard-write; encrypted-media; gyroscope; picture-in-picture; web-share\" referrerpolicy=\"strict-origin-when-cross-origin\" allowfullscreen><\/iframe>\n<\/div>\n<\/div>\n\n\n\n<div style=\"height:31px\" aria-hidden=\"true\" class=\"wp-block-spacer\"><\/div>\n\n\n\n<h3 class=\"wp-block-heading has-text-align-center has-text-color has-background\" style=\"color:#08a5a2;background-color:#535353\">ciutadania democr\u00e0tica i consci\u00e8ncia global<\/h3>\n\n\n\n<div class=\"wp-block-columns is-layout-flex wp-container-core-columns-is-layout-2 wp-block-columns-is-layout-flex\">\n<div class=\"wp-block-column caixa has-background is-layout-flow wp-block-column-is-layout-flow\" style=\"background-color:#ececed;flex-basis:33.33%\">\n<div style=\"height:22px\" aria-hidden=\"true\" class=\"wp-block-spacer\"><\/div>\n\n\n\n<figure class=\"wp-block-image size-large is-resized\"><a href=\"https:\/\/educacio.gencat.cat\/ca\/departament\/linies-estrategiques\/ciutadania-democratica-consciencia-global\/\"><img loading=\"lazy\" decoding=\"async\" width=\"1024\" height=\"686\" src=\"https:\/\/projectes.xtec.cat\/nou-curriculum\/wp-content\/uploads\/usu2072\/2024\/06\/dep-lin-cooperacio-1024x686.png\" alt=\"\" class=\"wp-image-13491\" style=\"aspect-ratio:1.4927113702623906;width:340px;height:auto\" srcset=\"https:\/\/projectes.xtec.cat\/nou-curriculum\/wp-content\/uploads\/usu2072\/2024\/06\/dep-lin-cooperacio-1024x686.png 1024w, https:\/\/projectes.xtec.cat\/nou-curriculum\/wp-content\/uploads\/usu2072\/2024\/06\/dep-lin-cooperacio-300x201.png 300w, https:\/\/projectes.xtec.cat\/nou-curriculum\/wp-content\/uploads\/usu2072\/2024\/06\/dep-lin-cooperacio-768x514.png 768w, https:\/\/projectes.xtec.cat\/nou-curriculum\/wp-content\/uploads\/usu2072\/2024\/06\/dep-lin-cooperacio.png 1080w\" sizes=\"auto, (max-width: 1024px) 100vw, 1024px\" \/><\/a><\/figure>\n<\/div>\n\n\n\n<div class=\"wp-block-column caixa has-background is-layout-flow wp-block-column-is-layout-flow\" style=\"background-color:#ececed;flex-basis:66.66%\">\n<p>El 6 de juliol de 2023 el Parlament de Catalunya aprova el Pla director de cooperaci\u00f3 al desenvolupament 2023-2026, que consolida la cooperaci\u00f3 feminista amb un enfocament de g\u00e8nere basat en els drets humans (EGiBDH), per abordar les causes estructurals del patriarcat, del racisme i d&#8217;altres sistemes d&#8217;opressi\u00f3 i exclusi\u00f3.<\/p>\n\n\n\n<p>L&#8217;objectiu \u00e9s aconseguir un desenvolupament just, democr\u00e0tic, sostenible i en pau i, per aconseguir-ho, els departaments o organismes en xarxa treballen de manera coordinada amb les organitzacions no governamentals per al desenvolupament (ONGD).<\/p>\n\n\n\n<p>L&#8217;educaci\u00f3 global i transformadora incorpora totes aquelles accions, actuacions, estrat\u00e8gies i pol\u00edtiques que, de forma directa o indirecta, promouen formar la consci\u00e8ncia cr\u00edtica de les persones perqu\u00e8 entenguin les causes estructurals de la pobresa, les desigualtats i la vulneraci\u00f3 dels drets humans.<\/p>\n<\/div>\n<\/div>\n\n\n\n<div style=\"height:54px\" aria-hidden=\"true\" class=\"wp-block-spacer\"><\/div>\n\n\n\n<div class=\"wp-block-buttons is-content-justification-center is-layout-flex wp-container-core-buttons-is-layout-1 wp-block-buttons-is-layout-flex\">\n<div class=\"wp-block-button has-custom-width wp-block-button__width-25 has-custom-font-size is-style-fill has-medium-font-size\"><a class=\"wp-block-button__link has-text-color has-background has-border-color wp-element-button\" href=\"https:\/\/educacio.gencat.cat\/ca\/departament\/linies-estrategiques\/ciutadania-democratica-consciencia-global\/\" style=\"border-color:#08a5a2;border-width:3px;color:#08a5a2;background-color:#535353;padding-top:var(--wp--preset--spacing--40);padding-right:var(--wp--preset--spacing--20);padding-bottom:var(--wp--preset--spacing--40);padding-left:var(--wp--preset--spacing--20)\">Ves al WEB<\/a><\/div>\n<\/div>\n\n\n\n<div style=\"height:54px\" aria-hidden=\"true\" class=\"wp-block-spacer\"><\/div>\n\n\n\n<h3 class=\"wp-block-heading has-text-align-center has-text-color has-background\" style=\"color:#08a5a2;background-color:#535353\">Ensenyament, aprenentatge i avaluaci\u00f3 de la compet\u00e8ncia global.  <\/h3>\n\n\n\n<div class=\"wp-block-columns is-layout-flex wp-container-core-columns-is-layout-3 wp-block-columns-is-layout-flex\">\n<div class=\"wp-block-column caixa has-background is-layout-flow wp-block-column-is-layout-flow\" style=\"background-color:#ececed;flex-basis:33.33%\">\n<div style=\"height:22px\" aria-hidden=\"true\" class=\"wp-block-spacer\"><\/div>\n\n\n\n<figure class=\"wp-block-image size-full is-resized\"><img loading=\"lazy\" decoding=\"async\" width=\"640\" height=\"245\" src=\"https:\/\/projectes.xtec.cat\/nou-curriculum\/wp-content\/uploads\/usu2072\/2024\/12\/logo2.png\" alt=\"\" class=\"wp-image-14427\" style=\"aspect-ratio:1.4927113702623906;width:340px;height:auto\" srcset=\"https:\/\/projectes.xtec.cat\/nou-curriculum\/wp-content\/uploads\/usu2072\/2024\/12\/logo2.png 640w, https:\/\/projectes.xtec.cat\/nou-curriculum\/wp-content\/uploads\/usu2072\/2024\/12\/logo2-300x115.png 300w\" sizes=\"auto, (max-width: 640px) 100vw, 640px\" \/><\/figure>\n<\/div>\n\n\n\n<div class=\"wp-block-column caixa has-background is-layout-flow wp-block-column-is-layout-flow\" style=\"background-color:#ececed;flex-basis:66.66%\">\n<div style=\"height:12px\" aria-hidden=\"true\" class=\"wp-block-spacer\"><\/div>\n\n\n\n<p class=\"has-text-color has-link-color wp-elements-1b5f2c57d74b3f1cc5fbb0dc0428a0a4\" style=\"color:#0074c8\">Global Cities, Inc. ha desenvolupat un enfocament innovador i basat en dades per a l\u2019ensenyament, l\u2019aprenentatge i l\u2019avaluaci\u00f3 de la compet\u00e8ncia global per als estudiants de prim\u00e0ria i secund\u00e0ria dels EUA. Hem identificat i definit els coneixements, les habilitats, les actituds i els comportaments que necessiten els estudiants per tenir \u00e8xit en el m\u00f3n interconnectat d\u2019avui dia. El nostre Llibre de codis per als resultats globals d\u2019aprenentatge dels estudiants (2023) \u00e9s una eina provada per a la recerca perqu\u00e8 investigadors i educadors entenguin i mesurin fins a quin punt els estudiants estan demostrant l\u2019aprenentatge global en qualsevol programa o aula.<\/p>\n<\/div>\n<\/div>\n\n\n\n<div style=\"height:54px\" aria-hidden=\"true\" class=\"wp-block-spacer\"><\/div>\n\n\n\n<div class=\"wp-block-buttons is-content-justification-center is-layout-flex wp-container-core-buttons-is-layout-2 wp-block-buttons-is-layout-flex\">\n<div class=\"wp-block-button has-custom-width wp-block-button__width-25 has-custom-font-size is-style-fill has-medium-font-size\"><a class=\"wp-block-button__link has-text-color has-background has-border-color wp-element-button\" href=\"https:\/\/www.globalcities.org\/codebook-catalan\" style=\"border-color:#08a5a2;border-width:3px;color:#08a5a2;background-color:#535353;padding-top:var(--wp--preset--spacing--40);padding-right:var(--wp--preset--spacing--20);padding-bottom:var(--wp--preset--spacing--40);padding-left:var(--wp--preset--spacing--20)\" target=\"_blank\" rel=\"noreferrer noopener\">Ves al WEB<\/a><\/div>\n\n\n\n<div class=\"wp-block-button has-custom-width wp-block-button__width-25 has-custom-font-size is-style-fill has-medium-font-size\"><a class=\"wp-block-button__link has-text-color has-background has-border-color wp-element-button\" href=\"https:\/\/static1.squarespace.com\/static\/58bc9ce2d482e9728b969c2d\/t\/66fc3a8982b1007d283efc7b\/1727806089702\/Codebook+for+Global+Student+Learning+Outcomes+%28Catalan%29.pdf\" style=\"border-color:#08a5a2;border-width:3px;color:#08a5a2;background-color:#535353;padding-top:var(--wp--preset--spacing--40);padding-right:var(--wp--preset--spacing--20);padding-bottom:var(--wp--preset--spacing--40);padding-left:var(--wp--preset--spacing--20)\" target=\"_blank\" rel=\"noreferrer noopener\">Ves al Document<\/a><\/div>\n\n\n\n<div class=\"wp-block-button has-custom-width wp-block-button__width-25 has-custom-font-size is-style-fill has-medium-font-size\"><a class=\"wp-block-button__link has-text-color has-background has-border-color wp-element-button\" href=\"https:\/\/vimeo.com\/1010350400?&amp;login=true#_=_\" style=\"border-color:#08a5a2;border-width:3px;color:#08a5a2;background-color:#535353;padding-top:var(--wp--preset--spacing--40);padding-right:var(--wp--preset--spacing--20);padding-bottom:var(--wp--preset--spacing--40);padding-left:var(--wp--preset--spacing--20)\" target=\"_blank\" rel=\"noreferrer noopener\">Ves al v\u00eddeo guia<\/a><\/div>\n<\/div>\n\n\n\n<div style=\"height:51px\" aria-hidden=\"true\" class=\"wp-block-spacer\"><\/div>\n\n\n\n<h3 class=\"wp-block-heading has-text-align-center has-text-color has-background\" style=\"color:#08a5a2;background-color:#535353\">Nous v\u00eddeos per aprofundir en la ciutadania democr\u00e0tica i consci\u00e8ncia global<\/h3>\n\n\n\n<div style=\"height:49px\" aria-hidden=\"true\" class=\"wp-block-spacer\"><\/div>\n\n\n\n<div class=\"wp-block-columns is-layout-flex wp-container-core-columns-is-layout-4 wp-block-columns-is-layout-flex\">\n<div class=\"wp-block-column caixa educacio-basica has-background is-layout-flow wp-block-column-is-layout-flow\" style=\"background-color:#ececed\">\n<h4 class=\"wp-block-heading has-text-align-center\">Compet\u00e8ncies per afrontar reptes globals i fer aportacions en l&#8217;entorn local<\/h4>\n\n\n\n<div style=\"height:16px\" aria-hidden=\"true\" class=\"wp-block-spacer\"><\/div>\n\n\n\n<iframe loading=\"lazy\" width=\"560\" height=\"315\" src=\"https:\/\/www.youtube.com\/embed\/INwlJfVPC1s?si=3TLods3KvZobqh-U\" title=\"YouTube video player\" frameborder=\"0\" allow=\"accelerometer; autoplay; clipboard-write; encrypted-media; gyroscope; picture-in-picture; web-share\" referrerpolicy=\"strict-origin-when-cross-origin\" allowfullscreen><\/iframe>\n<\/div>\n\n\n\n<div class=\"wp-block-column caixa educacio-basica has-background is-layout-flow wp-block-column-is-layout-flow\" style=\"background-color:#ececed\">\n<h4 class=\"wp-block-heading has-text-align-center\">El rol transformador de l\u2019escola per crear una ciutadania cr\u00edtica i activa<\/h4>\n\n\n\n<div style=\"height:13px\" aria-hidden=\"true\" class=\"wp-block-spacer\"><\/div>\n\n\n\n<iframe loading=\"lazy\" width=\"560\" height=\"315\" src=\"https:\/\/www.youtube.com\/embed\/9sbXtR5J8eU?si=0_vPjSGfBi0P-k6K\" title=\"YouTube video player\" frameborder=\"0\" allow=\"accelerometer; autoplay; clipboard-write; encrypted-media; gyroscope; picture-in-picture; web-share\" referrerpolicy=\"strict-origin-when-cross-origin\" allowfullscreen><\/iframe>\n<\/div>\n\n\n\n<div class=\"wp-block-column caixa educacio-basica has-background is-layout-flow wp-block-column-is-layout-flow\" style=\"background-color:#ececed\">\n<h4 class=\"wp-block-heading has-text-align-center\">Teixint futurs, educaci\u00f3 i globalitzaci\u00f3<\/h4>\n\n\n\n<div style=\"height:38px\" aria-hidden=\"true\" class=\"wp-block-spacer\"><\/div>\n\n\n\n<iframe loading=\"lazy\" width=\"560\" height=\"315\" src=\"https:\/\/www.youtube.com\/embed\/Mch3rjLgQns?si=p7okD5V5Kq3sJZd3\" title=\"YouTube video player\" frameborder=\"0\" allow=\"accelerometer; autoplay; clipboard-write; encrypted-media; gyroscope; picture-in-picture; web-share\" referrerpolicy=\"strict-origin-when-cross-origin\" allowfullscreen><\/iframe>\n<\/div>\n<\/div>\n\n\n\n<div style=\"height:64px\" aria-hidden=\"true\" class=\"wp-block-spacer\"><\/div>\n\n\n\n<div class=\"wp-block-columns is-layout-flex wp-container-core-columns-is-layout-5 wp-block-columns-is-layout-flex\">\n<div class=\"wp-block-column caixa educacio-basica has-background is-layout-flow wp-block-column-is-layout-flow\" style=\"background-color:#ececed\">\n<h4 class=\"wp-block-heading has-text-align-center\">Ciutadania a l\u2019aula. Una mirada des de les ci\u00e8ncies socials<\/h4>\n\n\n\n<div style=\"height:34px\" aria-hidden=\"true\" class=\"wp-block-spacer\"><\/div>\n\n\n\n<iframe loading=\"lazy\" width=\"560\" height=\"315\" src=\"https:\/\/www.youtube.com\/embed\/KuGzgnOhcSs?si=jU2YoV3iasP8mOw0\" title=\"YouTube video player\" frameborder=\"0\" allow=\"accelerometer; autoplay; clipboard-write; encrypted-media; gyroscope; picture-in-picture; web-share\" referrerpolicy=\"strict-origin-when-cross-origin\" allowfullscreen><\/iframe>\n<\/div>\n\n\n\n<div class=\"wp-block-column caixa educacio-basica has-background is-layout-flow wp-block-column-is-layout-flow\" style=\"background-color:#ececed\">\n<h4 class=\"wp-block-heading has-text-align-center\">El Projecte Alian\u00e7a de l\u2019Escola Sant Ll\u00e0tzer<\/h4>\n\n\n\n<div style=\"height:41px\" aria-hidden=\"true\" class=\"wp-block-spacer\"><\/div>\n\n\n\n<iframe loading=\"lazy\" width=\"560\" height=\"315\" src=\"https:\/\/www.youtube.com\/embed\/9XNaJLM5Iq4?si=rkTUCZbW8gPzGcIp\" title=\"YouTube video player\" frameborder=\"0\" allow=\"accelerometer; autoplay; clipboard-write; encrypted-media; gyroscope; picture-in-picture; web-share\" referrerpolicy=\"strict-origin-when-cross-origin\" allowfullscreen><\/iframe>\n<\/div>\n\n\n\n<div class=\"wp-block-column caixa educacio-basica has-background is-layout-flow wp-block-column-is-layout-flow\" style=\"background-color:#ececed\">\n<h4 class=\"wp-block-heading has-text-align-center\">Finestra al m\u00f3n: una experi\u00e8ncia d\u2019aprenentatge servei a l\u2019educaci\u00f3 d\u2019adults<\/h4>\n\n\n\n<div style=\"height:13px\" aria-hidden=\"true\" class=\"wp-block-spacer\"><\/div>\n\n\n\n<iframe loading=\"lazy\" width=\"560\" height=\"315\" src=\"https:\/\/www.youtube.com\/embed\/lXUC_w7-UGQ?si=-63rxJ0RtrLW6-LX\" title=\"YouTube video player\" frameborder=\"0\" allow=\"accelerometer; autoplay; clipboard-write; encrypted-media; gyroscope; picture-in-picture; web-share\" referrerpolicy=\"strict-origin-when-cross-origin\" allowfullscreen><\/iframe>\n<\/div>\n<\/div>\n\n\n\n<div style=\"height:70px\" aria-hidden=\"true\" class=\"wp-block-spacer\"><\/div>\n\n\n\n<div class=\"wp-block-columns is-layout-flex wp-container-core-columns-is-layout-6 wp-block-columns-is-layout-flex\">\n<div class=\"wp-block-column caixa educacio-basica has-background is-layout-flow wp-block-column-is-layout-flow\" style=\"background-color:#ececed\">\n<h4 class=\"wp-block-heading has-text-align-center\">Educar futurs ciutadans a l\u2019institut<\/h4>\n\n\n\n<div style=\"height:34px\" aria-hidden=\"true\" class=\"wp-block-spacer\"><\/div>\n\n\n\n<iframe loading=\"lazy\" width=\"560\" height=\"315\" src=\"https:\/\/www.youtube.com\/embed\/j9BI2UHp154?si=_bCQ_-OlLo67Jft5\" title=\"YouTube video player\" frameborder=\"0\" allow=\"accelerometer; autoplay; clipboard-write; encrypted-media; gyroscope; picture-in-picture; web-share\" referrerpolicy=\"strict-origin-when-cross-origin\" allowfullscreen><\/iframe>\n<\/div>\n\n\n\n<div class=\"wp-block-column caixa educacio-basica has-background is-layout-flow wp-block-column-is-layout-flow\" style=\"background-color:#ececed\">\n<h4 class=\"wp-block-heading has-text-align-center\">Projectes d\u2019aprenentatge servei com a eina de transformaci\u00f3 social<\/h4>\n\n\n\n<div style=\"height:13px\" aria-hidden=\"true\" class=\"wp-block-spacer\"><\/div>\n\n\n\n<iframe loading=\"lazy\" width=\"560\" height=\"315\" src=\"https:\/\/www.youtube.com\/embed\/IJWSbbZfwIY?si=U8VKuMoUJH_59G42\" title=\"YouTube video player\" frameborder=\"0\" allow=\"accelerometer; autoplay; clipboard-write; encrypted-media; gyroscope; picture-in-picture; web-share\" referrerpolicy=\"strict-origin-when-cross-origin\" allowfullscreen><\/iframe>\n<\/div>\n\n\n\n<div class=\"wp-block-column caixa educacio-basica has-background is-layout-flow wp-block-column-is-layout-flow\" style=\"background-color:#ececed\">\n<h4 class=\"wp-block-heading has-text-align-center\">Parlem de racisme i educaci\u00f3<\/h4>\n\n\n\n<div style=\"height:65px\" aria-hidden=\"true\" class=\"wp-block-spacer\"><\/div>\n\n\n\n<iframe loading=\"lazy\" width=\"560\" height=\"315\" src=\"https:\/\/www.youtube.com\/embed\/E0ENPextJTg?si=9W8-ku7r8nHeS17y\" title=\"YouTube video player\" frameborder=\"0\" allow=\"accelerometer; autoplay; clipboard-write; encrypted-media; gyroscope; picture-in-picture; web-share\" referrerpolicy=\"strict-origin-when-cross-origin\" allowfullscreen><\/iframe>\n<\/div>\n<\/div>\n\n\n\n<div style=\"height:100px\" aria-hidden=\"true\" class=\"wp-block-spacer\"><\/div>\n","protected":false},"excerpt":{"rendered":"<p>Explora la nostra gamma de recursos i descobreix com integrar la ciutadania democr\u00e0tica i la consci\u00e8ncia global de manera significativa i efectiva en el teu entorn educatiu. Junts, podem contribuir a formar ciutadans globals compromesos amb els drets humans, la igualtat i la just\u00edcia social, potenciant la participaci\u00f3 activa dels estudiants en la construcci\u00f3 d&#8217;una [&hellip;]<\/p>\n","protected":false},"author":7,"featured_media":0,"parent":10042,"menu_order":0,"comment_status":"closed","ping_status":"close","template":"","meta":{"_acf_changed":false,"site-sidebar-layout":"default","site-content-layout":"","ast-site-content-layout":"default","site-content-style":"default","site-sidebar-style":"default","ast-global-header-display":"","ast-banner-title-visibility":"","ast-main-header-display":"","ast-hfb-above-header-display":"","ast-hfb-below-header-display":"","ast-hfb-mobile-header-display":"","site-post-title":"","ast-breadcrumbs-content":"","ast-featured-img":"","footer-sml-layout":"","theme-transparent-header-meta":"","adv-header-id-meta":"","stick-header-meta":"","header-above-stick-meta":"","header-main-stick-meta":"","header-below-stick-meta":"","astra-migrate-meta-layouts":"set","ast-page-background-enabled":"default","ast-page-background-meta":{"desktop":{"background-color":"","background-image":"","background-repeat":"repeat","background-position":"center center","background-size":"auto","background-attachment":"scroll","background-type":"","background-media":"","overlay-type":"","overlay-color":"","overlay-opacity":"","overlay-gradient":""},"tablet":{"background-color":"","background-image":"","background-repeat":"repeat","background-position":"center center","background-size":"auto","background-attachment":"scroll","background-type":"","background-media":"","overlay-type":"","overlay-color":"","overlay-opacity":"","overlay-gradient":""},"mobile":{"background-color":"","background-image":"","background-repeat":"repeat","background-position":"center center","background-size":"auto","background-attachment":"scroll","background-type":"","background-media":"","overlay-type":"","overlay-color":"","overlay-opacity":"","overlay-gradient":""}},"ast-content-background-meta":{"desktop":{"background-color":"var(--ast-global-color-5)","background-image":"","background-repeat":"repeat","background-position":"center center","background-size":"auto","background-attachment":"scroll","background-type":"","background-media":"","overlay-type":"","overlay-color":"","overlay-opacity":"","overlay-gradient":""},"tablet":{"background-color":"var(--ast-global-color-5)","background-image":"","background-repeat":"repeat","background-position":"center center","background-size":"auto","background-attachment":"scroll","background-type":"","background-media":"","overlay-type":"","overlay-color":"","overlay-opacity":"","overlay-gradient":""},"mobile":{"background-color":"var(--ast-global-color-5)","background-image":"","background-repeat":"repeat","background-position":"center center","background-size":"auto","background-attachment":"scroll","background-type":"","background-media":"","overlay-type":"","overlay-color":"","overlay-opacity":"","overlay-gradient":""}},"footnotes":""},"class_list":["post-13480","page","type-page","status-publish","hentry"],"acf":[],"post_mailing_queue_ids":[],"_links":{"self":[{"href":"https:\/\/projectes.xtec.cat\/nou-curriculum\/wp-json\/wp\/v2\/pages\/13480","targetHints":{"allow":["GET"]}}],"collection":[{"href":"https:\/\/projectes.xtec.cat\/nou-curriculum\/wp-json\/wp\/v2\/pages"}],"about":[{"href":"https:\/\/projectes.xtec.cat\/nou-curriculum\/wp-json\/wp\/v2\/types\/page"}],"author":[{"embeddable":true,"href":"https:\/\/projectes.xtec.cat\/nou-curriculum\/wp-json\/wp\/v2\/users\/7"}],"replies":[{"embeddable":true,"href":"https:\/\/projectes.xtec.cat\/nou-curriculum\/wp-json\/wp\/v2\/comments?post=13480"}],"version-history":[{"count":5,"href":"https:\/\/projectes.xtec.cat\/nou-curriculum\/wp-json\/wp\/v2\/pages\/13480\/revisions"}],"predecessor-version":[{"id":14437,"href":"https:\/\/projectes.xtec.cat\/nou-curriculum\/wp-json\/wp\/v2\/pages\/13480\/revisions\/14437"}],"up":[{"embeddable":true,"href":"https:\/\/projectes.xtec.cat\/nou-curriculum\/wp-json\/wp\/v2\/pages\/10042"}],"wp:attachment":[{"href":"https:\/\/projectes.xtec.cat\/nou-curriculum\/wp-json\/wp\/v2\/media?parent=13480"}],"curies":[{"name":"wp","href":"https:\/\/api.w.org\/{rel}","templated":true}]}}