{"id":13767,"date":"2024-08-02T10:57:04","date_gmt":"2024-08-02T08:57:04","guid":{"rendered":"https:\/\/projectes.xtec.cat\/nou-curriculum\/?page_id=13767"},"modified":"2024-08-06T10:52:37","modified_gmt":"2024-08-06T08:52:37","slug":"projectes-globalitzadors","status":"publish","type":"page","link":"https:\/\/projectes.xtec.cat\/nou-curriculum\/tots-els-recursos\/projectes-globalitzadors\/","title":{"rendered":"Projectes globalitzadors"},"content":{"rendered":"\n<div class=\"wp-block-columns is-layout-flex wp-container-core-columns-is-layout-1 wp-block-columns-is-layout-flex\">\n<div class=\"wp-block-column is-layout-flow wp-block-column-is-layout-flow\" style=\"flex-basis:33.33%\">\n<figure class=\"wp-block-image aligncenter size-large is-resized is-style-default\"><a href=\"https:\/\/projectes.xtec.cat\/nou-curriculum\/wp-content\/uploads\/usu2072\/2024\/08\/projectes-globalitzadors-1.png\"><img loading=\"lazy\" decoding=\"async\" width=\"1024\" height=\"678\" src=\"https:\/\/projectes.xtec.cat\/nou-curriculum\/wp-content\/uploads\/usu2072\/2024\/08\/projectes-globalitzadors-1-1024x678.png\" alt=\"\" class=\"wp-image-13772\" style=\"width:550px;height:auto\" srcset=\"https:\/\/projectes.xtec.cat\/nou-curriculum\/wp-content\/uploads\/usu2072\/2024\/08\/projectes-globalitzadors-1-1024x678.png 1024w, https:\/\/projectes.xtec.cat\/nou-curriculum\/wp-content\/uploads\/usu2072\/2024\/08\/projectes-globalitzadors-1-300x199.png 300w, https:\/\/projectes.xtec.cat\/nou-curriculum\/wp-content\/uploads\/usu2072\/2024\/08\/projectes-globalitzadors-1-768x508.png 768w, https:\/\/projectes.xtec.cat\/nou-curriculum\/wp-content\/uploads\/usu2072\/2024\/08\/projectes-globalitzadors-1-1536x1017.png 1536w, https:\/\/projectes.xtec.cat\/nou-curriculum\/wp-content\/uploads\/usu2072\/2024\/08\/projectes-globalitzadors-1.png 1917w\" sizes=\"auto, (max-width: 1024px) 100vw, 1024px\" \/><\/a><\/figure>\n<\/div>\n\n\n\n<div class=\"wp-block-column is-layout-flow wp-block-column-is-layout-flow\" style=\"flex-basis:66.66%\">\n<p class=\"has-small-font-size\">D&#8217;acord amb el Decret 175\/2022, els centres disposen d&#8217;un percentatge de l&#8217;horari setmanal que han de gestionar de forma aut\u00f2noma.<br>Aquestes hores de qu\u00e8 disposen poden dedicar-se a vertebrar projectes globalitzadors i contextualitzats de car\u00e0cter transversal que tinguin en compte les oportunitats educatives de l&#8217;entorn, a completar un projecte que el centre ja desenvolupa, com el projecte ling\u00fc\u00edstic o de tutoria i orientaci\u00f3, o a resoldre problem\u00e0tiques curriculars que el centre tingui plantejades derivades del seu entorn. <\/p>\n\n\n\n<p class=\"has-small-font-size\">Les propostes que trobeu en aquesta p\u00e0gina ofereixen programes en els quals poden participar els centres educatius i que compleixen les seg\u00fcents caracter\u00edstiques: <\/p>\n\n\n\n<ul class=\"has-small-font-size wp-block-list\">\n<li>La col\u00b7laboraci\u00f3 amb entitats p\u00fabliques o privades que ofereixen productes o serveis.<\/li>\n\n\n\n<li>La participaci\u00f3 en projectes aut\u00e8ntics que tenen una aplicaci\u00f3 en contextos reals.<\/li>\n\n\n\n<li>L&#8217;assessorament al professorat per la implementaci\u00f3 del projecte.<\/li>\n\n\n\n<li>L&#8217;elaboraci\u00f3 de la programaci\u00f3 per part de l&#8217;organitzaci\u00f3 del programa.<\/li>\n\n\n\n<li>L&#8217;elaboraci\u00f3 dels materials necessaris per part de l&#8217;organitzaci\u00f3 del programa<\/li>\n<\/ul>\n<\/div>\n<\/div>\n\n\n\n<div class=\"wp-block-columns is-layout-flex wp-container-core-columns-is-layout-2 wp-block-columns-is-layout-flex\">\n<div class=\"wp-block-column is-layout-flow wp-block-column-is-layout-flow\"><\/div>\n<\/div>\n\n\n\n<p><\/p>\n\n\n\n<h3 class=\"wp-block-heading has-text-color has-link-color wp-elements-6313c72c3faf2150d9ecc678ffacc369\" style=\"color:#b85a6d\"><strong>Trieu el programa que millor s&#8217;adapta al vostre projecte educatiu<\/strong><\/h3>\n\n\n\n<div class=\"wp-block-columns has-background is-layout-flex wp-container-core-columns-is-layout-3 wp-block-columns-is-layout-flex\" style=\"background-color:#b85a6d\">\n<div class=\"wp-block-column caixa-link educacio-basica has-ast-global-color-4-background-color has-background is-layout-flow wp-block-column-is-layout-flow\" id=\"https:\/\/projectes.xtec.cat\/nou-curriculum\/educacio-basica\/programes-innovacio\/programa-de-recerca-creacio-i-servei-rcs\/\">\n<h4 class=\"wp-block-heading has-text-align-center has-text-color has-link-color wp-elements-213be4704e489a371a65e88caee51eca\" style=\"color:#b85a6d\"><strong>Recerca, Creaci\u00f3 i Servei<\/strong><\/h4>\n\n\n\n<figure class=\"wp-block-image aligncenter size-full is-resized is-style-default\"><a href=\"https:\/\/projectes.xtec.cat\/nou-curriculum\/educacio-basica\/programes-innovacio\/programa-de-recerca-creacio-i-servei-rcs\/\" target=\"_blank\" rel=\"noreferrer noopener\"><img loading=\"lazy\" decoding=\"async\" width=\"1018\" height=\"514\" src=\"https:\/\/projectes.xtec.cat\/nou-curriculum\/wp-content\/uploads\/usu2072\/2023\/03\/rcs.png\" alt=\"logo rcs\" class=\"wp-image-11523\" style=\"width:244px;height:auto\" srcset=\"https:\/\/projectes.xtec.cat\/nou-curriculum\/wp-content\/uploads\/usu2072\/2023\/03\/rcs.png 1018w, https:\/\/projectes.xtec.cat\/nou-curriculum\/wp-content\/uploads\/usu2072\/2023\/03\/rcs-300x151.png 300w, https:\/\/projectes.xtec.cat\/nou-curriculum\/wp-content\/uploads\/usu2072\/2023\/03\/rcs-768x388.png 768w\" sizes=\"auto, (max-width: 1018px) 100vw, 1018px\" \/><\/a><\/figure>\n<\/div>\n\n\n\n<div class=\"wp-block-column caixa-link educacio-basica has-ast-global-color-4-background-color has-background is-layout-flow wp-block-column-is-layout-flow\" id=\"https:\/\/projectes.xtec.cat\/nou-curriculum\/general\/animeu-vos-a-participar-amb-els-vostres-alumnes-a-lifest-2024-2025\/\">\n<h4 class=\"wp-block-heading has-text-align-center has-text-color has-link-color wp-elements-75430d74efbd26dfe699d26bab0a36e8\" style=\"color:#b85a6d\"><strong>iFest<\/strong><\/h4>\n\n\n\n<figure class=\"wp-block-image size-full is-style-default\"><a href=\"https:\/\/projectes.xtec.cat\/nou-curriculum\/general\/animeu-vos-a-participar-amb-els-vostres-alumnes-a-lifest-2024-2025\/\" target=\"_blank\" rel=\"noreferrer noopener\"><img loading=\"lazy\" decoding=\"async\" width=\"443\" height=\"157\" src=\"https:\/\/projectes.xtec.cat\/nou-curriculum\/wp-content\/uploads\/usu2072\/2024\/08\/ifest-projectes.jpg\" alt=\"\" class=\"wp-image-13788\" srcset=\"https:\/\/projectes.xtec.cat\/nou-curriculum\/wp-content\/uploads\/usu2072\/2024\/08\/ifest-projectes.jpg 443w, https:\/\/projectes.xtec.cat\/nou-curriculum\/wp-content\/uploads\/usu2072\/2024\/08\/ifest-projectes-300x106.jpg 300w\" sizes=\"auto, (max-width: 443px) 100vw, 443px\" \/><\/a><\/figure>\n<\/div>\n\n\n\n<div class=\"wp-block-column caixa-link educacio-basica has-ast-global-color-4-background-color has-background is-layout-flow wp-block-column-is-layout-flow\" id=\"https:\/\/projectes.xtec.cat\/nou-curriculum\/general\/oberta-la-inscripcio-al-programa-open-cohesion-school-2024-25\/\">\n<h4 class=\"wp-block-heading has-text-align-center has-text-color has-link-color wp-elements-a6c2247239a698a0d382238432b35c9e\" style=\"color:#b85a6d\"><strong>Open Cohesion School<\/strong><\/h4>\n\n\n\n<figure class=\"wp-block-image size-full is-style-default\"><a href=\"https:\/\/projectes.xtec.cat\/nou-curriculum\/general\/oberta-la-inscripcio-al-programa-open-cohesion-school-2024-25\/\" target=\"_blank\" rel=\"noreferrer noopener\"><img loading=\"lazy\" decoding=\"async\" width=\"409\" height=\"123\" src=\"https:\/\/projectes.xtec.cat\/nou-curriculum\/wp-content\/uploads\/usu2072\/2024\/08\/logo-open-cohesion-school.png\" alt=\"\" class=\"wp-image-13786\" srcset=\"https:\/\/projectes.xtec.cat\/nou-curriculum\/wp-content\/uploads\/usu2072\/2024\/08\/logo-open-cohesion-school.png 409w, https:\/\/projectes.xtec.cat\/nou-curriculum\/wp-content\/uploads\/usu2072\/2024\/08\/logo-open-cohesion-school-300x90.png 300w\" sizes=\"auto, (max-width: 409px) 100vw, 409px\" \/><\/a><\/figure>\n<\/div>\n<\/div>\n","protected":false},"excerpt":{"rendered":"<p>D&#8217;acord amb el Decret 175\/2022, els centres disposen d&#8217;un percentatge de l&#8217;horari setmanal que han de gestionar de forma aut\u00f2noma.Aquestes hores de qu\u00e8 disposen poden dedicar-se a vertebrar projectes globalitzadors i contextualitzats de car\u00e0cter transversal que tinguin en compte les oportunitats educatives de l&#8217;entorn, a completar un projecte que el centre ja desenvolupa, com el [&hellip;]<\/p>\n","protected":false},"author":6,"featured_media":0,"parent":8486,"menu_order":0,"comment_status":"closed","ping_status":"close","template":"","meta":{"_acf_changed":false,"site-sidebar-layout":"default","site-content-layout":"","ast-site-content-layout":"default","site-content-style":"default","site-sidebar-style":"default","ast-global-header-display":"","ast-banner-title-visibility":"","ast-main-header-display":"","ast-hfb-above-header-display":"","ast-hfb-below-header-display":"","ast-hfb-mobile-header-display":"","site-post-title":"","ast-breadcrumbs-content":"","ast-featured-img":"","footer-sml-layout":"","theme-transparent-header-meta":"","adv-header-id-meta":"","stick-header-meta":"","header-above-stick-meta":"","header-main-stick-meta":"","header-below-stick-meta":"","astra-migrate-meta-layouts":"set","ast-page-background-enabled":"default","ast-page-background-meta":{"desktop":{"background-color":"","background-image":"","background-repeat":"repeat","background-position":"center center","background-size":"auto","background-attachment":"scroll","background-type":"","background-media":"","overlay-type":"","overlay-color":"","overlay-opacity":"","overlay-gradient":""},"tablet":{"background-color":"","background-image":"","background-repeat":"repeat","background-position":"center center","background-size":"auto","background-attachment":"scroll","background-type":"","background-media":"","overlay-type":"","overlay-color":"","overlay-opacity":"","overlay-gradient":""},"mobile":{"background-color":"","background-image":"","background-repeat":"repeat","background-position":"center center","background-size":"auto","background-attachment":"scroll","background-type":"","background-media":"","overlay-type":"","overlay-color":"","overlay-opacity":"","overlay-gradient":""}},"ast-content-background-meta":{"desktop":{"background-color":"var(--ast-global-color-5)","background-image":"","background-repeat":"repeat","background-position":"center center","background-size":"auto","background-attachment":"scroll","background-type":"","background-media":"","overlay-type":"","overlay-color":"","overlay-opacity":"","overlay-gradient":""},"tablet":{"background-color":"var(--ast-global-color-5)","background-image":"","background-repeat":"repeat","background-position":"center center","background-size":"auto","background-attachment":"scroll","background-type":"","background-media":"","overlay-type":"","overlay-color":"","overlay-opacity":"","overlay-gradient":""},"mobile":{"background-color":"var(--ast-global-color-5)","background-image":"","background-repeat":"repeat","background-position":"center center","background-size":"auto","background-attachment":"scroll","background-type":"","background-media":"","overlay-type":"","overlay-color":"","overlay-opacity":"","overlay-gradient":""}},"footnotes":""},"class_list":["post-13767","page","type-page","status-publish","hentry"],"acf":[],"post_mailing_queue_ids":[],"_links":{"self":[{"href":"https:\/\/projectes.xtec.cat\/nou-curriculum\/wp-json\/wp\/v2\/pages\/13767","targetHints":{"allow":["GET"]}}],"collection":[{"href":"https:\/\/projectes.xtec.cat\/nou-curriculum\/wp-json\/wp\/v2\/pages"}],"about":[{"href":"https:\/\/projectes.xtec.cat\/nou-curriculum\/wp-json\/wp\/v2\/types\/page"}],"author":[{"embeddable":true,"href":"https:\/\/projectes.xtec.cat\/nou-curriculum\/wp-json\/wp\/v2\/users\/6"}],"replies":[{"embeddable":true,"href":"https:\/\/projectes.xtec.cat\/nou-curriculum\/wp-json\/wp\/v2\/comments?post=13767"}],"version-history":[{"count":5,"href":"https:\/\/projectes.xtec.cat\/nou-curriculum\/wp-json\/wp\/v2\/pages\/13767\/revisions"}],"predecessor-version":[{"id":13829,"href":"https:\/\/projectes.xtec.cat\/nou-curriculum\/wp-json\/wp\/v2\/pages\/13767\/revisions\/13829"}],"up":[{"embeddable":true,"href":"https:\/\/projectes.xtec.cat\/nou-curriculum\/wp-json\/wp\/v2\/pages\/8486"}],"wp:attachment":[{"href":"https:\/\/projectes.xtec.cat\/nou-curriculum\/wp-json\/wp\/v2\/media?parent=13767"}],"curies":[{"name":"wp","href":"https:\/\/api.w.org\/{rel}","templated":true}]}}