{"id":16858,"date":"2026-04-17T14:05:01","date_gmt":"2026-04-17T12:05:01","guid":{"rendered":"https:\/\/projectes.xtec.cat\/nou-curriculum\/?page_id=16858"},"modified":"2026-04-17T14:05:02","modified_gmt":"2026-04-17T12:05:02","slug":"orientacions-curriculars-ei","status":"publish","type":"page","link":"https:\/\/projectes.xtec.cat\/nou-curriculum\/orientacions-curriculars-ei\/","title":{"rendered":"Orientacions curriculars EI"},"content":{"rendered":"\n<h2 class=\"wp-block-heading caixa has-ast-global-color-5-color has-text-color has-background has-link-color wp-elements-49b24600f2d9ce64661127d14f5b97fe\" style=\"background-color:#7474c1\"><strong>Orientacions curriculars per a l&#8217;etapa d&#8217;educaci\u00f3 infantil<\/strong><\/h2>\n\n\n\n<div style=\"height:10px\" aria-hidden=\"true\" class=\"wp-block-spacer\"><\/div>\n\n\n\n<div class=\"wp-block-columns is-layout-flex wp-container-core-columns-is-layout-3 wp-block-columns-is-layout-flex\">\n<div class=\"wp-block-column is-layout-flow wp-block-column-is-layout-flow\" style=\"flex-basis:66.66%\">\n<p class=\"has-medium-font-size\">Les &#8220;Orientacions curriculars per a l\u2019etapa d\u2019educaci\u00f3 infantil&#8221; <strong>s\u00f3n una invitaci\u00f3 a la reflexi\u00f3 pedag\u00f2gica compartida<\/strong>, tant per als equips que comencen el cam\u00ed com per als que ja tenen una llarga traject\u00f2ria. Llegir-lo \u00e9s una oportunitat per continuar aprenent i per seguir fent cr\u00e9ixer la qualitat educativa de l\u2019etapa d\u2019educaci\u00f3 infantil.<br><br>Aquest document, elaborat a partir de la normativa vigent actual, s\u2019organitza en <strong>quatre apartats<\/strong>.<br><br>\u2022 El primer apartat explora <strong>les deu idees clau<\/strong> que constitueixen el pilar fonamental de l\u2019etapa.<br><br>\u2022 El segon presenta i esmicola el <strong>Decret 21\/2023<\/strong>, inclosos els <strong>elements curriculars<\/strong> i les <strong>situacions d\u2019aprenentatge<\/strong> a l\u2019educaci\u00f3 infantil.<br><br>\u2022 El tercer apartat se centra en el seguiment i<strong> l\u2019avaluaci\u00f3 dels infants<\/strong>, un proc\u00e9s circular i continu que \u00e9s essencial per comprendre i acompanyar cada infant.<br><br>\u2022 El quart apartat, posa el focus en la inclusi\u00f3 i ajuda a entendre com es concreta un <strong>sistema educatiu veritablement inclusiu<\/strong> en el primer i segon cicle d\u2019educaci\u00f3 infantil.<\/p>\n\n\n\n<div class=\"wp-block-columns is-layout-flex wp-container-core-columns-is-layout-1 wp-block-columns-is-layout-flex\">\n<div class=\"wp-block-column caixa-link is-layout-flow wp-block-column-is-layout-flow\" style=\"flex-basis:22%\" id=\"https:\/\/drive.google.com\/file\/d\/1at5etulDn_BbVmv4uLy_x69xB16aCwR-\/view?usp=sharing\">\n<figure class=\"wp-block-image size-full\"><img loading=\"lazy\" decoding=\"async\" width=\"471\" height=\"667\" src=\"https:\/\/projectes.xtec.cat\/nou-curriculum\/wp-content\/uploads\/usu2072\/2026\/04\/1.png\" alt=\"\" class=\"wp-image-16874\" srcset=\"https:\/\/projectes.xtec.cat\/nou-curriculum\/wp-content\/uploads\/usu2072\/2026\/04\/1.png 471w, https:\/\/projectes.xtec.cat\/nou-curriculum\/wp-content\/uploads\/usu2072\/2026\/04\/1-212x300.png 212w\" sizes=\"auto, (max-width: 471px) 100vw, 471px\" \/><\/figure>\n<\/div>\n\n\n\n<div class=\"wp-block-column caixa-link is-layout-flow wp-block-column-is-layout-flow\" style=\"flex-basis:22%\" id=\"https:\/\/drive.google.com\/file\/d\/1SlH5-3xFoMqOCKwvRatHgRjXvJDQqICj\/view?usp=sharing\">\n<figure class=\"wp-block-image size-full\"><img loading=\"lazy\" decoding=\"async\" width=\"466\" height=\"664\" src=\"https:\/\/projectes.xtec.cat\/nou-curriculum\/wp-content\/uploads\/usu2072\/2026\/04\/2.png\" alt=\"\" class=\"wp-image-16875\" srcset=\"https:\/\/projectes.xtec.cat\/nou-curriculum\/wp-content\/uploads\/usu2072\/2026\/04\/2.png 466w, https:\/\/projectes.xtec.cat\/nou-curriculum\/wp-content\/uploads\/usu2072\/2026\/04\/2-211x300.png 211w\" sizes=\"auto, (max-width: 466px) 100vw, 466px\" \/><\/figure>\n<\/div>\n\n\n\n<div class=\"wp-block-column caixa-link is-layout-flow wp-block-column-is-layout-flow\" style=\"flex-basis:22%\" id=\"https:\/\/drive.google.com\/file\/d\/1M8Yj6SByEBIITDxT35ax6RYqKRawdF3W\/view?usp=sharing\">\n<figure class=\"wp-block-image size-full\"><img loading=\"lazy\" decoding=\"async\" width=\"466\" height=\"663\" src=\"https:\/\/projectes.xtec.cat\/nou-curriculum\/wp-content\/uploads\/usu2072\/2026\/04\/3.png\" alt=\"\" class=\"wp-image-16876\" srcset=\"https:\/\/projectes.xtec.cat\/nou-curriculum\/wp-content\/uploads\/usu2072\/2026\/04\/3.png 466w, https:\/\/projectes.xtec.cat\/nou-curriculum\/wp-content\/uploads\/usu2072\/2026\/04\/3-211x300.png 211w\" sizes=\"auto, (max-width: 466px) 100vw, 466px\" \/><\/figure>\n<\/div>\n\n\n\n<div class=\"wp-block-column is-layout-flow wp-block-column-is-layout-flow\" style=\"flex-basis:22%\">\n<figure class=\"wp-block-image size-full caixa-link\" id=\"https:\/\/drive.google.com\/file\/d\/1WbUa4FdrrDwBpBTzsYgDwdLcC0SgfnBc\/view?usp=sharing\"><img loading=\"lazy\" decoding=\"async\" width=\"468\" height=\"670\" src=\"https:\/\/projectes.xtec.cat\/nou-curriculum\/wp-content\/uploads\/usu2072\/2026\/04\/4.png\" alt=\"\" class=\"wp-image-16877\" srcset=\"https:\/\/projectes.xtec.cat\/nou-curriculum\/wp-content\/uploads\/usu2072\/2026\/04\/4.png 468w, https:\/\/projectes.xtec.cat\/nou-curriculum\/wp-content\/uploads\/usu2072\/2026\/04\/4-210x300.png 210w\" sizes=\"auto, (max-width: 468px) 100vw, 468px\" \/><\/figure>\n<\/div>\n<\/div>\n<\/div>\n\n\n\n<div class=\"wp-block-column is-layout-flow wp-block-column-is-layout-flow\" style=\"flex-basis:33.33%\">\n<div class=\"wp-block-buttons alignfull is-content-justification-center is-layout-flex wp-container-core-buttons-is-layout-1 wp-block-buttons-is-layout-flex\">\n<div class=\"wp-block-button has-custom-width wp-block-button__width-75\"><a class=\"wp-block-button__link has-text-color has-background has-link-color wp-element-button\" style=\"color:#7474c1;background-color:#7474c1\">PROXIMAMENT<\/a><\/div>\n<\/div>\n\n\n\n<div style=\"height:10px\" aria-hidden=\"true\" class=\"wp-block-spacer\"><\/div>\n\n\n\n<div class=\"wp-block-columns is-layout-flex wp-container-core-columns-is-layout-2 wp-block-columns-is-layout-flex\">\n<div class=\"wp-block-column caixa-link is-layout-flow wp-block-column-is-layout-flow\" id=\"https:\/\/drive.google.com\/file\/d\/1Ag-FGA4L843pA3ilUVs6CnS1jBvykZk2\/view?usp=sharing\">\n<div style=\"height:10px\" aria-hidden=\"true\" class=\"wp-block-spacer\"><\/div>\n\n\n\n<figure class=\"wp-block-image aligncenter size-full is-resized\"><img loading=\"lazy\" decoding=\"async\" width=\"243\" height=\"340\" src=\"https:\/\/projectes.xtec.cat\/nou-curriculum\/wp-content\/uploads\/usu2072\/2026\/04\/Imatge-que-conte-text-calcat-persona-disseny-Pot-ser-que-el-contingut-generat-per-IA-no-sigui-correcte_-1.png\" alt=\"\" class=\"wp-image-16867\" style=\"width:322px;height:auto\" srcset=\"https:\/\/projectes.xtec.cat\/nou-curriculum\/wp-content\/uploads\/usu2072\/2026\/04\/Imatge-que-conte-text-calcat-persona-disseny-Pot-ser-que-el-contingut-generat-per-IA-no-sigui-correcte_-1.png 243w, https:\/\/projectes.xtec.cat\/nou-curriculum\/wp-content\/uploads\/usu2072\/2026\/04\/Imatge-que-conte-text-calcat-persona-disseny-Pot-ser-que-el-contingut-generat-per-IA-no-sigui-correcte_-1-214x300.png 214w\" sizes=\"auto, (max-width: 243px) 100vw, 243px\" \/><\/figure>\n<\/div>\n<\/div>\n\n\n\n<div style=\"height:10px\" aria-hidden=\"true\" class=\"wp-block-spacer\"><\/div>\n\n\n\n<figure class=\"wp-block-image size-large\"><img loading=\"lazy\" decoding=\"async\" width=\"1024\" height=\"279\" src=\"https:\/\/projectes.xtec.cat\/nou-curriculum\/wp-content\/uploads\/usu2072\/2026\/04\/prox-1024x279.png\" alt=\"\" class=\"wp-image-16870\" srcset=\"https:\/\/projectes.xtec.cat\/nou-curriculum\/wp-content\/uploads\/usu2072\/2026\/04\/prox-1024x279.png 1024w, https:\/\/projectes.xtec.cat\/nou-curriculum\/wp-content\/uploads\/usu2072\/2026\/04\/prox-300x82.png 300w, https:\/\/projectes.xtec.cat\/nou-curriculum\/wp-content\/uploads\/usu2072\/2026\/04\/prox-768x209.png 768w, https:\/\/projectes.xtec.cat\/nou-curriculum\/wp-content\/uploads\/usu2072\/2026\/04\/prox.png 1299w\" sizes=\"auto, (max-width: 1024px) 100vw, 1024px\" \/><\/figure>\n<\/div>\n\n\n\n<div class=\"wp-block-column is-layout-flow wp-block-column-is-layout-flow\"><\/div>\n<\/div>\n\n\n\n<div style=\"height:10px\" aria-hidden=\"true\" class=\"wp-block-spacer\"><\/div>\n","protected":false},"excerpt":{"rendered":"<p>Orientacions curriculars per a l&#8217;etapa d&#8217;educaci\u00f3 infantil Les &#8220;Orientacions curriculars per a l\u2019etapa d\u2019educaci\u00f3 infantil&#8221; s\u00f3n una invitaci\u00f3 a la reflexi\u00f3 pedag\u00f2gica compartida, tant per als equips que comencen el cam\u00ed com per als que ja tenen una llarga traject\u00f2ria. Llegir-lo \u00e9s una oportunitat per continuar aprenent i per seguir fent cr\u00e9ixer la qualitat educativa [&hellip;]<\/p>\n","protected":false},"author":7,"featured_media":0,"parent":0,"menu_order":0,"comment_status":"closed","ping_status":"close","template":"","meta":{"_acf_changed":false,"site-sidebar-layout":"default","site-content-layout":"","ast-site-content-layout":"default","site-content-style":"default","site-sidebar-style":"default","ast-global-header-display":"","ast-banner-title-visibility":"","ast-main-header-display":"","ast-hfb-above-header-display":"","ast-hfb-below-header-display":"","ast-hfb-mobile-header-display":"","site-post-title":"disabled","ast-breadcrumbs-content":"","ast-featured-img":"","footer-sml-layout":"","theme-transparent-header-meta":"","adv-header-id-meta":"","stick-header-meta":"","header-above-stick-meta":"","header-main-stick-meta":"","header-below-stick-meta":"","astra-migrate-meta-layouts":"set","ast-page-background-enabled":"default","ast-page-background-meta":{"desktop":{"background-color":"","background-image":"","background-repeat":"repeat","background-position":"center center","background-size":"auto","background-attachment":"scroll","background-type":"","background-media":"","overlay-type":"","overlay-color":"","overlay-opacity":"","overlay-gradient":""},"tablet":{"background-color":"","background-image":"","background-repeat":"repeat","background-position":"center center","background-size":"auto","background-attachment":"scroll","background-type":"","background-media":"","overlay-type":"","overlay-color":"","overlay-opacity":"","overlay-gradient":""},"mobile":{"background-color":"","background-image":"","background-repeat":"repeat","background-position":"center center","background-size":"auto","background-attachment":"scroll","background-type":"","background-media":"","overlay-type":"","overlay-color":"","overlay-opacity":"","overlay-gradient":""}},"ast-content-background-meta":{"desktop":{"background-color":"var(--ast-global-color-5)","background-image":"","background-repeat":"repeat","background-position":"center center","background-size":"auto","background-attachment":"scroll","background-type":"","background-media":"","overlay-type":"","overlay-color":"","overlay-opacity":"","overlay-gradient":""},"tablet":{"background-color":"var(--ast-global-color-5)","background-image":"","background-repeat":"repeat","background-position":"center center","background-size":"auto","background-attachment":"scroll","background-type":"","background-media":"","overlay-type":"","overlay-color":"","overlay-opacity":"","overlay-gradient":""},"mobile":{"background-color":"var(--ast-global-color-5)","background-image":"","background-repeat":"repeat","background-position":"center center","background-size":"auto","background-attachment":"scroll","background-type":"","background-media":"","overlay-type":"","overlay-color":"","overlay-opacity":"","overlay-gradient":""}},"footnotes":""},"class_list":["post-16858","page","type-page","status-publish","hentry"],"acf":[],"post_mailing_queue_ids":[],"_links":{"self":[{"href":"https:\/\/projectes.xtec.cat\/nou-curriculum\/wp-json\/wp\/v2\/pages\/16858","targetHints":{"allow":["GET"]}}],"collection":[{"href":"https:\/\/projectes.xtec.cat\/nou-curriculum\/wp-json\/wp\/v2\/pages"}],"about":[{"href":"https:\/\/projectes.xtec.cat\/nou-curriculum\/wp-json\/wp\/v2\/types\/page"}],"author":[{"embeddable":true,"href":"https:\/\/projectes.xtec.cat\/nou-curriculum\/wp-json\/wp\/v2\/users\/7"}],"replies":[{"embeddable":true,"href":"https:\/\/projectes.xtec.cat\/nou-curriculum\/wp-json\/wp\/v2\/comments?post=16858"}],"version-history":[{"count":6,"href":"https:\/\/projectes.xtec.cat\/nou-curriculum\/wp-json\/wp\/v2\/pages\/16858\/revisions"}],"predecessor-version":[{"id":16881,"href":"https:\/\/projectes.xtec.cat\/nou-curriculum\/wp-json\/wp\/v2\/pages\/16858\/revisions\/16881"}],"wp:attachment":[{"href":"https:\/\/projectes.xtec.cat\/nou-curriculum\/wp-json\/wp\/v2\/media?parent=16858"}],"curies":[{"name":"wp","href":"https:\/\/api.w.org\/{rel}","templated":true}]}}