{"id":8211,"date":"2021-02-15T22:43:15","date_gmt":"2021-02-15T21:43:15","guid":{"rendered":"https:\/\/projectes.xtec.cat\/origen\/?page_id=8211"},"modified":"2025-05-13T14:30:15","modified_gmt":"2025-05-13T12:30:15","slug":"arab","status":"publish","type":"page","link":"https:\/\/projectes.xtec.cat\/origen\/arab\/","title":{"rendered":"\u00c0RAB"},"content":{"rendered":"<div class=\"row\">\n<div class=\"basic_text_peq col-xs-12\">\n<div class=\"pd-15x\">\n<p>Diversos centres educatius ofereixen cursos de llengua \u00e0rab i cultura marroquina en horari extraescolar. Aquesta actuaci\u00f3 es desenvolupa en el marc del Conveni de Cooperaci\u00f3 Cultural signat entre l\u2019Estat espanyol i el Govern del Regne del Marroc el 1980 i que va entrar en vigor el 1985. Aquest conveni estableix les bases del programa de Llengua \u00c0rab i Cultura Marroquina (LACM), implantat de manera oficial a l\u2019Estat espanyol el curs 1994-1995. El programa preveu dues modalitats formatives: en horari lectiu i en horari extraescolar. Les classes s\u00f3n impartides per professorat funcionari del Ministeri marroqu\u00ed d\u2019Educaci\u00f3 Nacional i destinat a Catalunya per un per\u00edode m\u00ednim de quatre anys.<\/p>\n<p>Les classes s\u2019ofereixen a alumnat de prim\u00e0ria i secund\u00e0ria obligat\u00f2ria i s\u00f3n gratu\u00eftes. Els alumnes de m\u00e9s de 15 anys poden obtenir un certificat oficial de coneixement de l\u2019\u00e0rab a trav\u00e9s de les escoles oficials d\u2019idiomes.<\/p>\n<\/div>\n<p>Aix\u00ed mateix, tal com recull el document Model ling\u00fc\u00edstic del sistema educatiu de Catalunya, la composici\u00f3 ling\u00fc\u00edstica i cultural de la nostra societat, les seves necessitats d&#8217;internacionalitzaci\u00f3, i els resultats de la recerca en el camp de l&#8217;aprenentatge de lleng\u00fces, orienten el nostre sistema educatiu cap a un model pluriling\u00fce i intercultural. Aquest model inclou l&#8217;ensenyament i aprenentatge de lleng\u00fces actualment no curriculars a l&#8217;ensenyament obligatori, per a les quals es preveu un tractament espec\u00edfic especialment quan s\u00f3n lleng\u00fces vinculades als or\u00edgens familiars de l&#8217;alumnat \u2014pel seu paper integrador i de reconeixement de la diversitat\u2014, per\u00f2 tamb\u00e9 quan s\u00f3n lleng\u00fces estrangeres que els alumnes poden aprendre i acreditar.<\/p>\n<p>L&#8217;\u00e0rab, com tantes altres lleng\u00fces presents en el sistema educatiu, t\u00e9 la particularitat de compartir tots dos vessants. D&#8217;una banda, \u00e9s una llengua vinculada als or\u00edgens ling\u00fc\u00edstics i familiars d&#8217;una bona part del nostre alumnat i, d&#8217;una altra, \u00e9s una llengua d&#8217;abast internacional, parlada per milions de persones arreu del m\u00f3n.<\/p>\n<p>El curr\u00edculum que presentem s&#8217;inspira en el Marc europeu com\u00fa de refer\u00e8ncia per a les lleng\u00fces i es basa en l&#8217;ensenyament competencial, s&#8217;alinea, doncs, amb el curr\u00edculum de lleng\u00fces estrangeres publicat en el Decret 187\/2015, de 25 d&#8217;agost, d&#8217;ordenaci\u00f3 dels ensenyaments de l&#8217;educaci\u00f3 secund\u00e0ria obligat\u00f2ria.<\/p>\n<p>Normativa:<\/p>\n<p><a href=\"https:\/\/projectes.xtec.cat\/origen\/wp-content\/uploads\/usu2451\/2025\/05\/Instruccions-LACM-25-26.pdf\">Instruccions LACM 25-26<\/a><\/div>\n<div class=\"basic_text_peq col-xs-12\">\nPresentaci\u00f3 del Programa als centres participants<\/p>\n<p><iframe loading=\"lazy\" title=\"Presentaci\u00f3 Programa LACM\" width=\"500\" height=\"281\" src=\"https:\/\/www.youtube.com\/embed\/0RcwUPs9SW0?feature=oembed\" frameborder=\"0\" allow=\"accelerometer; autoplay; clipboard-write; encrypted-media; gyroscope; picture-in-picture; web-share\" referrerpolicy=\"strict-origin-when-cross-origin\" allowfullscreen><\/iframe><\/p>\n<\/div>\n<\/div>\n","protected":false},"excerpt":{"rendered":"<p>Diversos centres educatius ofereixen cursos de llengua \u00e0rab i cultura marroquina en horari extraescolar. Aquesta actuaci\u00f3 es desenvolupa en el marc del Conveni de Cooperaci\u00f3 Cultural signat entre l\u2019Estat espanyol i el Govern del Regne del Marroc el 1980 i que va entrar en vigor&hellip;  <a href=\"https:\/\/projectes.xtec.cat\/origen\/arab\/\" title=\"Read \u00c0RAB\">Llegeix m\u00e9s\u00bb<\/a><\/p>\n","protected":false},"author":1,"featured_media":0,"parent":0,"menu_order":0,"comment_status":"closed","ping_status":"closed","template":"page-templates\/side-menu.php","meta":{"_bbp_topic_count":0,"_bbp_reply_count":0,"_bbp_total_topic_count":0,"_bbp_total_reply_count":0,"_bbp_voice_count":0,"_bbp_anonymous_reply_count":0,"_bbp_topic_count_hidden":0,"_bbp_reply_count_hidden":0,"_bbp_forum_subforum_count":0,"footnotes":""},"class_list":["post-8211","page","type-page","status-publish","hentry"],"post_mailing_queue_ids":[],"_links":{"self":[{"href":"https:\/\/projectes.xtec.cat\/origen\/wp-json\/wp\/v2\/pages\/8211","targetHints":{"allow":["GET"]}}],"collection":[{"href":"https:\/\/projectes.xtec.cat\/origen\/wp-json\/wp\/v2\/pages"}],"about":[{"href":"https:\/\/projectes.xtec.cat\/origen\/wp-json\/wp\/v2\/types\/page"}],"author":[{"embeddable":true,"href":"https:\/\/projectes.xtec.cat\/origen\/wp-json\/wp\/v2\/users\/1"}],"replies":[{"embeddable":true,"href":"https:\/\/projectes.xtec.cat\/origen\/wp-json\/wp\/v2\/comments?post=8211"}],"version-history":[{"count":6,"href":"https:\/\/projectes.xtec.cat\/origen\/wp-json\/wp\/v2\/pages\/8211\/revisions"}],"predecessor-version":[{"id":10453,"href":"https:\/\/projectes.xtec.cat\/origen\/wp-json\/wp\/v2\/pages\/8211\/revisions\/10453"}],"wp:attachment":[{"href":"https:\/\/projectes.xtec.cat\/origen\/wp-json\/wp\/v2\/media?parent=8211"}],"curies":[{"name":"wp","href":"https:\/\/api.w.org\/{rel}","templated":true}]}}