{"id":9696,"date":"2023-02-06T10:07:24","date_gmt":"2023-02-06T09:07:24","guid":{"rendered":"https:\/\/projectes.xtec.cat\/origen\/?page_id=9696"},"modified":"2023-05-15T11:05:07","modified_gmt":"2023-05-15T09:05:07","slug":"una-ma-de-contes","status":"publish","type":"page","link":"https:\/\/projectes.xtec.cat\/origen\/una-ma-de-contes\/","title":{"rendered":"Una m\u00e0 de contes"},"content":{"rendered":"<p><i><b>Idiomes del m\u00f3n<\/b><\/i><\/p>\n<p>La web del programa <a href=\"https:\/\/www.ccma.cat\/tv3\/sx3\/una-ma-de-contes\/\">Una m\u00e0 de contes<\/a> t\u00e9 contes tradu\u00efts a diferents lleng\u00fces (roman\u00e8s, xin\u00e8s, \u00e0rab, urd\u00fa&#8230;)<span style=\"font-family: inherit; font-size: 1em;\"> i els podeu trobar a trav\u00e9s del cercador:<\/span><\/p>\n<p><a href=\"https:\/\/projectes.xtec.cat\/origen\/wp-content\/uploads\/usu2451\/2023\/05\/image001.png\"><img loading=\"lazy\" decoding=\"async\" class=\"alignnone wp-image-9799\" src=\"https:\/\/projectes.xtec.cat\/origen\/wp-content\/uploads\/usu2451\/2023\/05\/image001-1024x656.png\" alt=\"\" width=\"576\" height=\"369\" srcset=\"https:\/\/projectes.xtec.cat\/origen\/wp-content\/uploads\/usu2451\/2023\/05\/image001-1024x656.png 1024w, https:\/\/projectes.xtec.cat\/origen\/wp-content\/uploads\/usu2451\/2023\/05\/image001-300x192.png 300w, https:\/\/projectes.xtec.cat\/origen\/wp-content\/uploads\/usu2451\/2023\/05\/image001-768x492.png 768w, https:\/\/projectes.xtec.cat\/origen\/wp-content\/uploads\/usu2451\/2023\/05\/image001.png 1124w\" sizes=\"auto, (max-width: 576px) 100vw, 576px\" \/><\/a> <a href=\"https:\/\/projectes.xtec.cat\/origen\/wp-content\/uploads\/usu2451\/2023\/05\/image003.png\"><img loading=\"lazy\" decoding=\"async\" class=\"alignnone wp-image-9800\" src=\"https:\/\/projectes.xtec.cat\/origen\/wp-content\/uploads\/usu2451\/2023\/05\/image003.png\" alt=\"\" width=\"173\" height=\"369\" srcset=\"https:\/\/projectes.xtec.cat\/origen\/wp-content\/uploads\/usu2451\/2023\/05\/image003.png 270w, https:\/\/projectes.xtec.cat\/origen\/wp-content\/uploads\/usu2451\/2023\/05\/image003-140x300.png 140w\" sizes=\"auto, (max-width: 173px) 100vw, 173px\" \/><\/a><\/p>\n","protected":false},"excerpt":{"rendered":"<p>Idiomes del m\u00f3n<br \/>\nLa web del programa <a href=\"https:\/\/www.ccma.cat\/tv3\/sx3\/una-ma-de-contes\/\">Una m\u00e0 de contes<\/a> t\u00e9 contes tradu\u00efts a diferents lleng\u00fces (roman\u00e8s, xin\u00e8s, \u00e0rab, urd\u00fa&#8230;) i els podeu trobar a trav\u00e9s del cercador:<br \/>\n<a href=\"https:\/\/projectes.xtec.cat\/origen\/wp-content\/uploads\/usu2451\/2023\/05\/image001.png\"><\/a> <a href=\"https:\/\/projectes.xtec.cat\/origen\/wp-content\/uploads\/usu2451\/2023\/05\/image003.png\"><\/a><\/p>\n","protected":false},"author":4,"featured_media":0,"parent":0,"menu_order":0,"comment_status":"closed","ping_status":"closed","template":"","meta":{"_bbp_topic_count":0,"_bbp_reply_count":0,"_bbp_total_topic_count":0,"_bbp_total_reply_count":0,"_bbp_voice_count":0,"_bbp_anonymous_reply_count":0,"_bbp_topic_count_hidden":0,"_bbp_reply_count_hidden":0,"_bbp_forum_subforum_count":0,"footnotes":""},"class_list":["post-9696","page","type-page","status-publish","hentry"],"post_mailing_queue_ids":[],"_links":{"self":[{"href":"https:\/\/projectes.xtec.cat\/origen\/wp-json\/wp\/v2\/pages\/9696","targetHints":{"allow":["GET"]}}],"collection":[{"href":"https:\/\/projectes.xtec.cat\/origen\/wp-json\/wp\/v2\/pages"}],"about":[{"href":"https:\/\/projectes.xtec.cat\/origen\/wp-json\/wp\/v2\/types\/page"}],"author":[{"embeddable":true,"href":"https:\/\/projectes.xtec.cat\/origen\/wp-json\/wp\/v2\/users\/4"}],"replies":[{"embeddable":true,"href":"https:\/\/projectes.xtec.cat\/origen\/wp-json\/wp\/v2\/comments?post=9696"}],"version-history":[{"count":4,"href":"https:\/\/projectes.xtec.cat\/origen\/wp-json\/wp\/v2\/pages\/9696\/revisions"}],"predecessor-version":[{"id":9826,"href":"https:\/\/projectes.xtec.cat\/origen\/wp-json\/wp\/v2\/pages\/9696\/revisions\/9826"}],"wp:attachment":[{"href":"https:\/\/projectes.xtec.cat\/origen\/wp-json\/wp\/v2\/media?parent=9696"}],"curies":[{"name":"wp","href":"https:\/\/api.w.org\/{rel}","templated":true}]}}