{"id":10617,"date":"2025-10-20T11:16:27","date_gmt":"2025-10-20T09:16:27","guid":{"rendered":"https:\/\/projectes.xtec.cat\/pee\/?page_id=10617"},"modified":"2026-03-31T13:50:56","modified_gmt":"2026-03-31T11:50:56","slug":"connecta","status":"publish","type":"page","link":"https:\/\/projectes.xtec.cat\/pee\/connecta\/","title":{"rendered":"Connecta"},"content":{"rendered":"\n<p>\u201cConnecta\u201d, \u00e9s un <strong>assessorament estrat\u00e8gic, personalitzat i a mida<\/strong> adre\u00e7at als equips t\u00e8cnics dels plans educatius d\u2019entorn. \u00c9s una proposta centrada en estrat\u00e8gies per a la millora del treball en xarxa amb l\u2019objectiu d\u2019afavorir i &nbsp;refor\u00e7ar la col\u00b7laboraci\u00f3 entre tots els agents que fan possible l\u2019\u00e8xit educatiu de l\u2019alumnat dins el territori PEE.<\/p>\n\n\n\n<p>A trav\u00e9s d\u2019una mirada col\u00b7laborativa i innovadora, <strong>Connecta<\/strong> acompanya els equips en la construcci\u00f3 de <strong>projectes transformadors<\/strong>, que parteixen dels reptes reals del territori i es concreten en accions pr\u00e0ctiques dins del marc del PEE. La proposta combina reflexi\u00f3 estrat\u00e8gica, metodologies participatives i eines creatives per <strong>connectar persones, idees i recursos<\/strong>, generant un impacte positiu i sostenible en la comunitat educativa.<\/p>\n\n\n\n<p><strong>Els requisits per participar-hi son:<\/strong><\/p>\n\n\n\n<ul class=\"wp-block-list\">\n<li>Recolzament de la <strong>Comissi\u00f3 representativa institucional del PEE<\/strong>.<\/li>\n\n\n\n<li><strong>Colideratge<\/strong> entre ALIC i t\u00e8cnic\/a dinamitzador\/a.<\/li>\n\n\n\n<li><strong>Equip de 3 a 6 persones<\/strong> motivades i compromeses.<\/li>\n\n\n\n<li><strong>Assist\u00e8ncia a totes les sessions<\/strong> d\u2019assessorament.<\/li>\n<\/ul>\n\n\n\n<p><\/p>\n\n\n\n<div class=\"wp-block-buttons is-layout-flex wp-block-buttons-is-layout-flex\">\n<div class=\"wp-block-button has-custom-width wp-block-button__width-100\"><a class=\"wp-block-button__link wp-element-button\" href=\"https:\/\/forms.office.com\/pages\/responsepage.aspx?id=3CeUOw7TvEOMBv9yU2dv7IBdlhvQIvpKmgjS7hy_HltURjE3QTBKWlg0SlJLUlE4RTBONVRaMDBFVSQlQCN0PWcu&amp;route=shorturl\"><strong>ENXARXA&#8217;T AL CONNECTA<\/strong><\/a><\/div>\n<\/div>\n\n\n\n<figure class=\"wp-block-image size-full is-resized\"><a href=\"https:\/\/projectes.xtec.cat\/pee\/wp-content\/uploads\/usu2653\/2025\/12\/AIRTABLE.jpg\"><img loading=\"lazy\" decoding=\"async\" width=\"982\" height=\"51\" src=\"https:\/\/projectes.xtec.cat\/pee\/wp-content\/uploads\/usu2653\/2025\/12\/AIRTABLE.jpg\" alt=\"\" class=\"wp-image-10667\" style=\"width:1075px;height:auto\" srcset=\"https:\/\/projectes.xtec.cat\/pee\/wp-content\/uploads\/usu2653\/2025\/12\/AIRTABLE.jpg 982w, https:\/\/projectes.xtec.cat\/pee\/wp-content\/uploads\/usu2653\/2025\/12\/AIRTABLE-300x16.jpg 300w, https:\/\/projectes.xtec.cat\/pee\/wp-content\/uploads\/usu2653\/2025\/12\/AIRTABLE-768x40.jpg 768w\" sizes=\"auto, (max-width: 982px) 100vw, 982px\" \/><\/a><\/figure>\n\n\n<p><iframe loading=\"lazy\" class=\"airtable-embed\" src=\"https:\/\/airtable.com\/embed\/appnQ2QxbZOxwAzsg\/shrYTCTROy56iaLCH?viewControls=on\" frameborder=\"0\" onmousewheel=\"\" width=\"100%\" height=\"560\" style=\"background: transparent; border: 1px solid #ccc;\"><\/iframe><\/p>\n\n\n\n<div class=\"wp-block-columns is-layout-flex wp-container-core-columns-is-layout-1 wp-block-columns-is-layout-flex\">\n<div class=\"wp-block-column is-layout-flow wp-block-column-is-layout-flow\"><p><iframe loading=\"lazy\" width=\"560\" height=\"315\" src=\"https:\/\/www.youtube.com\/embed\/8ZVQuKNjWWM?si=JIp5t_cAHH8jbKIh\" title=\"YouTube video player\" frameborder=\"0\" allow=\"accelerometer; autoplay; clipboard-write; encrypted-media; gyroscope; picture-in-picture; web-share\" referrerpolicy=\"strict-origin-when-cross-origin\" allowfullscreen><\/iframe><\/p>\n<\/div>\n\n\n\n<div class=\"wp-block-column is-layout-flow wp-block-column-is-layout-flow\"><\/div>\n<\/div>\n\n\n\n<p><\/p>\n","protected":false},"excerpt":{"rendered":"<p>\u201cConnecta\u201d, \u00e9s un assessorament estrat\u00e8gic, personalitzat i a mida adre\u00e7at als equips t\u00e8cnics dels plans educatius d\u2019entorn. \u00c9s una proposta centrada en estrat\u00e8gies per a la millora del treball en xarxa amb l\u2019objectiu d\u2019afavorir i &nbsp;refor\u00e7ar la col\u00b7laboraci\u00f3 entre tots els agents que fan possible l\u2019\u00e8xit educatiu de l\u2019alumnat dins el territori PEE. A trav\u00e9s [&hellip;]<\/p>\n","protected":false},"author":1,"featured_media":0,"parent":0,"menu_order":0,"comment_status":"closed","ping_status":"close","template":"","meta":{"_bbp_topic_count":0,"_bbp_reply_count":0,"_bbp_total_topic_count":0,"_bbp_total_reply_count":0,"_bbp_voice_count":0,"_bbp_anonymous_reply_count":0,"_bbp_topic_count_hidden":0,"_bbp_reply_count_hidden":0,"_bbp_forum_subforum_count":0,"site-sidebar-layout":"default","site-content-layout":"","ast-site-content-layout":"default","site-content-style":"default","site-sidebar-style":"default","ast-global-header-display":"","ast-banner-title-visibility":"","ast-main-header-display":"","ast-hfb-above-header-display":"","ast-hfb-below-header-display":"","ast-hfb-mobile-header-display":"","site-post-title":"","ast-breadcrumbs-content":"","ast-featured-img":"","footer-sml-layout":"","theme-transparent-header-meta":"","adv-header-id-meta":"","stick-header-meta":"","header-above-stick-meta":"","header-main-stick-meta":"","header-below-stick-meta":"","astra-migrate-meta-layouts":"set","ast-page-background-enabled":"default","ast-page-background-meta":{"desktop":{"background-color":"var(--ast-global-color-4)","background-image":"","background-repeat":"repeat","background-position":"center center","background-size":"auto","background-attachment":"scroll","background-type":"","background-media":"","overlay-type":"","overlay-color":"","overlay-opacity":"","overlay-gradient":""},"tablet":{"background-color":"","background-image":"","background-repeat":"repeat","background-position":"center center","background-size":"auto","background-attachment":"scroll","background-type":"","background-media":"","overlay-type":"","overlay-color":"","overlay-opacity":"","overlay-gradient":""},"mobile":{"background-color":"","background-image":"","background-repeat":"repeat","background-position":"center center","background-size":"auto","background-attachment":"scroll","background-type":"","background-media":"","overlay-type":"","overlay-color":"","overlay-opacity":"","overlay-gradient":""}},"ast-content-background-meta":{"desktop":{"background-color":"var(--ast-global-color-5)","background-image":"","background-repeat":"repeat","background-position":"center center","background-size":"auto","background-attachment":"scroll","background-type":"","background-media":"","overlay-type":"","overlay-color":"","overlay-opacity":"","overlay-gradient":""},"tablet":{"background-color":"var(--ast-global-color-5)","background-image":"","background-repeat":"repeat","background-position":"center center","background-size":"auto","background-attachment":"scroll","background-type":"","background-media":"","overlay-type":"","overlay-color":"","overlay-opacity":"","overlay-gradient":""},"mobile":{"background-color":"var(--ast-global-color-5)","background-image":"","background-repeat":"repeat","background-position":"center center","background-size":"auto","background-attachment":"scroll","background-type":"","background-media":"","overlay-type":"","overlay-color":"","overlay-opacity":"","overlay-gradient":""}},"footnotes":""},"class_list":["post-10617","page","type-page","status-publish","hentry"],"post_mailing_queue_ids":[],"_links":{"self":[{"href":"https:\/\/projectes.xtec.cat\/pee\/wp-json\/wp\/v2\/pages\/10617","targetHints":{"allow":["GET"]}}],"collection":[{"href":"https:\/\/projectes.xtec.cat\/pee\/wp-json\/wp\/v2\/pages"}],"about":[{"href":"https:\/\/projectes.xtec.cat\/pee\/wp-json\/wp\/v2\/types\/page"}],"author":[{"embeddable":true,"href":"https:\/\/projectes.xtec.cat\/pee\/wp-json\/wp\/v2\/users\/1"}],"replies":[{"embeddable":true,"href":"https:\/\/projectes.xtec.cat\/pee\/wp-json\/wp\/v2\/comments?post=10617"}],"version-history":[{"count":6,"href":"https:\/\/projectes.xtec.cat\/pee\/wp-json\/wp\/v2\/pages\/10617\/revisions"}],"predecessor-version":[{"id":10679,"href":"https:\/\/projectes.xtec.cat\/pee\/wp-json\/wp\/v2\/pages\/10617\/revisions\/10679"}],"wp:attachment":[{"href":"https:\/\/projectes.xtec.cat\/pee\/wp-json\/wp\/v2\/media?parent=10617"}],"curies":[{"name":"wp","href":"https:\/\/api.w.org\/{rel}","templated":true}]}}