{"id":10717,"date":"2026-03-03T12:54:52","date_gmt":"2026-03-03T11:54:52","guid":{"rendered":"https:\/\/projectes.xtec.cat\/pee\/?page_id=10717"},"modified":"2026-03-10T09:57:39","modified_gmt":"2026-03-10T08:57:39","slug":"2025-2026","status":"publish","type":"page","link":"https:\/\/projectes.xtec.cat\/pee\/2025-2026\/","title":{"rendered":"2025-2026"},"content":{"rendered":"\n<ul class=\"wp-block-list\">\n<li><a href=\"https:\/\/drive.google.com\/file\/d\/1iramBxp95oXH9VlqZynP0GKIj_NF_t40\/view?usp=drive_link\">Sessi\u00f3 1: Planificaci\u00f3 estrat\u00e8gica i funcions de l&#8217;orientaci\u00f3 d&#8217;\u00e0mbit comunitari.<\/a><\/li>\n\n\n\n<li><a href=\"https:\/\/drive.google.com\/file\/d\/1wvjuaAxUGPRLkS_K4wxPz9O02fCCCSuD\/view?usp=drive_link\">Sessi\u00f3 2: POAC, compartim experi\u00e8ncies.<\/a><\/li>\n\n\n\n<li>Sessi\u00f3 3\n<ul class=\"wp-block-list\">\n<li><a href=\"https:\/\/drive.google.com\/file\/d\/1HdEd_LihL42fENbfOH8tqL3TGZAI8U4C\/view?usp=drive_link\">Novetats d&#8217;Ensenyament de R\u00e8gim Especial<\/a>.<\/li>\n\n\n\n<li><a href=\"https:\/\/drive.google.com\/file\/d\/145itRQA9IITSOOKyLhtPEYbuHrgs2USr\/view?usp=drive_link\">Novetats Formaci\u00f3 Professional (FP).<\/a><\/li>\n\n\n\n<li><a href=\"https:\/\/drive.google.com\/file\/d\/1eA7BImYjkV5VtpQpoCLDlKwoy7qgAp64\/view?usp=drive_link\">Prov\u00e9s d&#8217;acc\u00e9s i obtenci\u00f3 de t\u00edtols.<\/a><\/li>\n\n\n\n<li><a href=\"https:\/\/youtu.be\/2pUcNfW2Q_A\">Enregistrament 3a Sessi\u00f3 XOAC 2025-2026.<\/a><\/li>\n\n\n\n<li><a href=\"https:\/\/drive.google.com\/file\/d\/1nIDfaWfaZbq8HwwqNtGRRiFeI2WWLFQG\/view?usp=drive_link\" data-type=\"link\" data-id=\"https:\/\/drive.google.com\/file\/d\/1nIDfaWfaZbq8HwwqNtGRRiFeI2WWLFQG\/view?usp=drive_link\">Preguntes freq\u00fcents i dubtes sessi\u00f3 3 XOAC<\/a><\/li>\n<\/ul>\n<\/li>\n\n\n\n<li>Sessi\u00f3 4\n<ul class=\"wp-block-list\">\n<li><a href=\"https:\/\/drive.google.com\/file\/d\/1AMWyH-V4jU8QnfSZz4Vt2Gd6xuhfsFIf\/view?usp=drive_link\">Homologacions i preinscripci\u00f3 a Batxillerat 2026-2027.<\/a><\/li>\n\n\n\n<li><a href=\"https:\/\/drive.google.com\/file\/d\/1V9UWBetBIIY8az-pPW1kHPw9exxsPUKl\/view?usp=drive_link\">Preinscripci\u00f3 Batxillerat curs 2026-2027.<\/a><\/li>\n\n\n\n<li><a href=\"https:\/\/youtu.be\/2nBfiBAbn5A\">Enregistrament Sessi\u00f3 Preinscripci\u00f3 i Homologaci\u00f3 XOAC 2026-2027.<\/a><\/li>\n<\/ul>\n<\/li>\n\n\n\n<li>Sessi\u00f3 5: Preinscripci\u00f3 d\u2019estudis postobligatoris 2026-2027 (pr\u00f2ximament).<\/li>\n<\/ul>\n\n\n\n<p><\/p>\n","protected":false},"excerpt":{"rendered":"","protected":false},"author":1,"featured_media":0,"parent":0,"menu_order":0,"comment_status":"closed","ping_status":"close","template":"","meta":{"_bbp_topic_count":0,"_bbp_reply_count":0,"_bbp_total_topic_count":0,"_bbp_total_reply_count":0,"_bbp_voice_count":0,"_bbp_anonymous_reply_count":0,"_bbp_topic_count_hidden":0,"_bbp_reply_count_hidden":0,"_bbp_forum_subforum_count":0,"site-sidebar-layout":"default","site-content-layout":"","ast-site-content-layout":"default","site-content-style":"default","site-sidebar-style":"default","ast-global-header-display":"","ast-banner-title-visibility":"","ast-main-header-display":"","ast-hfb-above-header-display":"","ast-hfb-below-header-display":"","ast-hfb-mobile-header-display":"","site-post-title":"","ast-breadcrumbs-content":"","ast-featured-img":"","footer-sml-layout":"","theme-transparent-header-meta":"","adv-header-id-meta":"","stick-header-meta":"","header-above-stick-meta":"","header-main-stick-meta":"","header-below-stick-meta":"","astra-migrate-meta-layouts":"set","ast-page-background-enabled":"default","ast-page-background-meta":{"desktop":{"background-color":"var(--ast-global-color-4)","background-image":"","background-repeat":"repeat","background-position":"center center","background-size":"auto","background-attachment":"scroll","background-type":"","background-media":"","overlay-type":"","overlay-color":"","overlay-opacity":"","overlay-gradient":""},"tablet":{"background-color":"","background-image":"","background-repeat":"repeat","background-position":"center center","background-size":"auto","background-attachment":"scroll","background-type":"","background-media":"","overlay-type":"","overlay-color":"","overlay-opacity":"","overlay-gradient":""},"mobile":{"background-color":"","background-image":"","background-repeat":"repeat","background-position":"center center","background-size":"auto","background-attachment":"scroll","background-type":"","background-media":"","overlay-type":"","overlay-color":"","overlay-opacity":"","overlay-gradient":""}},"ast-content-background-meta":{"desktop":{"background-color":"var(--ast-global-color-5)","background-image":"","background-repeat":"repeat","background-position":"center center","background-size":"auto","background-attachment":"scroll","background-type":"","background-media":"","overlay-type":"","overlay-color":"","overlay-opacity":"","overlay-gradient":""},"tablet":{"background-color":"var(--ast-global-color-5)","background-image":"","background-repeat":"repeat","background-position":"center center","background-size":"auto","background-attachment":"scroll","background-type":"","background-media":"","overlay-type":"","overlay-color":"","overlay-opacity":"","overlay-gradient":""},"mobile":{"background-color":"var(--ast-global-color-5)","background-image":"","background-repeat":"repeat","background-position":"center center","background-size":"auto","background-attachment":"scroll","background-type":"","background-media":"","overlay-type":"","overlay-color":"","overlay-opacity":"","overlay-gradient":""}},"footnotes":""},"class_list":["post-10717","page","type-page","status-publish","hentry"],"post_mailing_queue_ids":[],"_links":{"self":[{"href":"https:\/\/projectes.xtec.cat\/pee\/wp-json\/wp\/v2\/pages\/10717","targetHints":{"allow":["GET"]}}],"collection":[{"href":"https:\/\/projectes.xtec.cat\/pee\/wp-json\/wp\/v2\/pages"}],"about":[{"href":"https:\/\/projectes.xtec.cat\/pee\/wp-json\/wp\/v2\/types\/page"}],"author":[{"embeddable":true,"href":"https:\/\/projectes.xtec.cat\/pee\/wp-json\/wp\/v2\/users\/1"}],"replies":[{"embeddable":true,"href":"https:\/\/projectes.xtec.cat\/pee\/wp-json\/wp\/v2\/comments?post=10717"}],"version-history":[{"count":5,"href":"https:\/\/projectes.xtec.cat\/pee\/wp-json\/wp\/v2\/pages\/10717\/revisions"}],"predecessor-version":[{"id":10834,"href":"https:\/\/projectes.xtec.cat\/pee\/wp-json\/wp\/v2\/pages\/10717\/revisions\/10834"}],"wp:attachment":[{"href":"https:\/\/projectes.xtec.cat\/pee\/wp-json\/wp\/v2\/media?parent=10717"}],"curies":[{"name":"wp","href":"https:\/\/api.w.org\/{rel}","templated":true}]}}