{"id":9255,"date":"2023-10-03T14:13:04","date_gmt":"2023-10-03T12:13:04","guid":{"rendered":"https:\/\/projectes.xtec.cat\/pee\/?page_id=9255"},"modified":"2023-10-04T08:49:15","modified_gmt":"2023-10-04T06:49:15","slug":"formacio-monitoratge","status":"publish","type":"page","link":"https:\/\/projectes.xtec.cat\/pee\/gt-referents-pee\/formacio-monitoratge\/","title":{"rendered":"FORMACI\u00d3 MONITORATGE"},"content":{"rendered":"<p class=\"CDt4Ke zfr3Q\" dir=\"ltr\">M\u00f2dul de formaci\u00f3 per al <strong>monito<\/strong><strong>ratge<\/strong><strong> i voluntari<\/strong><strong>at<\/strong><strong> en els PEE<\/strong> (gener, 2017). <a class=\"XqQF9c rXJpyf\" href=\"https:\/\/drive.google.com\/file\/d\/1iWt-TCTUA681eZpiUxkxfvieJcRwbpDX\/view?usp=sharing\" target=\"_blank\" rel=\"noopener\"><strong>PRESENTACI\u00d3<\/strong><\/a><strong> \/ <\/strong><a class=\"XqQF9c rXJpyf\" href=\"https:\/\/drive.google.com\/open?id=0B0yth2U5sJxhQXZrcVQxTmZlaEk\" target=\"_blank\" rel=\"noopener\"><strong>M\u00d2DUL DE FORMACI\u00d3 PER A MONITORATGE I VOLUNTARIAT<\/strong><\/a><\/p>\n","protected":false},"excerpt":{"rendered":"<p>M\u00f2dul de formaci\u00f3 per al monitoratge i voluntariat en els PEE (gener, 2017). PRESENTACI\u00d3 \/ M\u00d2DUL DE FORMACI\u00d3 PER A MONITORATGE I VOLUNTARIAT<\/p>\n","protected":false},"author":1,"featured_media":0,"parent":8835,"menu_order":0,"comment_status":"closed","ping_status":"closed","template":"page-templates\/side-menu.php","meta":{"_bbp_topic_count":0,"_bbp_reply_count":0,"_bbp_total_topic_count":0,"_bbp_total_reply_count":0,"_bbp_voice_count":0,"_bbp_anonymous_reply_count":0,"_bbp_topic_count_hidden":0,"_bbp_reply_count_hidden":0,"_bbp_forum_subforum_count":0,"site-sidebar-layout":"default","site-content-layout":"","ast-site-content-layout":"","site-content-style":"default","site-sidebar-style":"default","ast-global-header-display":"","ast-banner-title-visibility":"","ast-main-header-display":"","ast-hfb-above-header-display":"","ast-hfb-below-header-display":"","ast-hfb-mobile-header-display":"","site-post-title":"","ast-breadcrumbs-content":"","ast-featured-img":"","footer-sml-layout":"","theme-transparent-header-meta":"","adv-header-id-meta":"","stick-header-meta":"","header-above-stick-meta":"","header-main-stick-meta":"","header-below-stick-meta":"","astra-migrate-meta-layouts":"default","ast-page-background-enabled":"default","ast-page-background-meta":{"desktop":{"background-color":"var(--ast-global-color-4)","background-image":"","background-repeat":"repeat","background-position":"center center","background-size":"auto","background-attachment":"scroll","background-type":"","background-media":"","overlay-type":"","overlay-color":"","overlay-opacity":"","overlay-gradient":""},"tablet":{"background-color":"","background-image":"","background-repeat":"repeat","background-position":"center center","background-size":"auto","background-attachment":"scroll","background-type":"","background-media":"","overlay-type":"","overlay-color":"","overlay-opacity":"","overlay-gradient":""},"mobile":{"background-color":"","background-image":"","background-repeat":"repeat","background-position":"center center","background-size":"auto","background-attachment":"scroll","background-type":"","background-media":"","overlay-type":"","overlay-color":"","overlay-opacity":"","overlay-gradient":""}},"ast-content-background-meta":{"desktop":{"background-color":"var(--ast-global-color-5)","background-image":"","background-repeat":"repeat","background-position":"center center","background-size":"auto","background-attachment":"scroll","background-type":"","background-media":"","overlay-type":"","overlay-color":"","overlay-opacity":"","overlay-gradient":""},"tablet":{"background-color":"var(--ast-global-color-5)","background-image":"","background-repeat":"repeat","background-position":"center center","background-size":"auto","background-attachment":"scroll","background-type":"","background-media":"","overlay-type":"","overlay-color":"","overlay-opacity":"","overlay-gradient":""},"mobile":{"background-color":"var(--ast-global-color-5)","background-image":"","background-repeat":"repeat","background-position":"center center","background-size":"auto","background-attachment":"scroll","background-type":"","background-media":"","overlay-type":"","overlay-color":"","overlay-opacity":"","overlay-gradient":""}},"footnotes":""},"class_list":["post-9255","page","type-page","status-publish","hentry"],"post_mailing_queue_ids":[],"_links":{"self":[{"href":"https:\/\/projectes.xtec.cat\/pee\/wp-json\/wp\/v2\/pages\/9255","targetHints":{"allow":["GET"]}}],"collection":[{"href":"https:\/\/projectes.xtec.cat\/pee\/wp-json\/wp\/v2\/pages"}],"about":[{"href":"https:\/\/projectes.xtec.cat\/pee\/wp-json\/wp\/v2\/types\/page"}],"author":[{"embeddable":true,"href":"https:\/\/projectes.xtec.cat\/pee\/wp-json\/wp\/v2\/users\/1"}],"replies":[{"embeddable":true,"href":"https:\/\/projectes.xtec.cat\/pee\/wp-json\/wp\/v2\/comments?post=9255"}],"version-history":[{"count":1,"href":"https:\/\/projectes.xtec.cat\/pee\/wp-json\/wp\/v2\/pages\/9255\/revisions"}],"predecessor-version":[{"id":9256,"href":"https:\/\/projectes.xtec.cat\/pee\/wp-json\/wp\/v2\/pages\/9255\/revisions\/9256"}],"up":[{"embeddable":true,"href":"https:\/\/projectes.xtec.cat\/pee\/wp-json\/wp\/v2\/pages\/8835"}],"wp:attachment":[{"href":"https:\/\/projectes.xtec.cat\/pee\/wp-json\/wp\/v2\/media?parent=9255"}],"curies":[{"name":"wp","href":"https:\/\/api.w.org\/{rel}","templated":true}]}}