{"id":9331,"date":"2023-11-03T10:35:36","date_gmt":"2023-11-03T09:35:36","guid":{"rendered":"https:\/\/projectes.xtec.cat\/pee\/?page_id=9331"},"modified":"2023-11-03T11:53:57","modified_gmt":"2023-11-03T10:53:57","slug":"documents-s1","status":"publish","type":"page","link":"https:\/\/projectes.xtec.cat\/pee\/documents-s1\/","title":{"rendered":"Documents S1"},"content":{"rendered":"<p><a class=\"button large\" style=\"width: 600px; padding: 1em; font-weight: 400; margin: 0.1em; color: white !important; background-color: #ff4c00bf;\" href=\"https:\/\/drive.google.com\/file\/d\/1djYirslJ0Z-qgWXH2aD61ZQmGutk6dae\/view?usp=sharing\" target=\"_blank\" rel=\"noopener noreferrer\">S1 BARCELON\u00c8S_PLA ANUAL<\/a><br \/>\n<a class=\"button large\" style=\"width: 600px; padding: 1em; font-weight: 400; margin: 0.1em; color: white !important; background-color: #ff4c00bf;\" href=\"https:\/\/drive.google.com\/file\/d\/1eAHRc1aKa9q65WUPkB8YXatTi8njhSdb\/view?usp=sharing\" target=\"_blank\" rel=\"noopener noreferrer\">S1 BAIX LLOBREGAT_PLA ANUAL<\/a><br \/>\n<a class=\"button large\" style=\"width: 600px; padding: 1em; font-weight: 400; margin: 0.1em; color: white !important; background-color: #ff4c00bf;\" href=\"https:\/\/drive.google.com\/file\/d\/1N1Vs_qFFnm1X38AhQl4kYsWm2u1qa3r7\/view?usp=sharing\" target=\"_blank\" rel=\"noopener noreferrer\">S1 CATALUNYA CENTRAL_PLA ANUAL<\/a><br \/>\n<a class=\"button large\" style=\"width: 600px; padding: 1em; font-weight: 400; margin: 0.1em; color: white !important; background-color: #ff4c00bf;\" href=\"https:\/\/drive.google.com\/file\/d\/1zKegX8OpoIMREp5FUhoEmTKfoTukh5fv\/view?usp=sharing\" target=\"_blank\" rel=\"noopener noreferrer\">S1 GIRONA_PLA ANUAL<\/a><br \/>\n<a class=\"button large\" style=\"width: 600px; padding: 1em; font-weight: 400; margin: 0.1em; color: white !important; background-color: #ff4c00bf;\" href=\"https:\/\/drive.google.com\/file\/d\/1GNMSwT5Zr_e4sdbqrJ_Z_EaVVrolncsk\/view?usp=sharing\" target=\"_blank\" rel=\"noopener noreferrer\">S1 LLEIDA_APA_PLA ANUAL<\/a><br \/>\n<a class=\"button large\" style=\"width: 600px; padding: 1em; font-weight: 400; margin: 0.1em; color: white !important; background-color: #ff4c00bf;\" href=\"https:\/\/drive.google.com\/file\/d\/164NbyGJUsppZwAxV1UMqHWGd8-u2HS9m\/view?usp=sharing\" target=\"_blank\" rel=\"noopener noreferrer\">S1 MARESME-VALL\u00c8S ORIENTAL_PLA ANUAL<\/a><br \/>\n<a class=\"button large\" style=\"width: 600px; padding: 1em; font-weight: 400; margin: 0.1em; color: white !important; background-color: #ff4c00bf;\" href=\"https:\/\/drive.google.com\/file\/d\/1HjQuTDIL3CqY-3FHVUR_GS9TenudqKEZ\/view?usp=sharing\" target=\"_blank\" rel=\"noopener noreferrer\">S1 PENED\u00c8S_PLA ANUAL<\/a><br \/>\n<a class=\"button large\" style=\"width: 600px; padding: 1em; font-weight: 400; margin: 0.1em; color: white !important; background-color: #ff4c00bf;\" href=\"https:\/\/drive.google.com\/file\/d\/1cWyIyOK-CETVhwUuFB9oQcYAauTiOBZ6\/view?usp=sharing\" target=\"_blank\" rel=\"noopener noreferrer\">S1 TERRES DE L&#8217;EBRE_PLA ANUAL<\/a><br \/>\n<a class=\"button large\" style=\"width: 600px; padding: 1em; font-weight: 400; margin: 0.1em; color: white !important; background-color: #ff4c00bf;\" href=\"https:\/\/drive.google.com\/file\/d\/1BRy_iJjkw0U1ULVydcyjSn8AKwoaJzR7\/view?usp=sharing\" target=\"_blank\" rel=\"noopener noreferrer\">S1 TARRAGONA_PLA ANUAL<\/a><br \/>\n<a class=\"button large\" style=\"width: 600px; padding: 1em; font-weight: 400; margin: 0.1em; color: white !important; background-color: #ff4c00bf;\" href=\"https:\/\/drive.google.com\/file\/d\/1k1VegmXPTn-HJ4PcIgqRSnuJB3w9tgI2\/view?usp=sharing\" target=\"_blank\" rel=\"noopener noreferrer\">S1 VALL\u00c8S OCCIDENTAL_PLA ANUAL<\/a><\/p>\n","protected":false},"excerpt":{"rendered":"<p>S1 BARCELON\u00c8S_PLA ANUAL S1 BAIX LLOBREGAT_PLA ANUAL S1 CATALUNYA CENTRAL_PLA ANUAL S1 GIRONA_PLA ANUAL S1 LLEIDA_APA_PLA ANUAL S1 MARESME-VALL\u00c8S ORIENTAL_PLA ANUAL S1 PENED\u00c8S_PLA ANUAL S1 TERRES DE L&#8217;EBRE_PLA ANUAL S1 TARRAGONA_PLA ANUAL S1 VALL\u00c8S OCCIDENTAL_PLA ANUAL<\/p>\n","protected":false},"author":1,"featured_media":0,"parent":0,"menu_order":0,"comment_status":"closed","ping_status":"closed","template":"","meta":{"_bbp_topic_count":0,"_bbp_reply_count":0,"_bbp_total_topic_count":0,"_bbp_total_reply_count":0,"_bbp_voice_count":0,"_bbp_anonymous_reply_count":0,"_bbp_topic_count_hidden":0,"_bbp_reply_count_hidden":0,"_bbp_forum_subforum_count":0,"site-sidebar-layout":"default","site-content-layout":"","ast-site-content-layout":"","site-content-style":"default","site-sidebar-style":"default","ast-global-header-display":"","ast-banner-title-visibility":"","ast-main-header-display":"","ast-hfb-above-header-display":"","ast-hfb-below-header-display":"","ast-hfb-mobile-header-display":"","site-post-title":"","ast-breadcrumbs-content":"","ast-featured-img":"","footer-sml-layout":"","theme-transparent-header-meta":"","adv-header-id-meta":"","stick-header-meta":"","header-above-stick-meta":"","header-main-stick-meta":"","header-below-stick-meta":"","astra-migrate-meta-layouts":"default","ast-page-background-enabled":"default","ast-page-background-meta":{"desktop":{"background-color":"var(--ast-global-color-4)","background-image":"","background-repeat":"repeat","background-position":"center center","background-size":"auto","background-attachment":"scroll","background-type":"","background-media":"","overlay-type":"","overlay-color":"","overlay-opacity":"","overlay-gradient":""},"tablet":{"background-color":"","background-image":"","background-repeat":"repeat","background-position":"center center","background-size":"auto","background-attachment":"scroll","background-type":"","background-media":"","overlay-type":"","overlay-color":"","overlay-opacity":"","overlay-gradient":""},"mobile":{"background-color":"","background-image":"","background-repeat":"repeat","background-position":"center center","background-size":"auto","background-attachment":"scroll","background-type":"","background-media":"","overlay-type":"","overlay-color":"","overlay-opacity":"","overlay-gradient":""}},"ast-content-background-meta":{"desktop":{"background-color":"var(--ast-global-color-5)","background-image":"","background-repeat":"repeat","background-position":"center center","background-size":"auto","background-attachment":"scroll","background-type":"","background-media":"","overlay-type":"","overlay-color":"","overlay-opacity":"","overlay-gradient":""},"tablet":{"background-color":"var(--ast-global-color-5)","background-image":"","background-repeat":"repeat","background-position":"center center","background-size":"auto","background-attachment":"scroll","background-type":"","background-media":"","overlay-type":"","overlay-color":"","overlay-opacity":"","overlay-gradient":""},"mobile":{"background-color":"var(--ast-global-color-5)","background-image":"","background-repeat":"repeat","background-position":"center center","background-size":"auto","background-attachment":"scroll","background-type":"","background-media":"","overlay-type":"","overlay-color":"","overlay-opacity":"","overlay-gradient":""}},"footnotes":""},"class_list":["post-9331","page","type-page","status-publish","hentry"],"post_mailing_queue_ids":[],"_links":{"self":[{"href":"https:\/\/projectes.xtec.cat\/pee\/wp-json\/wp\/v2\/pages\/9331","targetHints":{"allow":["GET"]}}],"collection":[{"href":"https:\/\/projectes.xtec.cat\/pee\/wp-json\/wp\/v2\/pages"}],"about":[{"href":"https:\/\/projectes.xtec.cat\/pee\/wp-json\/wp\/v2\/types\/page"}],"author":[{"embeddable":true,"href":"https:\/\/projectes.xtec.cat\/pee\/wp-json\/wp\/v2\/users\/1"}],"replies":[{"embeddable":true,"href":"https:\/\/projectes.xtec.cat\/pee\/wp-json\/wp\/v2\/comments?post=9331"}],"version-history":[{"count":6,"href":"https:\/\/projectes.xtec.cat\/pee\/wp-json\/wp\/v2\/pages\/9331\/revisions"}],"predecessor-version":[{"id":9361,"href":"https:\/\/projectes.xtec.cat\/pee\/wp-json\/wp\/v2\/pages\/9331\/revisions\/9361"}],"wp:attachment":[{"href":"https:\/\/projectes.xtec.cat\/pee\/wp-json\/wp\/v2\/media?parent=9331"}],"curies":[{"name":"wp","href":"https:\/\/api.w.org\/{rel}","templated":true}]}}