{"id":9707,"date":"2024-05-06T14:39:02","date_gmt":"2024-05-06T12:39:02","guid":{"rendered":"https:\/\/projectes.xtec.cat\/pee\/?page_id=9707"},"modified":"2024-05-23T14:16:37","modified_gmt":"2024-05-23T12:16:37","slug":"gt-materials-sessio-8_23-24","status":"publish","type":"page","link":"https:\/\/projectes.xtec.cat\/pee\/gt-materials-sessio-8_23-24\/","title":{"rendered":"GT MATERIALS SESSI\u00d3 8_23-24"},"content":{"rendered":"<p><a href=\"https:\/\/drive.google.com\/file\/d\/1gbL2kpFJrNKNwFQKzReZYFFqABc5iQ02\/view?usp=sharing\" target=\"_blank\" rel=\"noopener\">CASOS PR\u00c0TICS<\/a><\/p>\n<p><a href=\"https:\/\/docs.google.com\/document\/d\/1Lh7i6AZdxdWOpm-ZAFMOewmPt_5bJ98r\/edit?usp=sharing&amp;ouid=105524380281426200647&amp;rtpof=true&amp;sd=true\" target=\"_blank\" rel=\"noopener\">1r CAS PR\u00c0CTIC<\/a><\/p>\n<p><a href=\"https:\/\/docs.google.com\/document\/d\/1_AWJYcLVOaXc2PHwDaV9ah42DJb_6yQ8\/edit?usp=sharing&amp;ouid=105524380281426200647&amp;rtpof=true&amp;sd=true\" target=\"_blank\" rel=\"noopener\">2n CAS PR\u00c0CTIC<\/a><\/p>\n<p><a href=\"https:\/\/docs.google.com\/document\/d\/1TKx-tfM1Zs1DizD4ResJJUh6f1F4TSXl\/edit?usp=sharing&amp;ouid=105524380281426200647&amp;rtpof=true&amp;sd=true\" target=\"_blank\" rel=\"noopener\">3r CAS PR\u00c0CTIC<\/a><\/p>\n<p><a href=\"https:\/\/docs.google.com\/document\/d\/1KOuSHC-U7Gbx7UOKdmwdgcaNk0GZofdI\/edit?usp=sharing&amp;ouid=105524380281426200647&amp;rtpof=true&amp;sd=true\" target=\"_blank\" rel=\"noopener\">4t CAS PR\u00c0CTIC<\/a><\/p>\n<p><a href=\"https:\/\/docs.google.com\/document\/d\/19n21wI-dyhlHoisMejnV35ByyY2kEb8n\/edit?usp=sharing&amp;ouid=105524380281426200647&amp;rtpof=true&amp;sd=true\" target=\"_blank\" rel=\"noopener\">5\u00e8 CAS PR\u00c0CTIC<\/a><\/p>\n<p>&nbsp;<\/p>\n","protected":false},"excerpt":{"rendered":"<p>CASOS PR\u00c0TICS 1r CAS PR\u00c0CTIC 2n CAS PR\u00c0CTIC 3r CAS PR\u00c0CTIC 4t CAS PR\u00c0CTIC 5\u00e8 CAS PR\u00c0CTIC &nbsp;<\/p>\n","protected":false},"author":1,"featured_media":0,"parent":0,"menu_order":0,"comment_status":"closed","ping_status":"closed","template":"","meta":{"_bbp_topic_count":0,"_bbp_reply_count":0,"_bbp_total_topic_count":0,"_bbp_total_reply_count":0,"_bbp_voice_count":0,"_bbp_anonymous_reply_count":0,"_bbp_topic_count_hidden":0,"_bbp_reply_count_hidden":0,"_bbp_forum_subforum_count":0,"site-sidebar-layout":"default","site-content-layout":"","ast-site-content-layout":"","site-content-style":"default","site-sidebar-style":"default","ast-global-header-display":"","ast-banner-title-visibility":"","ast-main-header-display":"","ast-hfb-above-header-display":"","ast-hfb-below-header-display":"","ast-hfb-mobile-header-display":"","site-post-title":"","ast-breadcrumbs-content":"","ast-featured-img":"","footer-sml-layout":"","theme-transparent-header-meta":"","adv-header-id-meta":"","stick-header-meta":"","header-above-stick-meta":"","header-main-stick-meta":"","header-below-stick-meta":"","astra-migrate-meta-layouts":"default","ast-page-background-enabled":"default","ast-page-background-meta":{"desktop":{"background-color":"var(--ast-global-color-4)","background-image":"","background-repeat":"repeat","background-position":"center center","background-size":"auto","background-attachment":"scroll","background-type":"","background-media":"","overlay-type":"","overlay-color":"","overlay-opacity":"","overlay-gradient":""},"tablet":{"background-color":"","background-image":"","background-repeat":"repeat","background-position":"center center","background-size":"auto","background-attachment":"scroll","background-type":"","background-media":"","overlay-type":"","overlay-color":"","overlay-opacity":"","overlay-gradient":""},"mobile":{"background-color":"","background-image":"","background-repeat":"repeat","background-position":"center center","background-size":"auto","background-attachment":"scroll","background-type":"","background-media":"","overlay-type":"","overlay-color":"","overlay-opacity":"","overlay-gradient":""}},"ast-content-background-meta":{"desktop":{"background-color":"var(--ast-global-color-5)","background-image":"","background-repeat":"repeat","background-position":"center center","background-size":"auto","background-attachment":"scroll","background-type":"","background-media":"","overlay-type":"","overlay-color":"","overlay-opacity":"","overlay-gradient":""},"tablet":{"background-color":"var(--ast-global-color-5)","background-image":"","background-repeat":"repeat","background-position":"center center","background-size":"auto","background-attachment":"scroll","background-type":"","background-media":"","overlay-type":"","overlay-color":"","overlay-opacity":"","overlay-gradient":""},"mobile":{"background-color":"var(--ast-global-color-5)","background-image":"","background-repeat":"repeat","background-position":"center center","background-size":"auto","background-attachment":"scroll","background-type":"","background-media":"","overlay-type":"","overlay-color":"","overlay-opacity":"","overlay-gradient":""}},"footnotes":""},"class_list":["post-9707","page","type-page","status-publish","hentry"],"post_mailing_queue_ids":[],"_links":{"self":[{"href":"https:\/\/projectes.xtec.cat\/pee\/wp-json\/wp\/v2\/pages\/9707","targetHints":{"allow":["GET"]}}],"collection":[{"href":"https:\/\/projectes.xtec.cat\/pee\/wp-json\/wp\/v2\/pages"}],"about":[{"href":"https:\/\/projectes.xtec.cat\/pee\/wp-json\/wp\/v2\/types\/page"}],"author":[{"embeddable":true,"href":"https:\/\/projectes.xtec.cat\/pee\/wp-json\/wp\/v2\/users\/1"}],"replies":[{"embeddable":true,"href":"https:\/\/projectes.xtec.cat\/pee\/wp-json\/wp\/v2\/comments?post=9707"}],"version-history":[{"count":3,"href":"https:\/\/projectes.xtec.cat\/pee\/wp-json\/wp\/v2\/pages\/9707\/revisions"}],"predecessor-version":[{"id":9729,"href":"https:\/\/projectes.xtec.cat\/pee\/wp-json\/wp\/v2\/pages\/9707\/revisions\/9729"}],"wp:attachment":[{"href":"https:\/\/projectes.xtec.cat\/pee\/wp-json\/wp\/v2\/media?parent=9707"}],"curies":[{"name":"wp","href":"https:\/\/api.w.org\/{rel}","templated":true}]}}