{"id":9791,"date":"2024-10-18T12:29:09","date_gmt":"2024-10-18T10:29:09","guid":{"rendered":"https:\/\/projectes.xtec.cat\/pee\/?page_id=9791"},"modified":"2025-06-12T09:04:39","modified_gmt":"2025-06-12T07:04:39","slug":"gt-pee-2024-2025","status":"publish","type":"page","link":"https:\/\/projectes.xtec.cat\/pee\/gt-pee-2024-2025\/","title":{"rendered":"GT PEE 2024-2025"},"content":{"rendered":"\n<div class=\"wp-block-buttons is-layout-flex wp-block-buttons-is-layout-flex\">\n<div class=\"wp-block-button has-custom-font-size has-medium-font-size\"><a class=\"wp-block-button__link wp-element-button\" href=\"https:\/\/projectes.xtec.cat\/pee\/grups-de-treball-pee-2023-2024\/calendari-gt-2023-2024\/\" target=\"_blank\" rel=\"noreferrer noopener\">Calendari GT 2024-2025<\/a><\/div>\n\n\n\n<div class=\"wp-block-button has-custom-font-size has-medium-font-size\"><a class=\"wp-block-button__link wp-element-button\" href=\"https:\/\/app.powerbi.com\/view?r=eyJrIjoiMzExMWZlMjItZjYzYS00Mzg2LTlkNDMtZDUzNmM1YWU5NjNjIiwidCI6IjNiOTQyN2RjLWQzMGUtNDNiYy04YzA2LWZmNzI1MzY3NmZlYyIsImMiOjh9\" target=\"_blank\" rel=\"noreferrer noopener\">Informe mem\u00f2ria 2022-2023<\/a><\/div>\n<\/div>\n\n\n\n<p><\/p>\n\n\n\n<p>Sessi\u00f3 1_GT PEE 24-25_<a href=\"https:\/\/drive.google.com\/file\/d\/11AShyDRwpji6XKCcUAQsg8b3flTCXF-q\/view?usp=sharing\" data-type=\"link\" data-id=\"https:\/\/drive.google.com\/file\/d\/11AShyDRwpji6XKCcUAQsg8b3flTCXF-q\/view?usp=sharing\" target=\"_blank\" rel=\"noreferrer noopener\">PRESENTACI\u00d3<\/a><\/p>\n\n\n\n<p>Sessi\u00f3 2_GT PEE 24-25_<a href=\"https:\/\/drive.google.com\/file\/d\/1Q6KAZZKcwClCrZAaOM3dhcKR5Iz7EAH6\/view?usp=sharing\" data-type=\"link\" data-id=\"https:\/\/drive.google.com\/file\/d\/1Q6KAZZKcwClCrZAaOM3dhcKR5Iz7EAH6\/view?usp=sharing\" target=\"_blank\" rel=\"noreferrer noopener\">PRESENTACI\u00d3<\/a><\/p>\n\n\n\n<p>Sessi\u00f3 3_GT PEE 24-25_<a href=\"https:\/\/drive.google.com\/file\/d\/1BYmUrVtk1BencKV5guJ8e4vfOdKBtnoN\/view?usp=sharing\" data-type=\"link\" data-id=\"https:\/\/drive.google.com\/file\/d\/1BYmUrVtk1BencKV5guJ8e4vfOdKBtnoN\/view?usp=sharing\" target=\"_blank\" rel=\"noreferrer noopener\">PRESENTACI\u00d3<\/a><\/p>\n\n\n\n<p>Sessi\u00f3 4_GT PEE 24-25_<a href=\"https:\/\/drive.google.com\/drive\/u\/0\/folders\/1VOWhN4BXAr4QP3C74GWdCWpM4DH9uddr\" data-type=\"link\" data-id=\"https:\/\/drive.google.com\/drive\/u\/0\/folders\/1VOWhN4BXAr4QP3C74GWdCWpM4DH9uddr\">PRESENTACIONS TERRITORIALS<\/a><\/p>\n\n\n\n<p>Sessi\u00f3 5_GT PEE 24-25 <a href=\"https:\/\/drive.google.com\/file\/d\/1ZfsO_kASAM3xGgK5hQZYZHkuP_1h7prE\/view?usp=sharing\" data-type=\"link\" data-id=\"https:\/\/drive.google.com\/file\/d\/1ZfsO_kASAM3xGgK5hQZYZHkuP_1h7prE\/view?usp=sharing\">PRESENTACI\u00d3<\/a><\/p>\n\n\n\n<p><\/p>\n","protected":false},"excerpt":{"rendered":"<p>Sessi\u00f3 1_GT PEE 24-25_PRESENTACI\u00d3 Sessi\u00f3 2_GT PEE 24-25_PRESENTACI\u00d3 Sessi\u00f3 3_GT PEE 24-25_PRESENTACI\u00d3 Sessi\u00f3 4_GT PEE 24-25_PRESENTACIONS TERRITORIALS Sessi\u00f3 5_GT PEE 24-25 PRESENTACI\u00d3<\/p>\n","protected":false},"author":1,"featured_media":0,"parent":0,"menu_order":0,"comment_status":"closed","ping_status":"closed","template":"","meta":{"_bbp_topic_count":0,"_bbp_reply_count":0,"_bbp_total_topic_count":0,"_bbp_total_reply_count":0,"_bbp_voice_count":0,"_bbp_anonymous_reply_count":0,"_bbp_topic_count_hidden":0,"_bbp_reply_count_hidden":0,"_bbp_forum_subforum_count":0,"site-sidebar-layout":"no-sidebar","site-content-layout":"","ast-site-content-layout":"normal-width-container","site-content-style":"default","site-sidebar-style":"default","ast-global-header-display":"","ast-banner-title-visibility":"","ast-main-header-display":"","ast-hfb-above-header-display":"","ast-hfb-below-header-display":"","ast-hfb-mobile-header-display":"","site-post-title":"","ast-breadcrumbs-content":"","ast-featured-img":"","footer-sml-layout":"","theme-transparent-header-meta":"","adv-header-id-meta":"","stick-header-meta":"","header-above-stick-meta":"","header-main-stick-meta":"","header-below-stick-meta":"","astra-migrate-meta-layouts":"set","ast-page-background-enabled":"default","ast-page-background-meta":{"desktop":{"background-color":"var(--ast-global-color-4)","background-image":"","background-repeat":"repeat","background-position":"center center","background-size":"auto","background-attachment":"scroll","background-type":"","background-media":"","overlay-type":"","overlay-color":"","overlay-opacity":"","overlay-gradient":""},"tablet":{"background-color":"","background-image":"","background-repeat":"repeat","background-position":"center center","background-size":"auto","background-attachment":"scroll","background-type":"","background-media":"","overlay-type":"","overlay-color":"","overlay-opacity":"","overlay-gradient":""},"mobile":{"background-color":"","background-image":"","background-repeat":"repeat","background-position":"center center","background-size":"auto","background-attachment":"scroll","background-type":"","background-media":"","overlay-type":"","overlay-color":"","overlay-opacity":"","overlay-gradient":""}},"ast-content-background-meta":{"desktop":{"background-color":"var(--ast-global-color-5)","background-image":"","background-repeat":"repeat","background-position":"center center","background-size":"auto","background-attachment":"scroll","background-type":"","background-media":"","overlay-type":"","overlay-color":"","overlay-opacity":"","overlay-gradient":""},"tablet":{"background-color":"var(--ast-global-color-5)","background-image":"","background-repeat":"repeat","background-position":"center center","background-size":"auto","background-attachment":"scroll","background-type":"","background-media":"","overlay-type":"","overlay-color":"","overlay-opacity":"","overlay-gradient":""},"mobile":{"background-color":"var(--ast-global-color-5)","background-image":"","background-repeat":"repeat","background-position":"center center","background-size":"auto","background-attachment":"scroll","background-type":"","background-media":"","overlay-type":"","overlay-color":"","overlay-opacity":"","overlay-gradient":""}},"footnotes":""},"class_list":["post-9791","page","type-page","status-publish","hentry"],"post_mailing_queue_ids":[],"_links":{"self":[{"href":"https:\/\/projectes.xtec.cat\/pee\/wp-json\/wp\/v2\/pages\/9791","targetHints":{"allow":["GET"]}}],"collection":[{"href":"https:\/\/projectes.xtec.cat\/pee\/wp-json\/wp\/v2\/pages"}],"about":[{"href":"https:\/\/projectes.xtec.cat\/pee\/wp-json\/wp\/v2\/types\/page"}],"author":[{"embeddable":true,"href":"https:\/\/projectes.xtec.cat\/pee\/wp-json\/wp\/v2\/users\/1"}],"replies":[{"embeddable":true,"href":"https:\/\/projectes.xtec.cat\/pee\/wp-json\/wp\/v2\/comments?post=9791"}],"version-history":[{"count":6,"href":"https:\/\/projectes.xtec.cat\/pee\/wp-json\/wp\/v2\/pages\/9791\/revisions"}],"predecessor-version":[{"id":10427,"href":"https:\/\/projectes.xtec.cat\/pee\/wp-json\/wp\/v2\/pages\/9791\/revisions\/10427"}],"wp:attachment":[{"href":"https:\/\/projectes.xtec.cat\/pee\/wp-json\/wp\/v2\/media?parent=9791"}],"curies":[{"name":"wp","href":"https:\/\/api.w.org\/{rel}","templated":true}]}}