{"id":24335,"date":"2022-01-14T12:35:28","date_gmt":"2022-01-14T11:35:28","guid":{"rendered":"https:\/\/projectes.xtec.cat\/pensament-computacional\/\/?page_id=24335"},"modified":"2022-09-06T14:29:23","modified_gmt":"2022-09-06T12:29:23","slug":"modul-2-sessio-10-i-ara-el-repte-final","status":"publish","type":"page","link":"https:\/\/projectes.xtec.cat\/pensament-computacional\/scratch\/proposta-didactica-scratch-challenge\/modul-2-scratch-challenge\/modul-2-sessio-10-i-ara-el-repte-final\/","title":{"rendered":"M\u00f2dul 2-Sessi\u00f3 10- I ara el repte final"},"content":{"rendered":"<h2>Pla de treball<\/h2>\n<div style=\"padding-left: 50px;\">\n<ul>\n<li>Observaci\u00f3 d&#8217;exemples de pinball<\/li>\n<li>Com moure les raquetes<\/li>\n<li>Obstacles<\/li>\n<\/ul>\n<\/div>\n<hr \/>\n<h2>Alguns exemples per inspirar-nos<\/h2>\n<p>A la sessi\u00f3 anterior hem fet un rep\u00e0s de tot all\u00f2 que hem d&#8217;haver preparat per desenvolupar el pinball. A hores d&#8217;ara ja hem de tenir una bona part solucionada, sobretot tenint en compte que hem pogut aprofitar parts del pong que hem anat creant al llarg del m\u00f2dul.<\/p>\n<p>Per tenir algunes idees que facin del nostre pinball el millor dels millors, podem veure alguns exemples acabats<br \/>\n<iframe loading=\"lazy\" src=\"\/\/scratch.mit.edu\/projects\/embed\/1929490\/?autostart=false\" width=\"485\" height=\"402\" frameborder=\"0\"><\/iframe><iframe loading=\"lazy\" src=\"\/\/scratch.mit.edu\/projects\/embed\/681997\/?autostart=false\" width=\"485\" height=\"402\" frameborder=\"0\"><\/iframe><\/p>\n<p>Podem veure&#8217;n molts m\u00e9s a:\u00a0<a href=\"https:\/\/scratch.mit.edu\/search\/projects?q=pinball\">https:\/\/scratch.mit.edu\/search\/projects?q=pinball<\/a><\/p>\n<h2>Moviment de les raquetes<\/h2>\n<p>Per moure les raquetes que impedeixen que la pilota caigui al final de la pantalla podem fer servir el seg\u00fcent m\u00f2dul.<\/p>\n<p><img loading=\"lazy\" decoding=\"async\" class=\"alignnone wp-image-21317\" src=\"https:\/\/projectes.xtec.cat\/programacioirobotica\/wp-content\/uploads\/usu604\/2020\/06\/m2s10retallar2-1.png\" alt=\"\" width=\"347\" height=\"293\" \/> <img loading=\"lazy\" decoding=\"async\" class=\"alignnone wp-image-21318\" src=\"https:\/\/projectes.xtec.cat\/programacioirobotica\/wp-content\/uploads\/usu604\/2020\/06\/IMG_2680-1-777x1024.png\" alt=\"\" width=\"543\" height=\"716\" \/><\/p>\n<h2>Rebot en els obstacles<\/h2>\n<p>Una forma senzilla de controlar el rebot de la pilota en els obstacles que hem col\u00b7locat en el <strong>pinball<\/strong> \u00e9s fer-ho mitjan\u00e7ant el sensor de color, ja que si fem servir molts personatges, ho haur\u00edem de fer controlant cadascun.<\/p>\n<p>Per poder fer aquest control, podem pintar el voltant de cada personatge que fem servir d&#8217;obstacle del mateix color. Aix\u00f2 nom\u00e9s ser\u00e0 possible si els personatges s\u00f3n vectorials. A la galeria de personatges de l&#8217;Scratch podem veure quins s\u00f3n d&#8217;aquest tipus<\/p>\n<p><img loading=\"lazy\" decoding=\"async\" class=\"alignnone wp-image-18122 size-medium\" src=\"https:\/\/projectes.xtec.cat\/programacioirobotica\/wp-content\/uploads\/usu604\/2019\/02\/s10m2personatges-300x221.jpg\" alt=\"\" width=\"300\" height=\"221\" \/><\/p>\n<p>Quan hem triat un d&#8217;aquests personatges vectorials, l&#8217;editem per canviar el color del contorn. Per fer-ho, triem l&#8217;eina d&#8217;omplir, la col\u00b7loquem sobre la vora i triem el color que ens interessi. Repetim aquesta operaci\u00f3 amb tots els personatges que volem fer servir d&#8217;obstacles.<\/p>\n<p><img loading=\"lazy\" decoding=\"async\" class=\"alignnone wp-image-18290\" src=\"https:\/\/projectes.xtec.cat\/programacioirobotica\/wp-content\/uploads\/usu604\/2019\/02\/s10m2voracolor.jpg\" alt=\"\" width=\"369\" height=\"375\" \/><\/p>\n","protected":false},"excerpt":{"rendered":"<p>Pla de treball Observaci\u00f3 d&#8217;exemples de pinball Com moure les raquetes Obstacles Alguns exemples per inspirar-nos A la sessi\u00f3 anterior hem fet un rep\u00e0s de tot all\u00f2 que hem d&#8217;haver preparat per desenvolupar el pinball. A hores d&#8217;ara ja hem de tenir una bona part solucionada, sobretot tenint en compte que hem pogut aprofitar parts [&hellip;]<\/p>\n","protected":false},"author":4,"featured_media":0,"parent":24313,"menu_order":0,"comment_status":"closed","ping_status":"closed","template":"","meta":{"_bbp_topic_count":0,"_bbp_reply_count":0,"_bbp_total_topic_count":0,"_bbp_total_reply_count":0,"_bbp_voice_count":0,"_bbp_anonymous_reply_count":0,"_bbp_topic_count_hidden":0,"_bbp_reply_count_hidden":0,"_bbp_forum_subforum_count":0,"site-sidebar-layout":"no-sidebar","site-content-layout":"content-boxed-container","ast-site-content-layout":"","site-content-style":"default","site-sidebar-style":"default","ast-global-header-display":"","ast-banner-title-visibility":"","ast-main-header-display":"","ast-hfb-above-header-display":"","ast-hfb-below-header-display":"","ast-hfb-mobile-header-display":"","site-post-title":"","ast-breadcrumbs-content":"","ast-featured-img":"","footer-sml-layout":"disabled","theme-transparent-header-meta":"default","adv-header-id-meta":"","stick-header-meta":"default","header-above-stick-meta":"","header-main-stick-meta":"","header-below-stick-meta":"","astra-migrate-meta-layouts":"default","ast-page-background-enabled":"default","ast-page-background-meta":{"desktop":{"background-color":"","background-image":"","background-repeat":"repeat","background-position":"center center","background-size":"auto","background-attachment":"scroll","background-type":"","background-media":"","overlay-type":"","overlay-color":"","overlay-opacity":"","overlay-gradient":""},"tablet":{"background-color":"","background-image":"","background-repeat":"repeat","background-position":"center center","background-size":"auto","background-attachment":"scroll","background-type":"","background-media":"","overlay-type":"","overlay-color":"","overlay-opacity":"","overlay-gradient":""},"mobile":{"background-color":"","background-image":"","background-repeat":"repeat","background-position":"center center","background-size":"auto","background-attachment":"scroll","background-type":"","background-media":"","overlay-type":"","overlay-color":"","overlay-opacity":"","overlay-gradient":""}},"ast-content-background-meta":{"desktop":{"background-color":"var(--ast-global-color-5)","background-image":"","background-repeat":"repeat","background-position":"center center","background-size":"auto","background-attachment":"scroll","background-type":"","background-media":"","overlay-type":"","overlay-color":"","overlay-opacity":"","overlay-gradient":""},"tablet":{"background-color":"var(--ast-global-color-5)","background-image":"","background-repeat":"repeat","background-position":"center center","background-size":"auto","background-attachment":"scroll","background-type":"","background-media":"","overlay-type":"","overlay-color":"","overlay-opacity":"","overlay-gradient":""},"mobile":{"background-color":"var(--ast-global-color-5)","background-image":"","background-repeat":"repeat","background-position":"center center","background-size":"auto","background-attachment":"scroll","background-type":"","background-media":"","overlay-type":"","overlay-color":"","overlay-opacity":"","overlay-gradient":""}},"footnotes":""},"class_list":["post-24335","page","type-page","status-publish","hentry"],"post_mailing_queue_ids":[],"_links":{"self":[{"href":"https:\/\/projectes.xtec.cat\/pensament-computacional\/wp-json\/wp\/v2\/pages\/24335","targetHints":{"allow":["GET"]}}],"collection":[{"href":"https:\/\/projectes.xtec.cat\/pensament-computacional\/wp-json\/wp\/v2\/pages"}],"about":[{"href":"https:\/\/projectes.xtec.cat\/pensament-computacional\/wp-json\/wp\/v2\/types\/page"}],"author":[{"embeddable":true,"href":"https:\/\/projectes.xtec.cat\/pensament-computacional\/wp-json\/wp\/v2\/users\/4"}],"replies":[{"embeddable":true,"href":"https:\/\/projectes.xtec.cat\/pensament-computacional\/wp-json\/wp\/v2\/comments?post=24335"}],"version-history":[{"count":2,"href":"https:\/\/projectes.xtec.cat\/pensament-computacional\/wp-json\/wp\/v2\/pages\/24335\/revisions"}],"predecessor-version":[{"id":26029,"href":"https:\/\/projectes.xtec.cat\/pensament-computacional\/wp-json\/wp\/v2\/pages\/24335\/revisions\/26029"}],"up":[{"embeddable":true,"href":"https:\/\/projectes.xtec.cat\/pensament-computacional\/wp-json\/wp\/v2\/pages\/24313"}],"wp:attachment":[{"href":"https:\/\/projectes.xtec.cat\/pensament-computacional\/wp-json\/wp\/v2\/media?parent=24335"}],"curies":[{"name":"wp","href":"https:\/\/api.w.org\/{rel}","templated":true}]}}