{"id":25415,"date":"2022-07-19T10:20:20","date_gmt":"2022-07-19T08:20:20","guid":{"rendered":"https:\/\/projectes.xtec.cat\/pensament-computacional\/\/?page_id=25415"},"modified":"2023-11-02T15:46:39","modified_gmt":"2023-11-02T14:46:39","slug":"bluebot","status":"publish","type":"page","link":"https:\/\/projectes.xtec.cat\/pensament-computacional\/bluebot\/","title":{"rendered":"Blue-Bot"},"content":{"rendered":"\n<div class=\"wp-block-columns is-layout-flex wp-container-core-columns-is-layout-1 wp-block-columns-is-layout-flex\">\n<div class=\"wp-block-column is-layout-flow wp-block-column-is-layout-flow\" style=\"flex-basis:60%\">\n<p>El Blue-Bot \u00e9s un robot que permet treballar diferents aspectes del pensament i d&#8217;altres rellevants com l&#8217;orientaci\u00f3 espacial, la motricitat, la l\u00f2gica, l&#8217;estrat\u00e8gia, etc. Es pot programar amb els botons que incorpora a la carcassa.<\/p>\n\n\n\n<div class=\"wp-block-image is-style-default\"><figure class=\"aligncenter size-large is-resized\"><a href=\"https:\/\/projectes.xtec.cat\/pensament-computacional\/wp-content\/uploads\/usu2217\/2023\/09\/bluebot.jpg\"><img loading=\"lazy\" decoding=\"async\" src=\"https:\/\/projectes.xtec.cat\/pensament-computacional\/wp-content\/uploads\/usu2217\/2023\/09\/bluebot.jpg\" alt=\"\" class=\"wp-image-28351\" width=\"227\" height=\"227\"\/><\/a><\/figure><\/div>\n<\/div>\n\n\n\n<div class=\"wp-block-column is-layout-flow wp-block-column-is-layout-flow\" style=\"flex-basis:40%\">\n<div class=\"wp-block-getwid-section caixa\" style=\"margin-bottom:0px\"><div class=\"wp-block-getwid-section__wrapper getwid-padding-left-medium\" style=\"margin-left:0px;margin-right:0px;padding-bottom:1px\"><div class=\"wp-block-getwid-section__inner-wrapper\"><div class=\"wp-block-getwid-section__background-holder\"><div class=\"wp-block-getwid-section__background has-background\" style=\"background-color:#f5e6e6\"><\/div><div class=\"wp-block-getwid-section__foreground\" style=\"mix-blend-mode:screen\"><\/div><\/div><div class=\"wp-block-getwid-section__content\"><div class=\"wp-block-getwid-section__inner-content\">\n<p><strong>Nivell educatiu recomanat:<\/strong> EI, CI<\/p>\n\n\n\n<p><strong>Sistemes operatius: <\/strong><img decoding=\"async\" width=\"26px;\" height=\"26px;\" src=\"https:\/\/lh5.googleusercontent.com\/DCc1odgPI_MJ8JO2eA0f_ys9ev2dcQ5SYDr8n8B7AXALb72Qp1w8Cfi8Lweo1JZQpBwy0668sBUu7-6A19ZjaJiKOexnwp9Q6a-kMcn634gWqmZKeRUa3r6ToI1EIEEmVDWePP25x5ixmjLU7ptmSAPmog=nw\"> <img decoding=\"async\" width=\"26px;\" height=\"26px;\" src=\"https:\/\/lh3.googleusercontent.com\/s9IgAnA30vwfB9MbiCMi_0RYPvHm8NOXcF7C42OSZIUCvtLvzkLStyrmS77066Ja6TicJJpLlan0tybfrrYwQKZ_8P7WsWMYdLZD3aC4xzmjicoPVamH9wM9JosR6Y8VZlD8aKivHRdweIT1rW_deTPPng=nw\"><\/p>\n\n\n\n<p><strong>Dispositius:<\/strong> <img decoding=\"async\" width=\"28px;\" height=\"28px;\" src=\"https:\/\/lh4.googleusercontent.com\/F5lclElO9Y3WyW7nMp9f5XtDFrSRmhPO-t4l1WjnZEemqlMQQuarD2GNpKB-gl85oUB0h2g5ceD00refMPl6HndMZfDH0awmk0k544xXS_2er1XjfB7uaGqFSZb5xLVDpEAoH37FKj_QbswmKNlXt0inPg=nw\"><img decoding=\"async\" width=\"18px;\" height=\"18px;\" src=\"https:\/\/lh4.googleusercontent.com\/0gfYv0v4NgZlLOh9UKv8cay6Ub-4LW76y0Fw-HzzhcYRsrOgOoE4KgzZHWUeiUoMFhL3EkXTfwPWkV89E3dX9xn5NokYOmlYf1BnmLAInAdgBu0kXMoNUQT8kvNLVG9A8Z70EF4sdolNdKW62VdE5h-dWg=nw\"><\/p>\n\n\n\n<p><strong>Connectivitat:<\/strong> <img decoding=\"async\" width=\"28px;\" height=\"28px;\" src=\"https:\/\/lh5.googleusercontent.com\/XNIaVlEngvEBI2-L013n2r432FJrD6Wdtxkfz7Qt2GMfQ4GFH3ZD78xanEi5V6VopvFTnspKuYEwwqcwcJRN7S2yDF8vs0D7XuljEy2PIgKKakXanSV1TItY0iwvhFRMxuDPAR7xedeDWqPdeDbhCyN45w=nw\"> <img decoding=\"async\" width=\"36px;\" height=\"36px;\" src=\"https:\/\/lh6.googleusercontent.com\/tnvnvQo5ifWOg2r9LlMXy4kvBDcZQkc-C5q-2SprJoypCyQzmFAi754kgR5YJ44w778M8dpclQN6nm_M4OdkLfsntMPJdwTwOxbFYifm9-GZ8ANg7FzKcOFxu-6viclzrz5hBINDgRusGWvYRAfAtMCVcw=nw\"><\/p>\n<\/div><\/div><\/div><\/div><\/div>\n\n\n\n<p><\/p>\n<\/div>\n<\/div>\n\n\n\n<div style=\"height:1px\" aria-hidden=\"true\" class=\"wp-block-spacer\"><\/div>\n\n\n\n<p>El robot t\u00e9 Bluetooth i es pot programar amb lector t\u00e0ctil i amb dispositius m\u00f2bils o amb l&#8217;ordinador a partir d&#8217;apps disponibles per <a href=\"https:\/\/play.google.com\/store\/apps\/details?id=tts.bluebot&amp;hl=ca&amp;gl=US\">Android<\/a> i <a href=\"https:\/\/apps.apple.com\/es\/app\/blue-bot\/id957753068\">iOS<\/a>. A m\u00e9s, es pot complementar amb un lector de targetes d&#8217;instruccions.&nbsp;Disposa tamb\u00e9 d\u2019un entorn de programaci\u00f3 basat en blocs tipus Scratch.<\/p>\n\n\n\n<div class=\"wp-block-columns is-layout-flex wp-container-core-columns-is-layout-2 wp-block-columns-is-layout-flex\">\n<div class=\"wp-block-column is-layout-flow wp-block-column-is-layout-flow\" style=\"flex-basis:25%\"><\/div>\n\n\n\n<div class=\"wp-block-column is-layout-flow wp-block-column-is-layout-flow\" style=\"flex-basis:75%\">\n<figure class=\"wp-block-embed is-type-video is-provider-youtube wp-block-embed-youtube wp-embed-aspect-16-9 wp-has-aspect-ratio\"><div class=\"wp-block-embed__wrapper\">\n<div class=\"ast-oembed-container \" style=\"height: 100%;\"><iframe loading=\"lazy\" title=\"Blue-Bot\u00ae Bluetooth Programmable Floor Robot from TTS Group\" width=\"500\" height=\"281\" src=\"https:\/\/www.youtube.com\/embed\/T6SyP7Imygs?feature=oembed\" frameborder=\"0\" allow=\"accelerometer; autoplay; clipboard-write; encrypted-media; gyroscope; picture-in-picture; web-share\" referrerpolicy=\"strict-origin-when-cross-origin\" allowfullscreen><\/iframe><\/div>\n<\/div><\/figure>\n<\/div>\n\n\n\n<div class=\"wp-block-column is-layout-flow wp-block-column-is-layout-flow\" style=\"flex-basis:25%\"><\/div>\n<\/div>\n\n\n\n<div class=\"wp-block-getwid-section alignfull alignfull\"><div class=\"wp-block-getwid-section__wrapper\"><div class=\"wp-block-getwid-section__inner-wrapper\"><div class=\"wp-block-getwid-section__background-holder\"><div class=\"wp-block-getwid-section__background has-background has-ast-global-color-6-background-color\"><\/div><div class=\"wp-block-getwid-section__foreground\"><\/div><\/div><div class=\"wp-block-getwid-section__content\"><div class=\"wp-block-getwid-section__inner-content\">\n<p><strong>Recursos:<\/strong><\/p>\n\n\n\n<ul class=\"wp-block-list\" id=\"block-2d2021a9-7dbe-4a30-92fb-41b1c0b83d09\"><li>\ud83d\udcf1 <a rel=\"noreferrer noopener\" href=\"https:\/\/play.google.com\/store\/apps\/details?id=tts.bluebot\" target=\"_blank\">App Blue-Bot Android<\/a>.<\/li><li>\ud83d\udcf1 <a href=\"https:\/\/apps.apple.com\/es\/app\/blue-bot\/id957753068\">App Blue-<\/a><a rel=\"noreferrer noopener\" href=\"https:\/\/apps.apple.com\/es\/app\/blue-bot\/id957753068\" target=\"_blank\">Bot <\/a><a href=\"https:\/\/apps.apple.com\/es\/app\/blue-bot\/id957753068\">iOS<\/a>.<\/li><li>\ud83d\udcf1 <a rel=\"noreferrer noopener\" href=\"https:\/\/play.google.com\/store\/apps\/details?id=tts.blocsdubluebot\" target=\"_blank\">App Blue&#8217;s blocs Android.<\/a><\/li><li>\ud83d\udcf1 <a rel=\"noreferrer noopener\" href=\"https:\/\/apps.apple.com\/es\/app\/blues-blocs\/id1558423639\" target=\"_blank\">App Blue&#8217;s blocs iOS<\/a>.<\/li><li><a rel=\"noreferrer noopener\" href=\"https:\/\/www.digitaltechnologieshub.edu.au\/teach-and-assess\/classroom-resources\/lesson-ideas\/blue-bot-challenges\/\" target=\"_blank\">Reptes amb Blue-Bot<\/a> (materials de Digital Technologies Hub -en angl\u00e8s-).<\/li><\/ul>\n<\/div><\/div><\/div><\/div><\/div>\n","protected":false},"excerpt":{"rendered":"<p>El Blue-Bot \u00e9s un robot que permet treballar diferents aspectes del pensament i d&#8217;altres rellevants com l&#8217;orientaci\u00f3 espacial, la motricitat, la l\u00f2gica, l&#8217;estrat\u00e8gia, etc. Es pot programar amb els botons que incorpora a la carcassa. El robot t\u00e9 Bluetooth i es pot programar amb lector t\u00e0ctil i amb dispositius m\u00f2bils o amb l&#8217;ordinador a partir [&hellip;]<\/p>\n","protected":false},"author":4,"featured_media":0,"parent":0,"menu_order":10,"comment_status":"closed","ping_status":"closed","template":"","meta":{"_bbp_topic_count":0,"_bbp_reply_count":0,"_bbp_total_topic_count":0,"_bbp_total_reply_count":0,"_bbp_voice_count":0,"_bbp_anonymous_reply_count":0,"_bbp_topic_count_hidden":0,"_bbp_reply_count_hidden":0,"_bbp_forum_subforum_count":0,"site-sidebar-layout":"no-sidebar","site-content-layout":"content-boxed-container","ast-site-content-layout":"","site-content-style":"default","site-sidebar-style":"default","ast-global-header-display":"","ast-banner-title-visibility":"","ast-main-header-display":"","ast-hfb-above-header-display":"","ast-hfb-below-header-display":"","ast-hfb-mobile-header-display":"","site-post-title":"","ast-breadcrumbs-content":"","ast-featured-img":"","footer-sml-layout":"disabled","theme-transparent-header-meta":"default","adv-header-id-meta":"","stick-header-meta":"default","header-above-stick-meta":"","header-main-stick-meta":"","header-below-stick-meta":"","astra-migrate-meta-layouts":"default","ast-page-background-enabled":"default","ast-page-background-meta":{"desktop":{"background-color":"","background-image":"","background-repeat":"repeat","background-position":"center center","background-size":"auto","background-attachment":"scroll","background-type":"","background-media":"","overlay-type":"","overlay-color":"","overlay-opacity":"","overlay-gradient":""},"tablet":{"background-color":"","background-image":"","background-repeat":"repeat","background-position":"center center","background-size":"auto","background-attachment":"scroll","background-type":"","background-media":"","overlay-type":"","overlay-color":"","overlay-opacity":"","overlay-gradient":""},"mobile":{"background-color":"","background-image":"","background-repeat":"repeat","background-position":"center center","background-size":"auto","background-attachment":"scroll","background-type":"","background-media":"","overlay-type":"","overlay-color":"","overlay-opacity":"","overlay-gradient":""}},"ast-content-background-meta":{"desktop":{"background-color":"var(--ast-global-color-5)","background-image":"","background-repeat":"repeat","background-position":"center center","background-size":"auto","background-attachment":"scroll","background-type":"","background-media":"","overlay-type":"","overlay-color":"","overlay-opacity":"","overlay-gradient":""},"tablet":{"background-color":"var(--ast-global-color-5)","background-image":"","background-repeat":"repeat","background-position":"center center","background-size":"auto","background-attachment":"scroll","background-type":"","background-media":"","overlay-type":"","overlay-color":"","overlay-opacity":"","overlay-gradient":""},"mobile":{"background-color":"var(--ast-global-color-5)","background-image":"","background-repeat":"repeat","background-position":"center center","background-size":"auto","background-attachment":"scroll","background-type":"","background-media":"","overlay-type":"","overlay-color":"","overlay-opacity":"","overlay-gradient":""}},"footnotes":""},"class_list":["post-25415","page","type-page","status-publish","hentry"],"post_mailing_queue_ids":[],"_links":{"self":[{"href":"https:\/\/projectes.xtec.cat\/pensament-computacional\/wp-json\/wp\/v2\/pages\/25415","targetHints":{"allow":["GET"]}}],"collection":[{"href":"https:\/\/projectes.xtec.cat\/pensament-computacional\/wp-json\/wp\/v2\/pages"}],"about":[{"href":"https:\/\/projectes.xtec.cat\/pensament-computacional\/wp-json\/wp\/v2\/types\/page"}],"author":[{"embeddable":true,"href":"https:\/\/projectes.xtec.cat\/pensament-computacional\/wp-json\/wp\/v2\/users\/4"}],"replies":[{"embeddable":true,"href":"https:\/\/projectes.xtec.cat\/pensament-computacional\/wp-json\/wp\/v2\/comments?post=25415"}],"version-history":[{"count":5,"href":"https:\/\/projectes.xtec.cat\/pensament-computacional\/wp-json\/wp\/v2\/pages\/25415\/revisions"}],"predecessor-version":[{"id":29693,"href":"https:\/\/projectes.xtec.cat\/pensament-computacional\/wp-json\/wp\/v2\/pages\/25415\/revisions\/29693"}],"wp:attachment":[{"href":"https:\/\/projectes.xtec.cat\/pensament-computacional\/wp-json\/wp\/v2\/media?parent=25415"}],"curies":[{"name":"wp","href":"https:\/\/api.w.org\/{rel}","templated":true}]}}