{"id":39385,"date":"2024-10-22T14:06:13","date_gmt":"2024-10-22T12:06:13","guid":{"rendered":"https:\/\/projectes.xtec.cat\/pensament-computacional\/?page_id=39385"},"modified":"2024-11-21T12:35:50","modified_gmt":"2024-11-21T11:35:50","slug":"taller-8-preparat-per-construir-el-vehicle-del-futur","status":"publish","type":"page","link":"https:\/\/projectes.xtec.cat\/pensament-computacional\/formacio-robotica\/jornades\/jornada-connectem-amb-les-plaques\/taller-8-preparat-per-construir-el-vehicle-del-futur\/","title":{"rendered":"Taller 8 \u2013 Prepara&#8217;t per construir el vehicle del futur!"},"content":{"rendered":"\n<div class=\"wp-block-getwid-section alignfull alignfull\"><div class=\"wp-block-getwid-section__wrapper\" style=\"padding-bottom:1px\"><div class=\"wp-block-getwid-section__inner-wrapper\"><div class=\"wp-block-getwid-section__background-holder\"><div class=\"wp-block-getwid-section__background\"><\/div><div class=\"wp-block-getwid-section__foreground\"><\/div><\/div><div class=\"wp-block-getwid-section__content\"><div class=\"wp-block-getwid-section__inner-content\">\n<hr class=\"wp-block-separator has-text-color has-alpha-channel-opacity has-background is-style-wide\" style=\"background-color:#273d5c;color:#273d5c\"\/>\n\n\n\n<div class=\"wp-block-columns is-layout-flex wp-container-core-columns-is-layout-1 wp-block-columns-is-layout-flex\">\n<div class=\"wp-block-column is-vertically-aligned-center is-layout-flow wp-block-column-is-layout-flow\">\n<div class=\"wp-block-getwid-advanced-heading has-custom-font-size\" style=\"font-size:25px\"><span class=\"wp-block-getwid-advanced-heading__content has-text-color\" style=\"color:#bf507f\"><strong>Taller 8 <strong>\u2013<\/strong> Prepara&#8217;t per construir el vehicle del futur!<\/strong> <strong>(3 hores)<\/strong><\/span><\/div>\n<\/div>\n<\/div>\n\n\n\n<hr class=\"wp-block-separator has-text-color has-alpha-channel-opacity has-background is-style-wide\" style=\"background-color:#273d5c;color:#273d5c\"\/>\n<\/div><\/div><\/div><\/div><\/div>\n\n\n\n<div class=\"wp-block-getwid-section alignfull alignfull\" style=\"margin-top:0px\"><div class=\"wp-block-getwid-section__wrapper getwid-padding-bottom-none\" style=\"padding-top:1px\"><div class=\"wp-block-getwid-section__inner-wrapper\"><div class=\"wp-block-getwid-section__background-holder\"><div class=\"wp-block-getwid-section__background\"><\/div><div class=\"wp-block-getwid-section__foreground\"><\/div><\/div><div class=\"wp-block-getwid-section__content\"><div class=\"wp-block-getwid-section__inner-content\">\n<div class=\"wp-block-columns is-layout-flex wp-container-core-columns-is-layout-2 wp-block-columns-is-layout-flex\">\n<div class=\"wp-block-column is-layout-flow wp-block-column-is-layout-flow\" style=\"flex-basis:100%\">\n<p class=\"has-text-align-right avancat_plaques has-text-color has-link-color wp-elements-8be898f2b3da44ebbe221a56ba84495f\" style=\"color:#273d5c\"><strong>Nivell avan\u00e7at<\/strong><\/p>\n<\/div>\n<\/div>\n\n\n\n<div class=\"wp-block-columns are-vertically-aligned-top is-layout-flex wp-container-core-columns-is-layout-5 wp-block-columns-is-layout-flex\" style=\"padding-top:var(--wp--preset--spacing--30)\">\n<div class=\"wp-block-column is-vertically-aligned-top is-layout-flow wp-block-column-is-layout-flow\">\n<div class=\"wp-block-getwid-section getwid-section-content-full-width\"><div class=\"wp-block-getwid-section__wrapper\" style=\"padding-top:10px\"><div class=\"wp-block-getwid-section__inner-wrapper\"><div class=\"wp-block-getwid-section__background-holder\"><div class=\"wp-block-getwid-section__background has-background\" style=\"background-color:#f2ede2\"><\/div><div class=\"wp-block-getwid-section__foreground\"><\/div><\/div><div class=\"wp-block-getwid-section__content\"><div class=\"wp-block-getwid-section__inner-content\">\n<h6 class=\"wp-block-heading has-text-color has-link-color wp-elements-68fdea30f2b99bd66b89fc3528b7a020\" style=\"color:#434343;padding-top:var(--wp--preset--spacing--20)\"><strong>Descripci\u00f3<\/strong><\/h6>\n\n\n\n<p>En aquest taller aprendrem a construir un robot utilitzant un&nbsp;<strong>xass\u00eds <\/strong>que ha estat dissenyat especialment per a aquesta jornada,&nbsp;combinat amb les plaques<strong>.<\/strong><\/p>\n\n\n\n<p>Un cop tinguem el <strong>robot muntat, explotarem les seves possibilitats<\/strong> i aix\u00ed aprofundirem en la <strong>programaci\u00f3 de la placa micro:bit amb l&#8217;entorn de Makecode<\/strong>.<\/p>\n\n\n\n<p>Imagineu-vos que ens contracten a una oficina t\u00e8cnica d&#8217;una gran marca de cotxes i ens encarreguen una s\u00e8rie de reptes per a donar servei amb el nostre vehicle a persones amb algun grau de discapacitat, que a m\u00e9s a m\u00e9s de conduir, volen que els vehicles els acompanyin quan van de passeig i tamb\u00e9 els volen fer servir per a poder enviar o recollir paquets i aix\u00ed estalviar-los despla\u00e7aments.<br><\/p>\n\n\n\n<p>Es plantejaran reptes a resoldre fent servir els diferents <strong>sensors i actuadors<\/strong>. Despr\u00e9s de trobar les diferents interconnexions entre sensors i actuadors, es proposaran activitats per a aplicar les possibilitats que ens dona el robot i cadascuna de les seves caracter\u00edstiques com:<\/p>\n\n\n\n<div class=\"wp-block-columns is-layout-flex wp-container-core-columns-is-layout-3 wp-block-columns-is-layout-flex\">\n<div class=\"wp-block-column is-layout-flow wp-block-column-is-layout-flow\">\n<ul class=\"wp-block-list\">\n<li>Detector de llum<\/li>\n\n\n\n<li>Term\u00f2metre<\/li>\n\n\n\n<li>Mesurador de dist\u00e0ncia<\/li>\n\n\n\n<li>Micr\u00f2fon<\/li>\n\n\n\n<li>Emissor-receptor d&#8217;IR com seguidor de l\u00ednia<\/li>\n\n\n\n<li>Sensor de pres\u00e8ncia<\/li>\n<\/ul>\n<\/div>\n\n\n\n<div class=\"wp-block-column is-layout-flow wp-block-column-is-layout-flow\">\n<ul class=\"wp-block-list\">\n<li>Sensor d&#8217;humitat<\/li>\n\n\n\n<li>Comunicaci\u00f3 per r\u00e0dio<\/li>\n\n\n\n<li>Pantalla OLED<\/li>\n\n\n\n<li>Leds neop\u00edxel<\/li>\n\n\n\n<li>Servomotors<\/li>\n\n\n\n<li>Buzzer<\/li>\n<\/ul>\n<\/div>\n<\/div>\n\n\n\n<p style=\"padding-top:var(--wp--preset--spacing--30)\">Desenvoluparem activitats per a <strong>programar de forma progressiva<\/strong>:<\/p>\n\n\n\n<div class=\"wp-block-columns is-layout-flex wp-container-core-columns-is-layout-4 wp-block-columns-is-layout-flex\">\n<div class=\"wp-block-column is-layout-flow wp-block-column-is-layout-flow\">\n<ul class=\"wp-block-list\">\n<li>Sistema d&#8217;encesa de llums autom\u00e0tic<\/li>\n\n\n\n<li>Sistema d&#8217;encesa de neteja vidres autom\u00e0tic<\/li>\n\n\n\n<li>Alarma de moviment i intrusi\u00f3<\/li>\n<\/ul>\n<\/div>\n\n\n\n<div class=\"wp-block-column is-layout-flow wp-block-column-is-layout-flow\">\n<ul class=\"wp-block-list\">\n<li>Sistemes de conducci\u00f3 autom\u00e0tica<\/li>\n\n\n\n<li>Conducci\u00f3 a dist\u00e0ncia<\/li>\n\n\n\n<li>Aplicaci\u00f3 de sistemes d&#8217;Intel\u00b7lig\u00e8ncia artificial a la conducci\u00f3 i control del vehicle.<\/li>\n<\/ul>\n<\/div>\n<\/div>\n\n\n\n<p>Treballarem amb <a href=\"https:\/\/makecode.microbit.org\/\">MakeCode<\/a> i <a href=\"https:\/\/teachablemachine.withgoogle.com\/\">Teachable Machine<\/a>.<\/p>\n\n\n\n<figure class=\"wp-block-image aligncenter size-full is-resized has-custom-border\"><a href=\"https:\/\/projectes.xtec.cat\/pensament-computacional\/wp-content\/uploads\/usu2217\/2024\/10\/xassis_vehicle_microbit_3D_pasapas-1.png\"><img loading=\"lazy\" decoding=\"async\" width=\"841\" height=\"616\" src=\"https:\/\/projectes.xtec.cat\/pensament-computacional\/wp-content\/uploads\/usu2217\/2024\/10\/xassis_vehicle_microbit_3D_pasapas-1.png\" alt=\"\" class=\"has-border-color wp-image-39534\" style=\"border-color:var(--ast-global-color-7);border-width:2px;border-radius:12px;width:350px\" srcset=\"https:\/\/projectes.xtec.cat\/pensament-computacional\/wp-content\/uploads\/usu2217\/2024\/10\/xassis_vehicle_microbit_3D_pasapas-1.png 841w, https:\/\/projectes.xtec.cat\/pensament-computacional\/wp-content\/uploads\/usu2217\/2024\/10\/xassis_vehicle_microbit_3D_pasapas-1-300x220.png 300w, https:\/\/projectes.xtec.cat\/pensament-computacional\/wp-content\/uploads\/usu2217\/2024\/10\/xassis_vehicle_microbit_3D_pasapas-1-768x563.png 768w\" sizes=\"auto, (max-width: 841px) 100vw, 841px\" \/><\/a><\/figure>\n\n\n\n<p><strong>Podreu aconseguir els reptes plantejats?<\/strong><\/p>\n<\/div><\/div><\/div><\/div><\/div>\n<\/div>\n\n\n\n<div class=\"wp-block-column is-vertically-aligned-top is-layout-flow wp-block-column-is-layout-flow\">\n<div class=\"wp-block-getwid-section getwid-section-content-full-width\"><div class=\"wp-block-getwid-section__wrapper\" style=\"padding-top:10px\"><div class=\"wp-block-getwid-section__inner-wrapper\"><div class=\"wp-block-getwid-section__background-holder\"><div class=\"wp-block-getwid-section__background has-background\" style=\"background-color:#f2ede2\"><\/div><div class=\"wp-block-getwid-section__foreground\"><\/div><\/div><div class=\"wp-block-getwid-section__content\"><div class=\"wp-block-getwid-section__inner-content\">\n<h6 class=\"wp-block-heading has-text-color has-link-color wp-elements-4ffcda1e54d42624f488294f1293b6b1\" style=\"color:#434343;padding-top:var(--wp--preset--spacing--20)\"><strong>Material<\/strong> <strong>necessari<\/strong><\/h6>\n\n\n\n<ul class=\"wp-block-list\">\n<li>2 Plaques micro:bit (una absolutament necess\u00e0ria, l&#8217;altra, opcional, per\u00f2 molt recomanable).<\/li>\n\n\n\n<li>1 Placa micro:shield (al kit de sensors b\u00e0sics de prim\u00e0ria ja n&#8217;hi ha una; a la secund\u00e0ria (verda) no, cal que t&#8217;asseguris de portar-ne).<\/li>\n\n\n\n<li>1 malet\u00ed de sensors i actuadors de Prim\u00e0ria o de Secund\u00e0ria (B\u00e0sic).<\/li>\n\n\n\n<li>Ordinador (amb connexi\u00f3 wifi).<\/li>\n\n\n\n<li>No \u00e9s absolutament necessari, perqu\u00e8 treballarem amb la versi\u00f3 en l\u00ednia de MakeCode, per\u00f2 si us voleu registrar per a conservar els programes al n\u00favol, podeu fer-ho a https:\/\/makecode.microbit.org\/<\/li>\n<\/ul>\n\n\n\n<p><strong><strong>\u26a0\ufe0f<\/strong><\/strong> <strong><strong>Important<\/strong>: \u00e9s necessari que les persones inscrites al taller portin el material indicat el dia de la jornada.<\/strong><\/p>\n\n\n\n<p><strong>Des de l&#8217;organitzaci\u00f3<\/strong> de la jornada <strong>es facilitaran els materials necessaris per construir el xass\u00eds del vehicle<\/strong>. Un cop finalitzat el taller, els assistents es podran endur aquest material.<\/p>\n<\/div><\/div><\/div><\/div><\/div>\n\n\n\n<div class=\"wp-block-getwid-section getwid-section-content-full-width\"><div class=\"wp-block-getwid-section__wrapper\" style=\"padding-top:10px\"><div class=\"wp-block-getwid-section__inner-wrapper\"><div class=\"wp-block-getwid-section__background-holder\"><div class=\"wp-block-getwid-section__background has-background\" style=\"background-color:#f2ede2\"><\/div><div class=\"wp-block-getwid-section__foreground\"><\/div><\/div><div class=\"wp-block-getwid-section__content\"><div class=\"wp-block-getwid-section__inner-content\">\n<h6 class=\"wp-block-heading has-text-color has-link-color wp-elements-714936c7a87b772567fbc96e00694b61\" style=\"color:#434343;padding-top:var(--wp--preset--spacing--20)\"><strong>Presentaci\u00f3<\/strong><\/h6>\n\n\n\n<p style=\"text-align:center\"><iframe loading=\"lazy\" src=\"https:\/\/docs.google.com\/presentation\/d\/10E2Euhx-HoCAP0eN1ZAbWbBOros_WdQzWE-rB4yr1qU\/preview?slide=id.p1\" frameborder=\"0\" width=\"480\" height=\"299\" allowfullscreen=\"true\" mozallowfullscreen=\"true\" webkitallowfullscreen=\"true\"><\/iframe><\/p>\n<\/div><\/div><\/div><\/div><\/div>\n<\/div>\n<\/div>\n<\/div><\/div><\/div><\/div><\/div>\n\n\n\n<div class=\"wp-block-getwid-section alignfull alignfull getwid-margin-top-normal getwid-margin-bottom-large\"><div class=\"wp-block-getwid-section__wrapper getwid-padding-top-small\"><div class=\"wp-block-getwid-section__inner-wrapper\"><div class=\"wp-block-getwid-section__background-holder\"><div class=\"wp-block-getwid-section__background has-background\" style=\"background-color:#feecf0\"><\/div><div class=\"wp-block-getwid-section__foreground\"><\/div><\/div><div class=\"wp-block-getwid-section__content\"><div class=\"wp-block-getwid-section__inner-content\">\n<div class=\"wp-block-getwid-section\" style=\"margin-top:0px;margin-bottom:1px\"><div class=\"wp-block-getwid-section__wrapper\" style=\"padding-top:14px;padding-bottom:0px\"><div class=\"wp-block-getwid-section__inner-wrapper\"><div class=\"wp-block-getwid-section__background-holder\"><div class=\"wp-block-getwid-section__background\"><\/div><div class=\"wp-block-getwid-section__foreground\"><\/div><\/div><div class=\"wp-block-getwid-section__content\"><div class=\"wp-block-getwid-section__inner-content\">\n<div class=\"wp-block-columns are-vertically-aligned-center is-layout-flex wp-container-core-columns-is-layout-6 wp-block-columns-is-layout-flex\">\n<div class=\"wp-block-column is-vertically-aligned-center is-layout-flow wp-block-column-is-layout-flow\">\n<figure class=\"wp-block-image alignright size-full is-resized is-style-rounded\"><img loading=\"lazy\" decoding=\"async\" width=\"772\" height=\"857\" src=\"https:\/\/projectes.xtec.cat\/pensament-computacional\/wp-content\/uploads\/usu2217\/2024\/10\/salvador-ANTONIO-ROMERO-MUNOZ.jpg\" alt=\"\" class=\"wp-image-39397\" style=\"aspect-ratio:1;object-fit:cover;width:112px;height:auto\" srcset=\"https:\/\/projectes.xtec.cat\/pensament-computacional\/wp-content\/uploads\/usu2217\/2024\/10\/salvador-ANTONIO-ROMERO-MUNOZ.jpg 772w, https:\/\/projectes.xtec.cat\/pensament-computacional\/wp-content\/uploads\/usu2217\/2024\/10\/salvador-ANTONIO-ROMERO-MUNOZ-270x300.jpg 270w, https:\/\/projectes.xtec.cat\/pensament-computacional\/wp-content\/uploads\/usu2217\/2024\/10\/salvador-ANTONIO-ROMERO-MUNOZ-768x853.jpg 768w\" sizes=\"auto, (max-width: 772px) 100vw, 772px\" \/><\/figure>\n<\/div>\n\n\n\n<div class=\"wp-block-column is-vertically-aligned-center is-layout-flow wp-block-column-is-layout-flow\" style=\"padding-top:var(--wp--preset--spacing--20);flex-basis:55%\">\n<p class=\"has-text-align-left\"><strong><strong><strong>Salvador P\u00e9rez<\/strong><\/strong><\/strong><\/p>\n\n\n\n<p>M\u00fasic, docent de secund\u00e0ria en l&#8217;especialitat de m\u00fasica i amant del m\u00f3n micro:bit. Mentor Digital i ara Mentor 4.0 al SE del Garraf. Formador en l\u2019\u00e0mbit digital.<br>Els robots ho fan tot igual de b\u00e9 que tu, per\u00f2 m\u00e9s r\u00e0pid: posa un robot a la teva vida.<\/p>\n<\/div>\n\n\n\n<div class=\"wp-block-column is-vertically-aligned-center is-layout-flow wp-block-column-is-layout-flow\" style=\"flex-basis:25%\"><\/div>\n<\/div>\n<\/div><\/div><\/div><\/div><\/div>\n\n\n\n<div class=\"wp-block-getwid-section getwid-margin-top-medium\"><div class=\"wp-block-getwid-section__wrapper\" style=\"padding-top:14px;padding-bottom:0px\"><div class=\"wp-block-getwid-section__inner-wrapper\"><div class=\"wp-block-getwid-section__background-holder\"><div class=\"wp-block-getwid-section__background\"><\/div><div class=\"wp-block-getwid-section__foreground\"><\/div><\/div><div class=\"wp-block-getwid-section__content\"><div class=\"wp-block-getwid-section__inner-content\">\n<div class=\"wp-block-columns is-layout-flex wp-container-core-columns-is-layout-7 wp-block-columns-is-layout-flex\" style=\"padding-bottom:var(--wp--preset--spacing--20)\">\n<div class=\"wp-block-column is-vertically-aligned-center is-layout-flow wp-block-column-is-layout-flow\">\n<figure class=\"wp-block-image alignright size-full is-resized is-style-rounded\"><img loading=\"lazy\" decoding=\"async\" width=\"288\" height=\"288\" src=\"https:\/\/projectes.xtec.cat\/pensament-computacional\/wp-content\/uploads\/usu2217\/2024\/10\/FOTO-ANTONIO-ROMERO-MUNOZ.jpg\" alt=\"\" class=\"wp-image-39398\" style=\"aspect-ratio:1;object-fit:cover;width:114px;height:auto\" srcset=\"https:\/\/projectes.xtec.cat\/pensament-computacional\/wp-content\/uploads\/usu2217\/2024\/10\/FOTO-ANTONIO-ROMERO-MUNOZ.jpg 288w, https:\/\/projectes.xtec.cat\/pensament-computacional\/wp-content\/uploads\/usu2217\/2024\/10\/FOTO-ANTONIO-ROMERO-MUNOZ-150x150.jpg 150w\" sizes=\"auto, (max-width: 288px) 100vw, 288px\" \/><\/figure>\n<\/div>\n\n\n\n<div class=\"wp-block-column is-vertically-aligned-center is-layout-flow wp-block-column-is-layout-flow\" style=\"flex-basis:70%\">\n<p class=\"has-text-align-left\"><strong><strong><strong>Antonio Romero<\/strong><\/strong><\/strong><\/p>\n\n\n\n<p class=\"has-text-align-left\" style=\"font-size:14px\">T\u00e8cnic Especialista en Electr\u00f2nica Industrial i Enginyer T\u00e8cnic Industrial. Des de molt jove, motivat per tres pilars, l\u2019educaci\u00f3, la tecnologia i la voluntat de les persones per millorar el m\u00f3n. He estat professor d\u2019FP, d\u2019ESO, de batxillerat, M\u00e0ster de Professorat de Tecnologia, i ara Mentor Digital 4.0. Puc afirmar que la rob\u00f2tica educativa \u00e9s una eina motivadora, inclusiva, permet transmetre valors i coneixements, estructura la forma de pensar, i prepara no nom\u00e9s per al futur, sin\u00f3 per al present.<\/p>\n<\/div>\n<\/div>\n<\/div><\/div><\/div><\/div><\/div>\n<\/div><\/div><\/div><\/div><\/div>\n","protected":false},"excerpt":{"rendered":"","protected":false},"author":14,"featured_media":0,"parent":35058,"menu_order":0,"comment_status":"closed","ping_status":"close","template":"","meta":{"_bbp_topic_count":0,"_bbp_reply_count":0,"_bbp_total_topic_count":0,"_bbp_total_reply_count":0,"_bbp_voice_count":0,"_bbp_anonymous_reply_count":0,"_bbp_topic_count_hidden":0,"_bbp_reply_count_hidden":0,"_bbp_forum_subforum_count":0,"site-sidebar-layout":"default","site-content-layout":"","ast-site-content-layout":"default","site-content-style":"default","site-sidebar-style":"default","ast-global-header-display":"","ast-banner-title-visibility":"","ast-main-header-display":"","ast-hfb-above-header-display":"","ast-hfb-below-header-display":"","ast-hfb-mobile-header-display":"","site-post-title":"disabled","ast-breadcrumbs-content":"","ast-featured-img":"","footer-sml-layout":"","theme-transparent-header-meta":"","adv-header-id-meta":"","stick-header-meta":"","header-above-stick-meta":"","header-main-stick-meta":"","header-below-stick-meta":"","astra-migrate-meta-layouts":"set","ast-page-background-enabled":"default","ast-page-background-meta":{"desktop":{"background-color":"","background-image":"","background-repeat":"repeat","background-position":"center center","background-size":"auto","background-attachment":"scroll","background-type":"","background-media":"","overlay-type":"","overlay-color":"","overlay-opacity":"","overlay-gradient":""},"tablet":{"background-color":"","background-image":"","background-repeat":"repeat","background-position":"center center","background-size":"auto","background-attachment":"scroll","background-type":"","background-media":"","overlay-type":"","overlay-color":"","overlay-opacity":"","overlay-gradient":""},"mobile":{"background-color":"","background-image":"","background-repeat":"repeat","background-position":"center center","background-size":"auto","background-attachment":"scroll","background-type":"","background-media":"","overlay-type":"","overlay-color":"","overlay-opacity":"","overlay-gradient":""}},"ast-content-background-meta":{"desktop":{"background-color":"var(--ast-global-color-5)","background-image":"","background-repeat":"repeat","background-position":"center center","background-size":"auto","background-attachment":"scroll","background-type":"","background-media":"","overlay-type":"","overlay-color":"","overlay-opacity":"","overlay-gradient":""},"tablet":{"background-color":"var(--ast-global-color-5)","background-image":"","background-repeat":"repeat","background-position":"center center","background-size":"auto","background-attachment":"scroll","background-type":"","background-media":"","overlay-type":"","overlay-color":"","overlay-opacity":"","overlay-gradient":""},"mobile":{"background-color":"var(--ast-global-color-5)","background-image":"","background-repeat":"repeat","background-position":"center center","background-size":"auto","background-attachment":"scroll","background-type":"","background-media":"","overlay-type":"","overlay-color":"","overlay-opacity":"","overlay-gradient":""}},"footnotes":""},"class_list":["post-39385","page","type-page","status-publish","hentry"],"post_mailing_queue_ids":[],"_links":{"self":[{"href":"https:\/\/projectes.xtec.cat\/pensament-computacional\/wp-json\/wp\/v2\/pages\/39385","targetHints":{"allow":["GET"]}}],"collection":[{"href":"https:\/\/projectes.xtec.cat\/pensament-computacional\/wp-json\/wp\/v2\/pages"}],"about":[{"href":"https:\/\/projectes.xtec.cat\/pensament-computacional\/wp-json\/wp\/v2\/types\/page"}],"author":[{"embeddable":true,"href":"https:\/\/projectes.xtec.cat\/pensament-computacional\/wp-json\/wp\/v2\/users\/14"}],"replies":[{"embeddable":true,"href":"https:\/\/projectes.xtec.cat\/pensament-computacional\/wp-json\/wp\/v2\/comments?post=39385"}],"version-history":[{"count":5,"href":"https:\/\/projectes.xtec.cat\/pensament-computacional\/wp-json\/wp\/v2\/pages\/39385\/revisions"}],"predecessor-version":[{"id":41323,"href":"https:\/\/projectes.xtec.cat\/pensament-computacional\/wp-json\/wp\/v2\/pages\/39385\/revisions\/41323"}],"up":[{"embeddable":true,"href":"https:\/\/projectes.xtec.cat\/pensament-computacional\/wp-json\/wp\/v2\/pages\/35058"}],"wp:attachment":[{"href":"https:\/\/projectes.xtec.cat\/pensament-computacional\/wp-json\/wp\/v2\/media?parent=39385"}],"curies":[{"name":"wp","href":"https:\/\/api.w.org\/{rel}","templated":true}]}}