{"id":49702,"date":"2025-06-03T09:20:59","date_gmt":"2025-06-03T07:20:59","guid":{"rendered":"https:\/\/projectes.xtec.cat\/pensament-computacional\/?page_id=49702"},"modified":"2025-06-05T08:44:27","modified_gmt":"2025-06-05T06:44:27","slug":"recursos-externs-sobre-scratch","status":"publish","type":"page","link":"https:\/\/projectes.xtec.cat\/pensament-computacional\/scratch\/materials-didactics-scratch\/recursos-externs-sobre-scratch\/","title":{"rendered":"Recursos externs sobre Scratch"},"content":{"rendered":"\n<h1><\/h1>\n<table style=\"height: 1137px; width: 75.0689%;\" width=\"983\">\n<tbody>\n<tr style=\"height: 51px;\">\n<td style=\"width: 27.6923%; height: 51px;\">\n<h5><strong><a href=\"https:\/\/scratch.mit.edu\/\">scratch.mit.edu<\/a><\/strong><\/h5>\n<\/td>\n<td style=\"width: 77.641%; height: 51px;\">\n<h5>P\u00e0gina principal del projecte Scratch del MIT amb exemples, videotutorials i desc\u00e0rrega del software.<\/h5>\n<\/td>\n<\/tr>\n<tr style=\"height: 72px;\">\n<td style=\"width: 27.6923%; height: 72px;\">\n<h5><strong><a href=\"https:\/\/creativecomputing.gse.harvard.edu\/guide\/curriculum.html\">Creative computing curr\u00edculum<\/a><\/strong><\/h5>\n<\/td>\n<td style=\"width: 77.641%; height: 72px;\">\n<h5>Creative Computing Curriculum is a collection of ideas, strategies, and activities for an introductory creative computing experience using the Scratch programming language.<\/h5>\n<\/td>\n<\/tr>\n\n<tr style=\"height: 51px;\">\n<td style=\"width: 27.6923%; height: 18px;\">\n<h5><strong><a href=\"https:\/\/projectes.xtec.cat\/pensament-computacional\/scratch\/materials-didactics-scratch\/recursos-externs-sobre-scratch\/scratch-cards-classiques\/\">Targetes Scratch en Catal\u00e0<\/a><\/strong><\/h5>\n<\/td>\n<td style=\"width: 77.641%; height: 18px;\">\n<h5>Targetes preparades per a ser impreses amb petites activitats per aprendre a fer servir l\u2019Scratch a poc a poc i de forma guiada.<\/h5>\n<a href=\"https:\/\/projectes.xtec.cat\/pensament-computacional\/scratch\/materials-didactics-scratch\/recursos-externs-sobre-scratch\/scratch-cards-dactivitats\/\">Scratch cards d&#8217;activitats<\/a><\/td>\n<\/tr>\n<tr style=\"height: 80px;\">\n<td style=\"width: 27.6923%; height: 56px;\">\n<h5><strong><a href=\"https:\/\/www.vullaprendre.org\/scratch\/\">Scratch Catal\u00e0<\/a><\/strong><\/h5>\n<h5><strong>\u00a0<\/strong><\/h5>\n<\/td>\n<td style=\"width: 77.641%; height: 56px;\">\n<h5>Lloc web de refer\u00e8ncia per a la comunitat de mestres de Catalunya que treballen amb l\u2019Scratch.<\/h5>\n<\/td>\n<\/tr>\n<tr style=\"height: 52px;\">\n<td style=\"width: 27.6923%; height: 31px;\">\n<h5><strong><a href=\"https:\/\/intef.es\/tag\/scratch\/\">INTEF Scratch<\/a><\/strong><\/h5>\n<\/td>\n<td style=\"width: 77.641%; height: 31px;\">\n<h5>Materials did\u00e0ctics.<\/h5>\n<\/td>\n<\/tr>\n<tr style=\"height: 81px;\">\n<td style=\"width: 27.6923%; height: 58px;\">\n<h5><strong><a href=\"https:\/\/programamos.es\/recursos\/scratch\/\">Programamos<\/a><\/strong><\/h5>\n<h5><\/h5>\n<\/td>\n<td style=\"width: 77.641%; height: 58px;\">\n<h5>P\u00e0gina web de l\u2019associaci\u00f3 \u201cProgramamos\u201d amb diferents recursos i ajuts al voltant de l\u2019Scratch.<\/h5>\n<\/td>\n<\/tr>\n<tr style=\"height: 81px;\">\n<td style=\"width: 27.6923%; height: 57px;\">\n<h5><strong><a href=\"https:\/\/programamos.es\/traduccion-de-la-guia-creative-computing\/\">Guia \u201cInform\u00e1tica creativa\u201d<\/a><\/strong><\/h5>\n<h5><\/h5>\n<\/td>\n<td style=\"width: 77.641%; height: 57px;\">\n<h5>Guia did\u00e0ctica amb unitats i activitats dissenyada per Karen Brennan de la Universidad de Harvard.<\/h5>\n<\/td>\n<\/tr>\n<tr style=\"height: 73px;\">\n<td style=\"width: 27.6923%; height: 73px;\">\n<h5><strong><a href=\"https:\/\/www.ucl.ac.uk\/ioe\/research\/projects\/scratchmaths\">Scratch Maths de la University College London<\/a><\/strong><\/h5>\n<\/td>\n<td style=\"width: 77.641%; height: 73px;\">\n<h5>Recurs educatiu amb l\u2019objectiu d\u2019incorporar la programaci\u00f3 com a recurs a l\u2019\u00e0rea de matem\u00e0tiques.<\/h5>\n<\/td>\n<\/tr>\n\n<tr style=\"height: 52px;\">\n<td style=\"width: 27.6923%; height: 33px;\">\n<h5><strong><a href=\"https:\/\/scratch.mit.edu\/studios\/4801282\/\">Estudi<\/a><\/strong><\/h5>\n<\/td>\n<td style=\"width: 77.641%; height: 33px;\">\n<h5>Els tallers de &#8220;Hack Public Art with Scratch&#8221;.<\/h5>\n<\/td>\n<\/tr>\n<tr style=\"height: 52px;\">\n<td style=\"width: 27.6923%; height: 44px;\">\n<h5><strong><a href=\"https:\/\/www.slideshare.net\/mindstorm1979\/hackejant-lart-pblic-amb-scratch-maker-faire-girona\">Hack Art<\/a><\/strong><\/h5>\n<\/td>\n<td style=\"width: 77.641%; height: 44px;\">\n<h5>Maker faire Girona.<\/h5>\n<\/td>\n<\/tr>\n<tr style=\"height: 73px;\">\n<td style=\"width: 27.6923%; height: 54px;\">\n<h5><strong><a href=\"http:\/\/scratched.gse.harvard.edu\/\">ScratchED<\/a><\/strong><\/h5>\n<\/td>\n<td style=\"width: 77.641%; height: 54px;\">\n<h5>From May 2009 until May 2019, more than 27,000 educators who support learning with the Scratch programming language shared 4,749 <a href=\"http:\/\/scratched.gse.harvard.edu\/discussions.html\">discussion posts<\/a>, 1,027 <a href=\"http:\/\/scratched.gse.harvard.edu\/resources.html\">resources<\/a>, and 354 <a href=\"http:\/\/scratched.gse.harvard.edu\/stories.html\">stories<\/a> here in the ScratchEd Online Community<\/h5>\n<\/td>\n<\/tr>\n\n\n\n\n<\/tbody>\n<\/table>\n&nbsp;\n","protected":false},"excerpt":{"rendered":"<p>scratch.mit.edu P\u00e0gina principal del projecte Scratch del MIT amb exemples, videotutorials i desc\u00e0rrega del software. Creative computing curr\u00edculum Creative Computing Curriculum is a collection of ideas, strategies, and activities for an introductory creative computing experience using the Scratch programming language. Targetes Scratch en Catal\u00e0 Targetes preparades per a ser impreses amb petites activitats per aprendre [&hellip;]<\/p>\n","protected":false},"author":12,"featured_media":0,"parent":8316,"menu_order":0,"comment_status":"closed","ping_status":"closed","template":"","meta":{"_bbp_topic_count":0,"_bbp_reply_count":0,"_bbp_total_topic_count":0,"_bbp_total_reply_count":0,"_bbp_voice_count":0,"_bbp_anonymous_reply_count":0,"_bbp_topic_count_hidden":0,"_bbp_reply_count_hidden":0,"_bbp_forum_subforum_count":0,"site-sidebar-layout":"default","site-content-layout":"","ast-site-content-layout":"default","site-content-style":"default","site-sidebar-style":"default","ast-global-header-display":"","ast-banner-title-visibility":"","ast-main-header-display":"","ast-hfb-above-header-display":"","ast-hfb-below-header-display":"","ast-hfb-mobile-header-display":"","site-post-title":"","ast-breadcrumbs-content":"","ast-featured-img":"","footer-sml-layout":"","theme-transparent-header-meta":"","adv-header-id-meta":"","stick-header-meta":"","header-above-stick-meta":"","header-main-stick-meta":"","header-below-stick-meta":"","astra-migrate-meta-layouts":"set","ast-page-background-enabled":"default","ast-page-background-meta":{"desktop":{"background-color":"","background-image":"","background-repeat":"repeat","background-position":"center center","background-size":"auto","background-attachment":"scroll","background-type":"","background-media":"","overlay-type":"","overlay-color":"","overlay-opacity":"","overlay-gradient":""},"tablet":{"background-color":"","background-image":"","background-repeat":"repeat","background-position":"center center","background-size":"auto","background-attachment":"scroll","background-type":"","background-media":"","overlay-type":"","overlay-color":"","overlay-opacity":"","overlay-gradient":""},"mobile":{"background-color":"","background-image":"","background-repeat":"repeat","background-position":"center center","background-size":"auto","background-attachment":"scroll","background-type":"","background-media":"","overlay-type":"","overlay-color":"","overlay-opacity":"","overlay-gradient":""}},"ast-content-background-meta":{"desktop":{"background-color":"var(--ast-global-color-5)","background-image":"","background-repeat":"repeat","background-position":"center center","background-size":"auto","background-attachment":"scroll","background-type":"","background-media":"","overlay-type":"","overlay-color":"","overlay-opacity":"","overlay-gradient":""},"tablet":{"background-color":"var(--ast-global-color-5)","background-image":"","background-repeat":"repeat","background-position":"center center","background-size":"auto","background-attachment":"scroll","background-type":"","background-media":"","overlay-type":"","overlay-color":"","overlay-opacity":"","overlay-gradient":""},"mobile":{"background-color":"var(--ast-global-color-5)","background-image":"","background-repeat":"repeat","background-position":"center center","background-size":"auto","background-attachment":"scroll","background-type":"","background-media":"","overlay-type":"","overlay-color":"","overlay-opacity":"","overlay-gradient":""}},"footnotes":""},"class_list":["post-49702","page","type-page","status-publish","hentry"],"post_mailing_queue_ids":[],"_links":{"self":[{"href":"https:\/\/projectes.xtec.cat\/pensament-computacional\/wp-json\/wp\/v2\/pages\/49702","targetHints":{"allow":["GET"]}}],"collection":[{"href":"https:\/\/projectes.xtec.cat\/pensament-computacional\/wp-json\/wp\/v2\/pages"}],"about":[{"href":"https:\/\/projectes.xtec.cat\/pensament-computacional\/wp-json\/wp\/v2\/types\/page"}],"author":[{"embeddable":true,"href":"https:\/\/projectes.xtec.cat\/pensament-computacional\/wp-json\/wp\/v2\/users\/12"}],"replies":[{"embeddable":true,"href":"https:\/\/projectes.xtec.cat\/pensament-computacional\/wp-json\/wp\/v2\/comments?post=49702"}],"version-history":[{"count":6,"href":"https:\/\/projectes.xtec.cat\/pensament-computacional\/wp-json\/wp\/v2\/pages\/49702\/revisions"}],"predecessor-version":[{"id":49843,"href":"https:\/\/projectes.xtec.cat\/pensament-computacional\/wp-json\/wp\/v2\/pages\/49702\/revisions\/49843"}],"up":[{"embeddable":true,"href":"https:\/\/projectes.xtec.cat\/pensament-computacional\/wp-json\/wp\/v2\/pages\/8316"}],"wp:attachment":[{"href":"https:\/\/projectes.xtec.cat\/pensament-computacional\/wp-json\/wp\/v2\/media?parent=49702"}],"curies":[{"name":"wp","href":"https:\/\/api.w.org\/{rel}","templated":true}]}}