{"id":16762,"date":"2023-04-25T11:17:04","date_gmt":"2023-04-25T09:17:04","guid":{"rendered":"https:\/\/projectes.xtec.cat\/pfi\/?page_id=16762"},"modified":"2026-01-29T16:33:16","modified_gmt":"2026-01-29T15:33:16","slug":"dades","status":"publish","type":"page","link":"https:\/\/projectes.xtec.cat\/pfi\/dades\/","title":{"rendered":"Dades"},"content":{"rendered":"<h4 style=\"text-align: center;\"><strong>Algunes dades generals pel que fa al Curs 25\/26<\/strong><\/h4>\n<p>&nbsp;<\/p>\n<p>El curs <strong>25\/26<\/strong>\u00a0participen\u00a0<strong>95 Ajuntaments<\/strong>,\u00a0<strong>\u00a0el Consell Comarcal de la Garrotxa i el Conselh Generau d\u2019Aran<\/strong>. Actualment, hi ha\u00a0<strong>70 convenis signats<\/strong>\u00a0amb administracions locals, amb un total de\u00a0<strong>152 grups<\/strong>\u00a0i una\u00a0<strong>r\u00e0tio de 17 alumnes per grup<\/strong>, en\u00a0<strong>26 perfils<\/strong>.<\/p>\n<p><span style=\"font-weight: 400;\">Els perfils professionals ofertats i el n\u00famero de grups arreu de Catalunya:<\/span><\/p>\n<table>\n<tbody>\n<tr>\n<td>\n<h6><b>Perfil<\/b><\/h6>\n<\/td>\n<td>\n<h6><b>N\u00famero de grups<\/b><\/h6>\n<\/td>\n<\/tr>\n<tr>\n<td><b>Auxiliar de muntatge d&#8217;instal\u00b7lacions electrot\u00e8cniques en edificis<\/b><\/td>\n<td><span style=\"font-weight: 400;\">1<\/span><\/td>\n<\/tr>\n<tr>\n<td><b>Auxiliar d&#8217;activitats esportives<\/b><\/td>\n<td><span style=\"font-weight: 400;\">5<\/span><\/td>\n<\/tr>\n<tr>\n<td><b>Auxiliar d&#8217;activitats d&#8217;oficina i serveis d&#8217;administraci\u00f3 generals<\/b><\/td>\n<td><span style=\"font-weight: 400;\">3<\/span><\/td>\n<\/tr>\n<tr>\n<td><b>Auxiliar d&#8217;activitats forestals<\/b><\/td>\n<td><span style=\"font-weight: 400;\">2<\/span><\/td>\n<\/tr>\n<tr>\n<td><b>Auxiliar de vivers i jardins<\/b><\/td>\n<td><span style=\"font-weight: 400;\">11<\/span><\/td>\n<\/tr>\n<tr>\n<td><b>Auxiliar de vendes, oficina i atenci\u00f3 al p\u00fablic<\/b><\/td>\n<td><span style=\"font-weight: 400;\">1<\/span><\/td>\n<\/tr>\n<tr>\n<td><b>Auxiliar de comer\u00e7 i atenci\u00f3 al p\u00fablic<\/b><\/td>\n<td><span style=\"font-weight: 400;\">38<\/span><\/td>\n<\/tr>\n<tr>\n<td><b>Auxiliar de comercialitzaci\u00f3 de productes i log\u00edstica<\/b><\/td>\n<td><span style=\"font-weight: 400;\">3<\/span><\/td>\n<\/tr>\n<tr>\n<td><b>Auxiliar de muntatge d&#8217;instal\u00b7lacions electrot\u00e8cniques en edificis<\/b><\/td>\n<td><span style=\"font-weight: 400;\">13<\/span><\/td>\n<\/tr>\n<tr>\n<td><b>Auxiliar de construcci\u00f3<\/b><\/td>\n<td><span style=\"font-weight: 400;\">1<\/span><\/td>\n<\/tr>\n<tr>\n<td><b>Auxiliar d&#8217;obres d&#8217;interior i pintura<\/b><\/td>\n<td><span style=\"font-weight: 400;\">1<\/span><\/td>\n<\/tr>\n<tr>\n<td><b>Auxiliar d&#8217;obres d&#8217;interior i pintura<\/b><\/td>\n<td><span style=\"font-weight: 400;\">1<\/span><\/td>\n<\/tr>\n<tr>\n<td><b>Auxiliar d&#8217;obres d&#8217;interior i pintura<\/b><\/td>\n<td><span style=\"font-weight: 400;\">1<\/span><\/td>\n<\/tr>\n<tr>\n<td><b>Auxiliar de fabricaci\u00f3 mec\u00e0nica<\/b><\/td>\n<td><span style=\"font-weight: 400;\">12<\/span><\/td>\n<\/tr>\n<tr>\n<td><b>Auxiliar en treballs de fusteria i instal\u00b7laci\u00f3 de mobles<\/b><\/td>\n<td><span style=\"font-weight: 400;\">3<\/span><\/td>\n<\/tr>\n<tr>\n<td><b>Auxiliar de pastisseria i forneria<\/b><\/td>\n<td><span style=\"font-weight: 400;\">4<\/span><\/td>\n<\/tr>\n<tr>\n<td><b>Auxiliar de serveis de restauraci\u00f3 i cuina<\/b><\/td>\n<td><span style=\"font-weight: 400;\">19<\/span><\/td>\n<\/tr>\n<tr>\n<td><b>Auxiliar de preparaci\u00f3 i comercialitzaci\u00f3 de peix i marisc<\/b><\/td>\n<td><span style=\"font-weight: 400;\">1<\/span><\/td>\n<\/tr>\n<tr>\n<td><b>Auxiliar de muntatge i manteniment d&#8217;equips inform\u00e0tics<\/b><\/td>\n<td><span style=\"font-weight: 400;\">8<\/span><\/td>\n<\/tr>\n<tr>\n<td><b>Auxiliar de fontaneria, calefacci\u00f3 i climatitzaci\u00f3<\/b><\/td>\n<td><span style=\"font-weight: 400;\">4<\/span><\/td>\n<\/tr>\n<tr>\n<td><b>Auxiliar d&#8217;imatge personal: est\u00e8tica<\/b><\/td>\n<td><span style=\"font-weight: 400;\">1<\/span><\/td>\n<\/tr>\n<tr>\n<td><b>Auxiliar de perruqueria i est\u00e8tica<\/b><\/td>\n<td><span style=\"font-weight: 400;\">8<\/span><\/td>\n<\/tr>\n<tr>\n<td><b>Auxiliar en centres sanitaris<\/b><\/td>\n<td><span style=\"font-weight: 400;\">6<\/span><\/td>\n<\/tr>\n<tr>\n<td><b>Auxiliar de reparaci\u00f3 i manteniment de vehicles lleugers<\/b><\/td>\n<td><span style=\"font-weight: 400;\">3<\/span><\/td>\n<\/tr>\n<tr>\n<td><b>Auxiliar d&#8217;operacions en aeroports<\/b><\/td>\n<td><span style=\"font-weight: 400;\">1<\/span><\/td>\n<\/tr>\n<tr>\n<td><b>Auxiliar de manteniment i reparaci\u00f3 de vehicles de mobilitat personal<\/b><\/td>\n<td><span style=\"font-weight: 400;\">1<\/span><\/td>\n<\/tr>\n<\/tbody>\n<\/table>\n<p>&nbsp;<\/p>\n","protected":false},"excerpt":{"rendered":"<p>Algunes dades generals pel que fa al Curs 25\/26<br \/>\n&nbsp;<br \/>\nEl curs 25\/26\u00a0participen\u00a095 Ajuntaments,\u00a0\u00a0el Consell Comarcal de la Garrotxa i el Conselh Generau d\u2019Aran. Actualment, hi ha\u00a070 convenis signats\u00a0amb administracions locals, amb un total de\u00a0152 grups\u00a0i una\u00a0r\u00e0tio de 17 alumnes per grup, en\u00a026 perfils.<br \/>\nEls perfils professionals ofertats&hellip;  <a href=\"https:\/\/projectes.xtec.cat\/pfi\/dades\/\" title=\"Read Dades\">Llegeix m\u00e9s\u00bb<\/a><\/p>\n","protected":false},"author":1,"featured_media":0,"parent":0,"menu_order":0,"comment_status":"closed","ping_status":"closed","template":"","meta":{"_bbp_topic_count":0,"_bbp_reply_count":0,"_bbp_total_topic_count":0,"_bbp_total_reply_count":0,"_bbp_voice_count":0,"_bbp_anonymous_reply_count":0,"_bbp_topic_count_hidden":0,"_bbp_reply_count_hidden":0,"_bbp_forum_subforum_count":0,"footnotes":""},"class_list":["post-16762","page","type-page","status-publish","hentry"],"post_mailing_queue_ids":[],"_links":{"self":[{"href":"https:\/\/projectes.xtec.cat\/pfi\/wp-json\/wp\/v2\/pages\/16762","targetHints":{"allow":["GET"]}}],"collection":[{"href":"https:\/\/projectes.xtec.cat\/pfi\/wp-json\/wp\/v2\/pages"}],"about":[{"href":"https:\/\/projectes.xtec.cat\/pfi\/wp-json\/wp\/v2\/types\/page"}],"author":[{"embeddable":true,"href":"https:\/\/projectes.xtec.cat\/pfi\/wp-json\/wp\/v2\/users\/1"}],"replies":[{"embeddable":true,"href":"https:\/\/projectes.xtec.cat\/pfi\/wp-json\/wp\/v2\/comments?post=16762"}],"version-history":[{"count":5,"href":"https:\/\/projectes.xtec.cat\/pfi\/wp-json\/wp\/v2\/pages\/16762\/revisions"}],"predecessor-version":[{"id":20974,"href":"https:\/\/projectes.xtec.cat\/pfi\/wp-json\/wp\/v2\/pages\/16762\/revisions\/20974"}],"wp:attachment":[{"href":"https:\/\/projectes.xtec.cat\/pfi\/wp-json\/wp\/v2\/media?parent=16762"}],"curies":[{"name":"wp","href":"https:\/\/api.w.org\/{rel}","templated":true}]}}