{"id":16992,"date":"2023-05-22T14:33:00","date_gmt":"2023-05-22T12:33:00","guid":{"rendered":"https:\/\/projectes.xtec.cat\/pfi\/?page_id=16992"},"modified":"2026-01-23T09:39:04","modified_gmt":"2026-01-23T08:39:04","slug":"baix-llobregat","status":"publish","type":"page","link":"https:\/\/projectes.xtec.cat\/pfi\/baix-llobregat\/","title":{"rendered":"Baix Llobregat"},"content":{"rendered":"<h4 style=\"text-align: center;\"><b>Oferta curs 2025-26<\/b><\/h4>\n<h4 style=\"text-align: center;\"><\/h4>\n<table>\n<tbody>\n<tr>\n<td><b>Administracions locals<\/b><\/td>\n<td><b>Nom<\/b><\/td>\n<td><b>Grups<\/b><\/td>\n<td><b>Instituts<\/b><\/td>\n<\/tr>\n<tr>\n<td rowspan=\"3\"><span style=\"font-weight: 400;\">Ajuntament d&#8217;El Prat de Llobregat<\/span><\/td>\n<td rowspan=\"3\"><span style=\"font-weight: 400;\">PTT El Prat de Llobregat<\/span><\/td>\n<td><span style=\"font-weight: 400;\">Auxiliar d&#8217;operacions en aeroports<\/span><\/td>\n<td rowspan=\"3\"><span style=\"font-weight: 400;\">Institut Illa dels Banyols<\/span><\/td>\n<\/tr>\n<tr>\n<td><span style=\"font-weight: 400;\">Auxiliar de fontaneria, calefacci\u00f3 i climatitzaci\u00f3<\/span><\/td>\n<\/tr>\n<tr>\n<td><span style=\"font-weight: 400;\">Auxiliar de reparaci\u00f3 i manteniment de vehicles lleugers<\/span><\/td>\n<\/tr>\n<tr>\n<td rowspan=\"4\"><span style=\"font-weight: 400;\">Ajuntament de Castelldefels<\/span><\/td>\n<td rowspan=\"4\"><span style=\"font-weight: 400;\">PTT Castelldefels<\/span><\/td>\n<td><span style=\"font-weight: 400;\">Auxiliar de comer\u00e7 i atenci\u00f3 al p\u00fablic<\/span><\/td>\n<td rowspan=\"4\"><span style=\"font-weight: 400;\">Institut Mediterr\u00e0nia<\/span><\/td>\n<\/tr>\n<tr>\n<td><span style=\"font-weight: 400;\">Auxiliar de muntatge d&#8217;instal\u00b7lacions electrot\u00e8cniques en edificis<\/span><\/td>\n<\/tr>\n<tr>\n<td><span style=\"font-weight: 400;\">Auxiliar de muntatge i manteniment d&#8217;equips inform\u00e0tics<\/span><\/td>\n<\/tr>\n<tr>\n<td><span style=\"font-weight: 400;\">Auxiliar de serveis de restauraci\u00f3 i cuina<\/span><\/td>\n<\/tr>\n<tr>\n<td><span style=\"font-weight: 400;\">Ajuntament de Esparreguera<\/span><\/td>\n<td><span style=\"font-weight: 400;\">PTT Esparreguera<\/span><\/td>\n<td><span style=\"font-weight: 400;\">Auxiliar d&#8217;activitats d&#8217;oficina i serveis d&#8217;administraci\u00f3 generals<\/span><\/td>\n<td><span style=\"font-weight: 400;\">Institut El Castell<\/span><\/td>\n<\/tr>\n<tr>\n<td rowspan=\"2\"><span style=\"font-weight: 400;\">Ajuntament de Esplugues de Llobregat<\/span><\/td>\n<td rowspan=\"2\"><span style=\"font-weight: 400;\">PTT Esplugues de Llobregat<\/span><\/td>\n<td><span style=\"font-weight: 400;\">Auxiliar de comer\u00e7 i atenci\u00f3 al p\u00fablic<\/span><\/td>\n<td rowspan=\"2\"><span style=\"font-weight: 400;\">Institut Severo Ochoa<\/span><\/td>\n<\/tr>\n<tr>\n<td><span style=\"font-weight: 400;\">Auxiliar de perruqueria i est\u00e8tica<\/span><\/td>\n<\/tr>\n<tr>\n<td rowspan=\"2\"><span style=\"font-weight: 400;\">Ajuntament de Gav\u00e0<\/span><\/td>\n<td rowspan=\"2\"><span style=\"font-weight: 400;\">PTT Gav\u00e0<\/span><\/td>\n<td><span style=\"font-weight: 400;\">Auxiliar de comer\u00e7 i atenci\u00f3 al p\u00fablic<\/span><\/td>\n<td rowspan=\"2\"><span style=\"font-weight: 400;\">Institut El Calamot<\/span><\/td>\n<\/tr>\n<tr>\n<td><span style=\"font-weight: 400;\">Auxiliar de fabricaci\u00f3 mec\u00e0nica<\/span><\/td>\n<\/tr>\n<tr>\n<td rowspan=\"2\"><span style=\"font-weight: 400;\">Ajuntament de Martorell<\/span><\/td>\n<td rowspan=\"2\"><span style=\"font-weight: 400;\">PTT Martorell<\/span><\/td>\n<td><span style=\"font-weight: 400;\">Auxiliar de comer\u00e7 i atenci\u00f3 al p\u00fablic<\/span><\/td>\n<td rowspan=\"2\"><span style=\"font-weight: 400;\">Institut Joan Or\u00f3<\/span><\/td>\n<\/tr>\n<tr>\n<td><span style=\"font-weight: 400;\">Auxiliar de fabricaci\u00f3 mec\u00e0nica<\/span><\/td>\n<\/tr>\n<tr>\n<td rowspan=\"2\"><span style=\"font-weight: 400;\">Ajuntament de Molins de Rei<\/span><\/td>\n<td rowspan=\"2\"><span style=\"font-weight: 400;\">PTT Molins de Rei<\/span><\/td>\n<td><span style=\"font-weight: 400;\">Auxiliar de comer\u00e7 i atenci\u00f3 al p\u00fablic<\/span><\/td>\n<td rowspan=\"2\"><span style=\"font-weight: 400;\">Institut Bernat el Ferrer<\/span><\/td>\n<\/tr>\n<tr>\n<td><span style=\"font-weight: 400;\">Auxiliar de vivers i jardins<\/span><\/td>\n<\/tr>\n<tr>\n<td rowspan=\"3\"><span style=\"font-weight: 400;\">Ajuntament de Sant Boi de Llobregat<\/span><\/td>\n<td rowspan=\"3\"><span style=\"font-weight: 400;\">PTT Sant Boi de Llobregat<\/span><\/td>\n<td><span style=\"font-weight: 400;\">Auxiliar de comer\u00e7 i atenci\u00f3 al p\u00fablic<\/span><\/td>\n<td rowspan=\"3\"><span style=\"font-weight: 400;\">Institut Camps Blancs<\/span><\/td>\n<\/tr>\n<tr>\n<td><span style=\"font-weight: 400;\">Auxiliar de muntatge d&#8217;instal\u00b7lacions electrot\u00e8cniques en edificis<\/span><\/td>\n<\/tr>\n<tr>\n<td><span style=\"font-weight: 400;\">Auxiliar de reparaci\u00f3 i manteniment de vehicles lleugers<\/span><\/td>\n<\/tr>\n<tr>\n<td rowspan=\"3\"><span style=\"font-weight: 400;\">Ajuntament de Sant Feliu de Llobregat<\/span><\/td>\n<td rowspan=\"3\"><span style=\"font-weight: 400;\">PTT Sant Feliu de Llobregat<\/span><\/td>\n<td><span style=\"font-weight: 400;\">Auxiliar de comer\u00e7 i atenci\u00f3 al p\u00fablic<\/span><\/td>\n<td rowspan=\"3\"><span style=\"font-weight: 400;\">Institut Mart\u00ed Dot<\/span><\/td>\n<\/tr>\n<tr>\n<td><span style=\"font-weight: 400;\">Auxiliar de fabricaci\u00f3 mec\u00e0nica<\/span><\/td>\n<\/tr>\n<tr>\n<td><span style=\"font-weight: 400;\">Auxiliar de serveis de restauraci\u00f3 i cuina<\/span><\/td>\n<\/tr>\n<tr>\n<td rowspan=\"2\"><span style=\"font-weight: 400;\">Ajuntament de Sant Vicen\u00e7 dels Horts<\/span><\/td>\n<td rowspan=\"2\"><span style=\"font-weight: 400;\">PTT Sant Vicen\u00e7 dels Horts<\/span><\/td>\n<td><span style=\"font-weight: 400;\">Auxiliar de muntatge i manteniment d&#8217;equips inform\u00e0tics<\/span><\/td>\n<td rowspan=\"2\"><span style=\"font-weight: 400;\">Institut Gabriela Mistral<\/span><\/td>\n<\/tr>\n<tr>\n<td><span style=\"font-weight: 400;\">Auxiliar de pastisseria i forneria<\/span><\/td>\n<\/tr>\n<tr>\n<td rowspan=\"4\"><span style=\"font-weight: 400;\">Ajuntament de Viladecans<\/span><\/td>\n<td rowspan=\"4\"><span style=\"font-weight: 400;\">PTT Viladecans<\/span><\/td>\n<td><span style=\"font-weight: 400;\">Auxiliar d&#8217;activitats d&#8217;oficina i serveis d&#8217;administraci\u00f3 generals<\/span><\/td>\n<td rowspan=\"4\"><span style=\"font-weight: 400;\">Institut Torre Roja<\/span><\/td>\n<\/tr>\n<tr>\n<td><span style=\"font-weight: 400;\">Auxiliar de comer\u00e7 i atenci\u00f3 al p\u00fablic<\/span><\/td>\n<\/tr>\n<tr>\n<td><span style=\"font-weight: 400;\">Auxiliar de manteniment i reparaci\u00f3 de vehicles de mobilitat personal<\/span><\/td>\n<\/tr>\n<tr>\n<td><span style=\"font-weight: 400;\">Auxiliar de muntatge i manteniment d&#8217;equips inform\u00e0tics<\/span><\/td>\n<\/tr>\n<\/tbody>\n<\/table>\n<h4 style=\"text-align: center;\"><\/h4>\n","protected":false},"excerpt":{"rendered":"<p>Oferta curs 2025-26<\/p>\n<p>Administracions locals<br \/>\nNom<br \/>\nGrups<br \/>\nInstituts<\/p>\n<p>Ajuntament d&#8217;El Prat de Llobregat<br \/>\nPTT El Prat de Llobregat<br \/>\nAuxiliar d&#8217;operacions en aeroports<br \/>\nInstitut Illa dels Banyols<\/p>\n<p>Auxiliar de fontaneria, calefacci\u00f3 i climatitzaci\u00f3<\/p>\n<p>Auxiliar de reparaci\u00f3 i manteniment de vehicles lleugers<\/p>\n<p>Ajuntament de Castelldefels<br \/>\nPTT Castelldefels<br \/>\nAuxiliar de comer\u00e7 i atenci\u00f3 al p\u00fablic<br \/>\nInstitut Mediterr\u00e0nia<\/p>\n<p>Auxiliar de muntatge d&#8217;instal\u00b7lacions electrot\u00e8cniques en&hellip;  <a href=\"https:\/\/projectes.xtec.cat\/pfi\/baix-llobregat\/\" title=\"Read Baix Llobregat\">Llegeix m\u00e9s\u00bb<\/a><\/p>\n","protected":false},"author":1,"featured_media":0,"parent":0,"menu_order":0,"comment_status":"closed","ping_status":"closed","template":"","meta":{"_bbp_topic_count":0,"_bbp_reply_count":0,"_bbp_total_topic_count":0,"_bbp_total_reply_count":0,"_bbp_voice_count":0,"_bbp_anonymous_reply_count":0,"_bbp_topic_count_hidden":0,"_bbp_reply_count_hidden":0,"_bbp_forum_subforum_count":0,"footnotes":""},"class_list":["post-16992","page","type-page","status-publish","hentry"],"post_mailing_queue_ids":[],"_links":{"self":[{"href":"https:\/\/projectes.xtec.cat\/pfi\/wp-json\/wp\/v2\/pages\/16992","targetHints":{"allow":["GET"]}}],"collection":[{"href":"https:\/\/projectes.xtec.cat\/pfi\/wp-json\/wp\/v2\/pages"}],"about":[{"href":"https:\/\/projectes.xtec.cat\/pfi\/wp-json\/wp\/v2\/types\/page"}],"author":[{"embeddable":true,"href":"https:\/\/projectes.xtec.cat\/pfi\/wp-json\/wp\/v2\/users\/1"}],"replies":[{"embeddable":true,"href":"https:\/\/projectes.xtec.cat\/pfi\/wp-json\/wp\/v2\/comments?post=16992"}],"version-history":[{"count":5,"href":"https:\/\/projectes.xtec.cat\/pfi\/wp-json\/wp\/v2\/pages\/16992\/revisions"}],"predecessor-version":[{"id":20944,"href":"https:\/\/projectes.xtec.cat\/pfi\/wp-json\/wp\/v2\/pages\/16992\/revisions\/20944"}],"wp:attachment":[{"href":"https:\/\/projectes.xtec.cat\/pfi\/wp-json\/wp\/v2\/media?parent=16992"}],"curies":[{"name":"wp","href":"https:\/\/api.w.org\/{rel}","templated":true}]}}