{"id":17014,"date":"2023-05-23T14:19:14","date_gmt":"2023-05-23T12:19:14","guid":{"rendered":"https:\/\/projectes.xtec.cat\/pfi\/?page_id=17014"},"modified":"2023-05-23T14:19:14","modified_gmt":"2023-05-23T12:19:14","slug":"treball-per-projectes","status":"publish","type":"page","link":"https:\/\/projectes.xtec.cat\/pfi\/treball-per-projectes\/","title":{"rendered":"Treball per projectes"},"content":{"rendered":"<p><strong>Perfil professional docent ABP (Aprenentatge basat en projectes)<\/strong><\/p>\n<p>A continuaci\u00f3 us presentem el dec\u00e0leg del docent ABP que han treballat al grup d&#8217;aprenentatge basat en projectes.\u00a0Aquest dec\u00e0leg cont\u00e9 la informaci\u00f3 que necessita un docent que vol comen\u00e7ar a treballar amb aquesta metodologia pel que fa compet\u00e8ncies i recursos, i convida, en primer lloc, a fer una reflexi\u00f3 personal pr\u00e8via abans d&#8217;iniciar-se en aquesta metodologia d&#8217;ensenyament-aprenentatge.<\/p>\n<div style=\"width: 100%;\">\n<div style=\"position: relative; padding-bottom: 55.00000000000001%; padding-top: 0; height: 0;\"><iframe loading=\"lazy\" style=\"position: absolute; top: 0; left: 0; width: 100%; height: 100%;\" title=\"CANVA PERFIL PROFESSIONAL DOCENT ABP\" src=\"https:\/\/view.genial.ly\/6398265a78649b00125ce952\" width=\"2000px\" height=\"1100px\" frameborder=\"0\" scrolling=\"yes\" allowfullscreen=\"allowfullscreen\"><\/iframe>https:\/\/projectes.xtec.cat\/pfi\/formacio\/grups-de-treball\/<\/div>\n<\/div>\n","protected":false},"excerpt":{"rendered":"<p>Perfil professional docent ABP (Aprenentatge basat en projectes)<br \/>\nA continuaci\u00f3 us presentem el dec\u00e0leg del docent ABP que han treballat al grup d&#8217;aprenentatge basat en projectes.\u00a0Aquest dec\u00e0leg cont\u00e9 la informaci\u00f3 que necessita un docent que vol comen\u00e7ar a treballar amb aquesta metodologia pel que fa compet\u00e8ncies&hellip;  <a href=\"https:\/\/projectes.xtec.cat\/pfi\/treball-per-projectes\/\" title=\"Read Treball per projectes\">Llegeix m\u00e9s\u00bb<\/a><\/p>\n","protected":false},"author":5,"featured_media":0,"parent":0,"menu_order":0,"comment_status":"closed","ping_status":"closed","template":"","meta":{"_bbp_topic_count":0,"_bbp_reply_count":0,"_bbp_total_topic_count":0,"_bbp_total_reply_count":0,"_bbp_voice_count":0,"_bbp_anonymous_reply_count":0,"_bbp_topic_count_hidden":0,"_bbp_reply_count_hidden":0,"_bbp_forum_subforum_count":0,"footnotes":""},"class_list":["post-17014","page","type-page","status-publish","hentry"],"post_mailing_queue_ids":[],"_links":{"self":[{"href":"https:\/\/projectes.xtec.cat\/pfi\/wp-json\/wp\/v2\/pages\/17014","targetHints":{"allow":["GET"]}}],"collection":[{"href":"https:\/\/projectes.xtec.cat\/pfi\/wp-json\/wp\/v2\/pages"}],"about":[{"href":"https:\/\/projectes.xtec.cat\/pfi\/wp-json\/wp\/v2\/types\/page"}],"author":[{"embeddable":true,"href":"https:\/\/projectes.xtec.cat\/pfi\/wp-json\/wp\/v2\/users\/5"}],"replies":[{"embeddable":true,"href":"https:\/\/projectes.xtec.cat\/pfi\/wp-json\/wp\/v2\/comments?post=17014"}],"version-history":[{"count":1,"href":"https:\/\/projectes.xtec.cat\/pfi\/wp-json\/wp\/v2\/pages\/17014\/revisions"}],"predecessor-version":[{"id":17016,"href":"https:\/\/projectes.xtec.cat\/pfi\/wp-json\/wp\/v2\/pages\/17014\/revisions\/17016"}],"wp:attachment":[{"href":"https:\/\/projectes.xtec.cat\/pfi\/wp-json\/wp\/v2\/media?parent=17014"}],"curies":[{"name":"wp","href":"https:\/\/api.w.org\/{rel}","templated":true}]}}