{"id":17079,"date":"2023-05-29T11:55:56","date_gmt":"2023-05-29T09:55:56","guid":{"rendered":"https:\/\/projectes.xtec.cat\/pfi\/?page_id=17079"},"modified":"2026-01-23T09:39:46","modified_gmt":"2026-01-23T08:39:46","slug":"catalunya-central","status":"publish","type":"page","link":"https:\/\/projectes.xtec.cat\/pfi\/catalunya-central\/","title":{"rendered":"Catalunya Central"},"content":{"rendered":"<h4 style=\"text-align: center;\"><b>Oferta curs 2025-26<\/b><\/h4>\n<h4 style=\"text-align: center;\"><\/h4>\n<table>\n<tbody>\n<tr>\n<td><b>Administracions locals<\/b><\/td>\n<td><b>Nom<\/b><\/td>\n<td><b>Grups<\/b><\/td>\n<td><b>Instituts<\/b><\/td>\n<\/tr>\n<tr>\n<td><span style=\"font-weight: 400;\">Ajuntament de Berga<\/span><\/td>\n<td><span style=\"font-weight: 400;\">PTT Berga<\/span><\/td>\n<td><span style=\"font-weight: 400;\">Auxiliar en centres sanitaris<\/span><\/td>\n<td><span style=\"font-weight: 400;\">Institut Guillem de Bergued\u00e0<\/span><\/td>\n<\/tr>\n<tr>\n<td><span style=\"font-weight: 400;\">Ajuntament de Centelles<\/span><\/td>\n<td><span style=\"font-weight: 400;\">PTT Centelles<\/span><\/td>\n<td><span style=\"font-weight: 400;\">Auxiliar de comer\u00e7 i atenci\u00f3 al p\u00fablic<\/span><\/td>\n<td><span style=\"font-weight: 400;\">Institut Pere Barnils<\/span><\/td>\n<\/tr>\n<tr>\n<td rowspan=\"2\"><span style=\"font-weight: 400;\">Ajuntament de Manlleu<\/span><\/td>\n<td rowspan=\"2\"><span style=\"font-weight: 400;\">PTT Manlleu<\/span><\/td>\n<td><span style=\"font-weight: 400;\">Auxiliar de serveis de restauraci\u00f3 i cuina<\/span><\/td>\n<td rowspan=\"2\"><span style=\"font-weight: 400;\">Institut Antoni Pous i Argila<\/span><\/td>\n<\/tr>\n<tr>\n<td><span style=\"font-weight: 400;\">Auxiliar de vivers i jardins<\/span><\/td>\n<\/tr>\n<tr>\n<td rowspan=\"3\"><span style=\"font-weight: 400;\">Ajuntament de Manresa<\/span><\/td>\n<td rowspan=\"3\"><span style=\"font-weight: 400;\">PTT Manresa<\/span><\/td>\n<td><span style=\"font-weight: 400;\">Auxiliar de comercialitzaci\u00f3 de productes i log\u00edstica<\/span><\/td>\n<td rowspan=\"3\"><span style=\"font-weight: 400;\">Institut Lacet\u00e0nia<\/span><\/td>\n<\/tr>\n<tr>\n<td><span style=\"font-weight: 400;\">Auxiliar de fabricaci\u00f3 mec\u00e0nica<\/span><\/td>\n<\/tr>\n<tr>\n<td><span style=\"font-weight: 400;\">Auxiliar de perruqueria i est\u00e8tica<\/span><\/td>\n<\/tr>\n<tr>\n<td><span style=\"font-weight: 400;\">Ajuntament de Puig-reig<\/span><\/td>\n<td><span style=\"font-weight: 400;\">PTT Puig-reig<\/span><\/td>\n<td><span style=\"font-weight: 400;\">Auxiliar de serveis de restauraci\u00f3 i cuina<\/span><\/td>\n<td><span style=\"font-weight: 400;\">Institut de Puig-reig<\/span><\/td>\n<\/tr>\n<tr>\n<td><span style=\"font-weight: 400;\">Ajuntament de Sant Vicen\u00e7 de Castellet<\/span><\/td>\n<td><span style=\"font-weight: 400;\">PTT Sant Vicen\u00e7 de Castellet<\/span><\/td>\n<td><span style=\"font-weight: 400;\">Auxiliar d&#8217;activitats esportives<\/span><\/td>\n<td><span style=\"font-weight: 400;\">Institut Castellet<\/span><\/td>\n<\/tr>\n<tr>\n<td><span style=\"font-weight: 400;\">Ajuntament de Torell\u00f3<\/span><\/td>\n<td><span style=\"font-weight: 400;\">PTT Torell\u00f3<\/span><\/td>\n<td><span style=\"font-weight: 400;\">Auxiliar de comer\u00e7 i atenci\u00f3 al p\u00fablic<\/span><\/td>\n<td><span style=\"font-weight: 400;\">Institut Cirvi\u00e0num de Torell\u00f3<\/span><\/td>\n<\/tr>\n<tr>\n<td rowspan=\"3\"><span style=\"font-weight: 400;\">Ajuntament de Vic<\/span><\/td>\n<td rowspan=\"3\"><span style=\"font-weight: 400;\">PTT Vic<\/span><\/td>\n<td><span style=\"font-weight: 400;\">Auxiliar de fontaneria, calefacci\u00f3 i climatitzaci\u00f3<\/span><\/td>\n<td rowspan=\"3\"><span style=\"font-weight: 400;\">Institut de Vic<\/span><\/td>\n<\/tr>\n<tr>\n<td><span style=\"font-weight: 400;\">Auxiliar de pastisseria i forneria<\/span><\/td>\n<\/tr>\n<tr>\n<td><span style=\"font-weight: 400;\">Auxiliar de perruqueria i est\u00e8tica<\/span><\/td>\n<\/tr>\n<tr>\n<td><span style=\"font-weight: 400;\">Mancomunitat la Plana<\/span><\/td>\n<td><span style=\"font-weight: 400;\">PTT Tona<\/span><\/td>\n<td><span style=\"font-weight: 400;\">Auxiliar d&#8217;activitats forestals<\/span><\/td>\n<td><span style=\"font-weight: 400;\">Institut de Tona<\/span><\/td>\n<\/tr>\n<\/tbody>\n<\/table>\n<h4 style=\"text-align: center;\"><\/h4>\n","protected":false},"excerpt":{"rendered":"<p>Oferta curs 2025-26<\/p>\n<p>Administracions locals<br \/>\nNom<br \/>\nGrups<br \/>\nInstituts<\/p>\n<p>Ajuntament de Berga<br \/>\nPTT Berga<br \/>\nAuxiliar en centres sanitaris<br \/>\nInstitut Guillem de Bergued\u00e0<\/p>\n<p>Ajuntament de Centelles<br \/>\nPTT Centelles<br \/>\nAuxiliar de comer\u00e7 i atenci\u00f3 al p\u00fablic<br \/>\nInstitut Pere Barnils<\/p>\n<p>Ajuntament de Manlleu<br \/>\nPTT Manlleu<br \/>\nAuxiliar de serveis de restauraci\u00f3 i cuina<br \/>\nInstitut Antoni Pous i Argila<\/p>\n<p>Auxiliar de vivers i jardins<\/p>\n<p>Ajuntament de Manresa<br \/>\nPTT Manresa<br \/>\nAuxiliar de&hellip;  <a href=\"https:\/\/projectes.xtec.cat\/pfi\/catalunya-central\/\" title=\"Read Catalunya Central\">Llegeix m\u00e9s\u00bb<\/a><\/p>\n","protected":false},"author":1,"featured_media":0,"parent":0,"menu_order":0,"comment_status":"closed","ping_status":"closed","template":"","meta":{"_bbp_topic_count":0,"_bbp_reply_count":0,"_bbp_total_topic_count":0,"_bbp_total_reply_count":0,"_bbp_voice_count":0,"_bbp_anonymous_reply_count":0,"_bbp_topic_count_hidden":0,"_bbp_reply_count_hidden":0,"_bbp_forum_subforum_count":0,"footnotes":""},"class_list":["post-17079","page","type-page","status-publish","hentry"],"post_mailing_queue_ids":[],"_links":{"self":[{"href":"https:\/\/projectes.xtec.cat\/pfi\/wp-json\/wp\/v2\/pages\/17079","targetHints":{"allow":["GET"]}}],"collection":[{"href":"https:\/\/projectes.xtec.cat\/pfi\/wp-json\/wp\/v2\/pages"}],"about":[{"href":"https:\/\/projectes.xtec.cat\/pfi\/wp-json\/wp\/v2\/types\/page"}],"author":[{"embeddable":true,"href":"https:\/\/projectes.xtec.cat\/pfi\/wp-json\/wp\/v2\/users\/1"}],"replies":[{"embeddable":true,"href":"https:\/\/projectes.xtec.cat\/pfi\/wp-json\/wp\/v2\/comments?post=17079"}],"version-history":[{"count":2,"href":"https:\/\/projectes.xtec.cat\/pfi\/wp-json\/wp\/v2\/pages\/17079\/revisions"}],"predecessor-version":[{"id":20945,"href":"https:\/\/projectes.xtec.cat\/pfi\/wp-json\/wp\/v2\/pages\/17079\/revisions\/20945"}],"wp:attachment":[{"href":"https:\/\/projectes.xtec.cat\/pfi\/wp-json\/wp\/v2\/media?parent=17079"}],"curies":[{"name":"wp","href":"https:\/\/api.w.org\/{rel}","templated":true}]}}