{"id":8223,"date":"2018-02-23T11:46:37","date_gmt":"2018-02-23T10:46:37","guid":{"rendered":"http:\/\/projectes.xtec.cat\/pfi\/?page_id=8223"},"modified":"2023-07-27T13:50:15","modified_gmt":"2023-07-27T11:50:15","slug":"formacio","status":"publish","type":"page","link":"https:\/\/projectes.xtec.cat\/pfi\/formacio\/","title":{"rendered":"FORMACI\u00d3"},"content":{"rendered":"<p>Consulta el men\u00fa de l&#8217;esquerra per accedir a inscripci\u00f3, diferents materials de formaci\u00f3 i espais virtuals.<\/p>\n","protected":false},"excerpt":{"rendered":"<p>Consulta el men\u00fa de l&#8217;esquerra per accedir a inscripci\u00f3, diferents materials de formaci\u00f3 i espais virtuals.<\/p>\n","protected":false},"author":1,"featured_media":0,"parent":0,"menu_order":0,"comment_status":"closed","ping_status":"closed","template":"page-templates\/side-menu.php","meta":{"_bbp_topic_count":0,"_bbp_reply_count":0,"_bbp_total_topic_count":0,"_bbp_total_reply_count":0,"_bbp_voice_count":0,"_bbp_anonymous_reply_count":0,"_bbp_topic_count_hidden":0,"_bbp_reply_count_hidden":0,"_bbp_forum_subforum_count":0,"footnotes":""},"class_list":["post-8223","page","type-page","status-publish","hentry"],"post_mailing_queue_ids":[],"_links":{"self":[{"href":"https:\/\/projectes.xtec.cat\/pfi\/wp-json\/wp\/v2\/pages\/8223","targetHints":{"allow":["GET"]}}],"collection":[{"href":"https:\/\/projectes.xtec.cat\/pfi\/wp-json\/wp\/v2\/pages"}],"about":[{"href":"https:\/\/projectes.xtec.cat\/pfi\/wp-json\/wp\/v2\/types\/page"}],"author":[{"embeddable":true,"href":"https:\/\/projectes.xtec.cat\/pfi\/wp-json\/wp\/v2\/users\/1"}],"replies":[{"embeddable":true,"href":"https:\/\/projectes.xtec.cat\/pfi\/wp-json\/wp\/v2\/comments?post=8223"}],"version-history":[{"count":5,"href":"https:\/\/projectes.xtec.cat\/pfi\/wp-json\/wp\/v2\/pages\/8223\/revisions"}],"predecessor-version":[{"id":17347,"href":"https:\/\/projectes.xtec.cat\/pfi\/wp-json\/wp\/v2\/pages\/8223\/revisions\/17347"}],"wp:attachment":[{"href":"https:\/\/projectes.xtec.cat\/pfi\/wp-json\/wp\/v2\/media?parent=8223"}],"curies":[{"name":"wp","href":"https:\/\/api.w.org\/{rel}","templated":true}]}}