{"id":9339,"date":"2020-04-01T17:43:13","date_gmt":"2020-04-01T15:43:13","guid":{"rendered":"http:\/\/projectes.xtec.cat\/pfi\/?page_id=9339"},"modified":"2025-11-14T11:33:01","modified_gmt":"2025-11-14T10:33:01","slug":"codecidim","status":"publish","type":"page","link":"https:\/\/projectes.xtec.cat\/pfi\/projectes\/codecidim\/","title":{"rendered":"Codecidim"},"content":{"rendered":"<div>\n<p>El projecte Codecidim neix el curs 2012-13 amb la col\u00b7laboraci\u00f3 d&#8217;empreses com Tendam Retail, per tal de millorar el proc\u00e9s d&#8217;elecci\u00f3 d&#8217;empresa per realitzar les pr\u00e0ctiques, d&#8217;una banda per part de l&#8217;alumnat i, per altra banda, per ajudar a seleccionar bons candidats per part de les empreses.<\/p>\n<\/div>\n<div id=\"h.3fv9hkptni8p\" class=\"CobnVe aP9Z7e\"><strong>Entre els objectius que persegueix el projecte estan:<\/strong><\/div>\n<div class=\"CjVfdc\">\n<div><\/div>\n<\/div>\n<ul class=\"n8H08c UVNKR\">\n<li class=\"TYR86d zfr3Q JYVBee\" dir=\"ltr\">\n<div class=\"CjVfdc\">Donar un cop de m\u00e0 al professorat en la recerca d\u2019empreses per realitzar l&#8217;Estada a l&#8217;empresa.<\/div>\n<\/li>\n<li class=\"TYR86d zfr3Q JYVBee\" dir=\"ltr\">\n<div class=\"CjVfdc\">Apropar alumnat i empreses abans de la presa de decisions en l&#8217;Estada a l&#8217;empresa.<\/div>\n<\/li>\n<li class=\"TYR86d zfr3Q JYVBee\" dir=\"ltr\">\n<div class=\"CjVfdc\">Experimentar processos de selecci\u00f3 el m\u00e9s reals possibles.<\/div>\n<\/li>\n<li class=\"TYR86d zfr3Q JYVBee\" dir=\"ltr\">\n<div class=\"CjVfdc\">Fer protagonista a l&#8217;alumnat de les seves decisions.<\/div>\n<\/li>\n<\/ul>\n<p>Aquest curs continuem amb la col\u00b7laboraci\u00f3 amb Tendam.<\/p>\n<p><strong>Qui pot participar?<\/strong><\/p>\n<p>Alumnat dels perfils de la fam\u00edlia professional de comer\u00e7 i m\u00e0rqueting<\/p>\n<p><strong>Proc\u00e9s de participaci\u00f3:<\/strong><\/p>\n<p><b><img loading=\"lazy\" decoding=\"async\" class=\"an1\" draggable=\"false\" src=\"https:\/\/fonts.gstatic.com\/s\/e\/notoemoji\/16.0\/1f4dd\/72.png\" alt=\"\ud83d\udcdd\" width=\"17\" height=\"17\" data-emoji=\"\ud83d\udcdd\" aria-label=\"\ud83d\udcdd\" \/><\/b><b>\u00a0<\/b>L&#8217;alumne\/a interessat ha d&#8217;omplir el <strong><a href=\"https:\/\/forms.gle\/uiutBkKG373cv1rz8\">formulari<\/a><\/strong> d&#8217;inscripci\u00f3 per realitzar la seva autocandidatura, no m\u00e9s tard del dia <strong>1 de desembre.<\/strong><\/p>\n<p><b><img loading=\"lazy\" decoding=\"async\" class=\"an1\" draggable=\"false\" src=\"https:\/\/fonts.gstatic.com\/s\/e\/notoemoji\/16.0\/1f465\/72.png\" alt=\"\ud83d\udc65\" width=\"19\" height=\"19\" data-emoji=\"\ud83d\udc65\" aria-label=\"\ud83d\udc65\" \/><\/b> La persona encarregada de la botiga concertar\u00e0 cita i realitzar\u00e0 una entrevista presencial als i les alumnes que opten per aquella vacant.<\/p>\n<p><b><img loading=\"lazy\" decoding=\"async\" class=\"an1\" draggable=\"false\" src=\"https:\/\/fonts.gstatic.com\/s\/e\/notoemoji\/16.0\/2705\/72.png\" alt=\"\u2705\" width=\"22\" height=\"22\" data-emoji=\"\u2705\" aria-label=\"\u2705\" \/><\/b> Realitzada la selecci\u00f3, la persona encarregada es posa en contacte amb la persona tutora i es redacta i gestiona el conveni, amb totes les obligacions que comporta.<\/p>\n<p><img loading=\"lazy\" decoding=\"async\" class=\"\" src=\"https:\/\/fonts.gstatic.com\/s\/e\/notoemoji\/16.0\/1f4c4\/72.png\" alt=\"\ud83d\udcc4\" width=\"22\" height=\"22\" \/>L&#8217;alumne\/a signa l&#8217;acord formatiu i i s&#8217;incorpora a l&#8217;empresa.<\/p>\n<p>&nbsp;<\/p>\n<p><img loading=\"lazy\" decoding=\"async\" class=\"css-9pa8cd\" draggable=\"false\" src=\"https:\/\/abs-0.twimg.com\/emoji\/v2\/svg\/1f4e3.svg\" alt=\"Meg\u00e1fono de animaci\u00f3n\" width=\"37\" height=\"37\" \/> Per a m\u00e9s informaci\u00f3, contacteu a <a href=\"mailto:pfi@xtec.cat\">pfi@xtec.cat<\/a><\/p>\n","protected":false},"excerpt":{"rendered":"<p>El projecte Codecidim neix el curs 2012-13 amb la col\u00b7laboraci\u00f3 d&#8217;empreses com Tendam Retail, per tal de millorar el proc\u00e9s d&#8217;elecci\u00f3 d&#8217;empresa per realitzar les pr\u00e0ctiques, d&#8217;una banda per part de l&#8217;alumnat i, per altra banda, per ajudar a seleccionar bons candidats per part de&hellip;  <a href=\"https:\/\/projectes.xtec.cat\/pfi\/projectes\/codecidim\/\" title=\"Read Codecidim\">Llegeix m\u00e9s\u00bb<\/a><\/p>\n","protected":false},"author":1,"featured_media":0,"parent":9326,"menu_order":1,"comment_status":"closed","ping_status":"closed","template":"","meta":{"_bbp_topic_count":0,"_bbp_reply_count":0,"_bbp_total_topic_count":0,"_bbp_total_reply_count":0,"_bbp_voice_count":0,"_bbp_anonymous_reply_count":0,"_bbp_topic_count_hidden":0,"_bbp_reply_count_hidden":0,"_bbp_forum_subforum_count":0,"footnotes":""},"class_list":["post-9339","page","type-page","status-publish","hentry"],"post_mailing_queue_ids":[],"_links":{"self":[{"href":"https:\/\/projectes.xtec.cat\/pfi\/wp-json\/wp\/v2\/pages\/9339","targetHints":{"allow":["GET"]}}],"collection":[{"href":"https:\/\/projectes.xtec.cat\/pfi\/wp-json\/wp\/v2\/pages"}],"about":[{"href":"https:\/\/projectes.xtec.cat\/pfi\/wp-json\/wp\/v2\/types\/page"}],"author":[{"embeddable":true,"href":"https:\/\/projectes.xtec.cat\/pfi\/wp-json\/wp\/v2\/users\/1"}],"replies":[{"embeddable":true,"href":"https:\/\/projectes.xtec.cat\/pfi\/wp-json\/wp\/v2\/comments?post=9339"}],"version-history":[{"count":7,"href":"https:\/\/projectes.xtec.cat\/pfi\/wp-json\/wp\/v2\/pages\/9339\/revisions"}],"predecessor-version":[{"id":20656,"href":"https:\/\/projectes.xtec.cat\/pfi\/wp-json\/wp\/v2\/pages\/9339\/revisions\/20656"}],"up":[{"embeddable":true,"href":"https:\/\/projectes.xtec.cat\/pfi\/wp-json\/wp\/v2\/pages\/9326"}],"wp:attachment":[{"href":"https:\/\/projectes.xtec.cat\/pfi\/wp-json\/wp\/v2\/media?parent=9339"}],"curies":[{"name":"wp","href":"https:\/\/api.w.org\/{rel}","templated":true}]}}