{"id":11226,"date":"2022-10-11T14:10:09","date_gmt":"2022-10-11T12:10:09","guid":{"rendered":"https:\/\/projectes.xtec.cat\/impulsfp\/?page_id=11226"},"modified":"2026-04-17T12:43:27","modified_gmt":"2026-04-17T10:43:27","slug":"missio-i-valors-2","status":"publish","type":"page","link":"https:\/\/projectes.xtec.cat\/programesiprojectesfp\/orientafp-2\/missio-i-valors-2\/","title":{"rendered":"Missi\u00f3 i visi\u00f3"},"content":{"rendered":"<p>&nbsp;<\/p>\n<p>El programa EmpresaFP respon a la necessitat de refor\u00e7ar la relaci\u00f3 entre la Formaci\u00f3 Professional i l\u2019entorn social i productiu, situant l\u2019orientaci\u00f3 com a eix vertebrador del desenvolupament integral de l\u2019alumnat. Mitjan\u00e7ant un model de treball en xarxa, promou la integraci\u00f3 del coneixement entre aula i empresa, l\u2019adquisici\u00f3 de compet\u00e8ncies transversals i l\u2019acompanyament personalitzat. Alhora, impulsa pr\u00e0ctiques inclusives i col\u00b7laboratives que milloren la vinculaci\u00f3 educativa, prevenen l\u2019abandonament i afavoreixen una inserci\u00f3 laboral de qualitat, coherent amb les necessitats del territori.<\/p>\n<p><span style=\"color: #ff0000;\"><strong>MISSI\u00d3<\/strong><\/span><\/p>\n<p>Desplegar un model integral i integrat d\u2019orientaci\u00f3 acad\u00e8mica i professional en la Formaci\u00f3 Professional, vinculat al territori i al teixit socioecon\u00f2mic, que promogui l\u2019acompanyament personal, acad\u00e8mic i professional de l\u2019alumnat, enforteixi la connexi\u00f3 aula-empresa i consolidi una col\u00b7laboraci\u00f3 estable i significativa entre centres d\u2019FP, empreses i agents socials.<\/p>\n<div><\/div>\n<p><span style=\"color: #ff0000;\"><strong>VISI\u00d3<\/strong><\/span><\/p>\n<p>Esdevenir un programa de refer\u00e8ncia en l\u2019orientaci\u00f3 i la innovaci\u00f3 educativa a l\u2019FP, capa\u00e7 de generar ecosistemes d\u2019aprenentatge inclusius, connectats amb la realitat productiva, que garanteixin itineraris formatius de qualitat, millorin la vinculaci\u00f3 i el benestar de l\u2019alumnat i afavoreixin una inserci\u00f3 laboral sostenible, equitativa i adaptada als reptes canviants del m\u00f3n del treball.<\/p>\n","protected":false},"excerpt":{"rendered":"<p>&nbsp; El programa EmpresaFP respon a la necessitat de refor\u00e7ar la relaci\u00f3 entre la Formaci\u00f3 Professional i l\u2019entorn social i productiu, situant l\u2019orientaci\u00f3 com a eix vertebrador del desenvolupament integral de l\u2019alumnat. Mitjan\u00e7ant un model de treball en xarxa, promou la integraci\u00f3 del coneixement entre aula i empresa, l\u2019adquisici\u00f3 de compet\u00e8ncies transversals i l\u2019acompanyament personalitzat. [&hellip;]<\/p>\n","protected":false},"author":5,"featured_media":0,"parent":12366,"menu_order":1,"comment_status":"closed","ping_status":"closed","template":"page-templates\/side-menu.php","meta":{"site-sidebar-layout":"default","site-content-layout":"","ast-site-content-layout":"","site-content-style":"default","site-sidebar-style":"default","ast-global-header-display":"","ast-banner-title-visibility":"","ast-main-header-display":"","ast-hfb-above-header-display":"","ast-hfb-below-header-display":"","ast-hfb-mobile-header-display":"","site-post-title":"","ast-breadcrumbs-content":"","ast-featured-img":"","footer-sml-layout":"","theme-transparent-header-meta":"","adv-header-id-meta":"","stick-header-meta":"","header-above-stick-meta":"","header-main-stick-meta":"","header-below-stick-meta":"","astra-migrate-meta-layouts":"default","ast-page-background-enabled":"default","ast-page-background-meta":{"desktop":{"background-color":"var(--ast-global-color-4)","background-image":"","background-repeat":"repeat","background-position":"center center","background-size":"auto","background-attachment":"scroll","background-type":"","background-media":"","overlay-type":"","overlay-color":"","overlay-opacity":"","overlay-gradient":""},"tablet":{"background-color":"","background-image":"","background-repeat":"repeat","background-position":"center center","background-size":"auto","background-attachment":"scroll","background-type":"","background-media":"","overlay-type":"","overlay-color":"","overlay-opacity":"","overlay-gradient":""},"mobile":{"background-color":"","background-image":"","background-repeat":"repeat","background-position":"center center","background-size":"auto","background-attachment":"scroll","background-type":"","background-media":"","overlay-type":"","overlay-color":"","overlay-opacity":"","overlay-gradient":""}},"ast-content-background-meta":{"desktop":{"background-color":"var(--ast-global-color-5)","background-image":"","background-repeat":"repeat","background-position":"center center","background-size":"auto","background-attachment":"scroll","background-type":"","background-media":"","overlay-type":"","overlay-color":"","overlay-opacity":"","overlay-gradient":""},"tablet":{"background-color":"var(--ast-global-color-5)","background-image":"","background-repeat":"repeat","background-position":"center center","background-size":"auto","background-attachment":"scroll","background-type":"","background-media":"","overlay-type":"","overlay-color":"","overlay-opacity":"","overlay-gradient":""},"mobile":{"background-color":"var(--ast-global-color-5)","background-image":"","background-repeat":"repeat","background-position":"center center","background-size":"auto","background-attachment":"scroll","background-type":"","background-media":"","overlay-type":"","overlay-color":"","overlay-opacity":"","overlay-gradient":""}},"footnotes":""},"class_list":["post-11226","page","type-page","status-publish","hentry"],"post_mailing_queue_ids":[],"_links":{"self":[{"href":"https:\/\/projectes.xtec.cat\/programesiprojectesfp\/wp-json\/wp\/v2\/pages\/11226","targetHints":{"allow":["GET"]}}],"collection":[{"href":"https:\/\/projectes.xtec.cat\/programesiprojectesfp\/wp-json\/wp\/v2\/pages"}],"about":[{"href":"https:\/\/projectes.xtec.cat\/programesiprojectesfp\/wp-json\/wp\/v2\/types\/page"}],"author":[{"embeddable":true,"href":"https:\/\/projectes.xtec.cat\/programesiprojectesfp\/wp-json\/wp\/v2\/users\/5"}],"replies":[{"embeddable":true,"href":"https:\/\/projectes.xtec.cat\/programesiprojectesfp\/wp-json\/wp\/v2\/comments?post=11226"}],"version-history":[{"count":6,"href":"https:\/\/projectes.xtec.cat\/programesiprojectesfp\/wp-json\/wp\/v2\/pages\/11226\/revisions"}],"predecessor-version":[{"id":14099,"href":"https:\/\/projectes.xtec.cat\/programesiprojectesfp\/wp-json\/wp\/v2\/pages\/11226\/revisions\/14099"}],"up":[{"embeddable":true,"href":"https:\/\/projectes.xtec.cat\/programesiprojectesfp\/wp-json\/wp\/v2\/pages\/12366"}],"wp:attachment":[{"href":"https:\/\/projectes.xtec.cat\/programesiprojectesfp\/wp-json\/wp\/v2\/media?parent=11226"}],"curies":[{"name":"wp","href":"https:\/\/api.w.org\/{rel}","templated":true}]}}

Missió i visió

<p>&nbsp;</p>
<p>El programa EmpresaFP respon a la necessitat de reforçar la relació entre la Formació Professional i l’entorn social i productiu, situant l’orientació com a eix vertebrador del desenvolupament integral de l’alumnat. Mitjançant un model de treball en xarxa, promou la integració del coneixement entre aula i empresa, l’adquisició de competències transversals i l’acompanyament personalitzat. Alhora, impulsa pràctiques inclusives i col·laboratives que milloren la vinculació educativa, prevenen l’abandonament i afavoreixen una inserció laboral de qualitat, coherent amb les necessitats del territori.</p>
<p><span style="color: #ff0000;"><strong>MISSIÓ</strong></span></p>
<p>Desplegar un model integral i integrat d’orientació acadèmica i professional en la Formació Professional, vinculat al territori i al teixit socioeconòmic, que promogui l’acompanyament personal, acadèmic i professional de l’alumnat, enforteixi la connexió aula-empresa i consolidi una col·laboració estable i significativa entre centres d’FP, empreses i agents socials.</p>
<div></div>
<p><span style="color: #ff0000;"><strong>VISIÓ</strong></span></p>
<p>Esdevenir un programa de referència en l’orientació i la innovació educativa a l’FP, capaç de generar ecosistemes d’aprenentatge inclusius, connectats amb la realitat productiva, que garanteixin itineraris formatius de qualitat, millorin la vinculació i el benestar de l’alumnat i afavoreixin una inserció laboral sostenible, equitativa i adaptada als reptes canviants del món del treball.</p>

<p>&nbsp; El programa EmpresaFP respon a la necessitat de reforçar la relació entre la Formació Professional i l’entorn social i productiu, situant l’orientació com a eix vertebrador del desenvolupament integral de l’alumnat. Mitjançant un model de treball en xarxa, promou la integració del coneixement entre aula i empresa, l’adquisició de competències transversals i l’acompanyament personalitzat. [&hellip;]</p>
