{"id":12511,"date":"2023-03-28T23:44:37","date_gmt":"2023-03-28T21:44:37","guid":{"rendered":"https:\/\/projectes.xtec.cat\/impulsfp\/?page_id=12511"},"modified":"2026-04-16T13:14:48","modified_gmt":"2026-04-16T11:14:48","slug":"objectius-2","status":"publish","type":"page","link":"https:\/\/projectes.xtec.cat\/programesiprojectesfp\/innovafp\/objectius-2\/","title":{"rendered":"Objectius"},"content":{"rendered":"<p><span data-contrast=\"auto\">El programa\u00a0InnovaFP\u202fvol impulsar les metodologies actives d&#8217;aprenentatge, refor\u00e7ar la col\u00b7laboraci\u00f3 entre centres de formaci\u00f3 professional i empreses per a impulsar projectes d&#8217;inter\u00e8s mutu i fomentar la incorporaci\u00f3 d&#8217;eines digitals emergents a l&#8217;aula.\u202f<\/span><span data-ccp-props=\"{&quot;201341983&quot;:0,&quot;335559739&quot;:120,&quot;335559740&quot;:276}\">\u00a0<\/span><\/p>\n<p><span data-contrast=\"auto\">Busca millorar la formaci\u00f3 de l&#8217;alumnat a trav\u00e9s de projectes innovadors, actualitzar els coneixements del professorat i potenciar el paper dels centres d&#8217;FP\u202fen innovaci\u00f3 i transfer\u00e8ncia de coneixement, contribuint aix\u00ed a la competitivitat empresarial. A m\u00e9s, pret\u00e9n optimitzar recursos i promoure la cooperaci\u00f3 entre centres i empreses.<\/span><span data-ccp-props=\"{&quot;201341983&quot;:0,&quot;335559739&quot;:120,&quot;335559740&quot;:276}\">\u00a0<\/span><\/p>\n<p><strong>Objectiu general\u200b\u200b\u00a0<\/strong><\/p>\n<p><span data-contrast=\"auto\">Impulsar la\u202f<\/span><b><span data-contrast=\"auto\">transformaci\u00f3 pedag\u00f2gica dels centres<\/span><\/b><span data-contrast=\"auto\">\u202fmitjan\u00e7ant metodologies actives d\u2019aprenentatge, la col\u00b7laboraci\u00f3 amb el teixit productiu i la incorporaci\u00f3 de tecnologies i tend\u00e8ncies emergents a l\u2019aula, per millorar la capacitaci\u00f3 de l\u2019alumnat i refor\u00e7ar el paper dels centres d\u2019FP en la innovaci\u00f3 i la transfer\u00e8ncia de coneixement.\u200b\u200b<\/span><span data-ccp-props=\"{&quot;201341983&quot;:0,&quot;335559739&quot;:120,&quot;335559740&quot;:276}\">\u00a0<\/span><\/p>\n<p><strong>Objectius espec\u00edfics\u00a0<\/strong><\/p>\n<ul>\n<li aria-setsize=\"-1\" data-leveltext=\"\uf0b7\" data-font=\"Symbol\" data-listid=\"4\" data-list-defn-props=\"{&quot;335552541&quot;:1,&quot;335559685&quot;:1080,&quot;335559991&quot;:360,&quot;469769226&quot;:&quot;Symbol&quot;,&quot;469769242&quot;:[8226],&quot;469777803&quot;:&quot;left&quot;,&quot;469777804&quot;:&quot;\uf0b7&quot;,&quot;469777815&quot;:&quot;hybridMultilevel&quot;}\" data-aria-posinset=\"1\" data-aria-level=\"1\"><span data-contrast=\"auto\">Impulsar metodologies actives d&#8217;aprenentatge, com l&#8217;Aprenentatge Basat en Projectes (ABP), el treball per reptes i el treball cooperatiu, centrades en el desenvolupament competencial de l&#8217;alumnat.<\/span><span data-ccp-props=\"{&quot;201341983&quot;:0,&quot;335559739&quot;:120,&quot;335559740&quot;:276}\">\u00a0<\/span><\/li>\n<\/ul>\n<ul>\n<li aria-setsize=\"-1\" data-leveltext=\"\uf0b7\" data-font=\"Symbol\" data-listid=\"4\" data-list-defn-props=\"{&quot;335552541&quot;:1,&quot;335559685&quot;:1080,&quot;335559991&quot;:360,&quot;469769226&quot;:&quot;Symbol&quot;,&quot;469769242&quot;:[8226],&quot;469777803&quot;:&quot;left&quot;,&quot;469777804&quot;:&quot;\uf0b7&quot;,&quot;469777815&quot;:&quot;hybridMultilevel&quot;}\" data-aria-posinset=\"2\" data-aria-level=\"1\"><span data-contrast=\"auto\">Dotar els equips docents de recursos, estrat\u00e8gies i espais de formaci\u00f3 col\u00b7laborativa per redissenyar les seves pr\u00e0ctiques educatives i avaluatives en clau de transformaci\u00f3.<\/span><span data-ccp-props=\"{&quot;201341983&quot;:0,&quot;335559739&quot;:120,&quot;335559740&quot;:276}\">\u00a0<\/span><\/li>\n<\/ul>\n<ul>\n<li aria-setsize=\"-1\" data-leveltext=\"\uf0b7\" data-font=\"Symbol\" data-listid=\"4\" data-list-defn-props=\"{&quot;335552541&quot;:1,&quot;335559685&quot;:1080,&quot;335559991&quot;:360,&quot;469769226&quot;:&quot;Symbol&quot;,&quot;469769242&quot;:[8226],&quot;469777803&quot;:&quot;left&quot;,&quot;469777804&quot;:&quot;\uf0b7&quot;,&quot;469777815&quot;:&quot;hybridMultilevel&quot;}\" data-aria-posinset=\"3\" data-aria-level=\"1\"><span data-contrast=\"auto\">Establir aliances amb el teixit productiu per incorporar reptes reals a l&#8217;aula, afavorint l&#8217;aprenentatge contextualitzat i l&#8217;apropament de l&#8217;alumnat a la realitat del m\u00f3n laboral.<\/span><span data-ccp-props=\"{&quot;201341983&quot;:0,&quot;335559739&quot;:120,&quot;335559740&quot;:276}\">\u00a0<\/span><\/li>\n<\/ul>\n<ul>\n<li aria-setsize=\"-1\" data-leveltext=\"\uf0b7\" data-font=\"Symbol\" data-listid=\"4\" data-list-defn-props=\"{&quot;335552541&quot;:1,&quot;335559685&quot;:1080,&quot;335559991&quot;:360,&quot;469769226&quot;:&quot;Symbol&quot;,&quot;469769242&quot;:[8226],&quot;469777803&quot;:&quot;left&quot;,&quot;469777804&quot;:&quot;\uf0b7&quot;,&quot;469777815&quot;:&quot;hybridMultilevel&quot;}\" data-aria-posinset=\"4\" data-aria-level=\"1\"><span data-contrast=\"auto\">Desenvolupar processos d&#8217;aprenentatge que integrin el coneixement de les tend\u00e8ncies del sector, les innovacions tecnol\u00f2giques i els canvis organitzatius del m\u00f3n professional.<\/span><span data-ccp-props=\"{&quot;201341983&quot;:0,&quot;335559739&quot;:120,&quot;335559740&quot;:276}\">\u00a0<\/span><\/li>\n<\/ul>\n<ul>\n<li aria-setsize=\"-1\" data-leveltext=\"\uf0b7\" data-font=\"Symbol\" data-listid=\"4\" data-list-defn-props=\"{&quot;335552541&quot;:1,&quot;335559685&quot;:1080,&quot;335559991&quot;:360,&quot;469769226&quot;:&quot;Symbol&quot;,&quot;469769242&quot;:[8226],&quot;469777803&quot;:&quot;left&quot;,&quot;469777804&quot;:&quot;\uf0b7&quot;,&quot;469777815&quot;:&quot;hybridMultilevel&quot;}\" data-aria-posinset=\"5\" data-aria-level=\"1\"><span data-contrast=\"auto\">Fomentar la incorporaci\u00f3 d&#8217;eines digitals emergents a l&#8217;aula, com ara la intel\u00b7lig\u00e8ncia artificial, l&#8217;automatitzaci\u00f3, la realitat virtual o el tractament de dades, adaptant-les a cada perfil professional.<\/span><span data-ccp-props=\"{&quot;201341983&quot;:0,&quot;335559739&quot;:120,&quot;335559740&quot;:276}\">\u00a0<\/span><\/li>\n<\/ul>\n<ul>\n<li aria-setsize=\"-1\" data-leveltext=\"\uf0b7\" data-font=\"Symbol\" data-listid=\"4\" data-list-defn-props=\"{&quot;335552541&quot;:1,&quot;335559685&quot;:1080,&quot;335559991&quot;:360,&quot;469769226&quot;:&quot;Symbol&quot;,&quot;469769242&quot;:[8226],&quot;469777803&quot;:&quot;left&quot;,&quot;469777804&quot;:&quot;\uf0b7&quot;,&quot;469777815&quot;:&quot;hybridMultilevel&quot;}\" data-aria-posinset=\"6\" data-aria-level=\"1\"><span data-contrast=\"auto\">Promoure una visi\u00f3 de centre com a comunitat d&#8217;aprenentatge, on la innovaci\u00f3 metodol\u00f2gica sigui compartida, sostinguda i transferida entre equips docents.<\/span><span data-ccp-props=\"{&quot;201341983&quot;:0,&quot;335559739&quot;:120,&quot;335559740&quot;:276}\">\u00a0<\/span><\/li>\n<\/ul>\n<ul>\n<li aria-setsize=\"-1\" data-leveltext=\"\uf0b7\" data-font=\"Symbol\" data-listid=\"4\" data-list-defn-props=\"{&quot;335552541&quot;:1,&quot;335559685&quot;:1080,&quot;335559991&quot;:360,&quot;469769226&quot;:&quot;Symbol&quot;,&quot;469769242&quot;:[8226],&quot;469777803&quot;:&quot;left&quot;,&quot;469777804&quot;:&quot;\uf0b7&quot;,&quot;469777815&quot;:&quot;hybridMultilevel&quot;}\" data-aria-posinset=\"7\" data-aria-level=\"1\"><span data-contrast=\"auto\">Recollir, sistematitzar i difondre les bones pr\u00e0ctiques generades, amb l&#8217;objectiu d&#8217;enfortir el lideratge pedag\u00f2gic dels centres i contribuir a la transformaci\u00f3 global del sistema d&#8217;FP.<\/span><span data-ccp-props=\"{&quot;201341983&quot;:0,&quot;335559739&quot;:120,&quot;335559740&quot;:276}\">\u00a0<\/span><\/li>\n<\/ul>\n","protected":false},"excerpt":{"rendered":"<p>El programa\u00a0InnovaFP\u202fvol impulsar les metodologies actives d&#8217;aprenentatge, refor\u00e7ar la col\u00b7laboraci\u00f3 entre centres de formaci\u00f3 professional i empreses per a impulsar projectes d&#8217;inter\u00e8s mutu i fomentar la incorporaci\u00f3 d&#8217;eines digitals emergents a l&#8217;aula.\u202f\u00a0 Busca millorar la formaci\u00f3 de l&#8217;alumnat a trav\u00e9s de projectes innovadors, actualitzar els coneixements del professorat i potenciar el paper dels centres d&#8217;FP\u202fen [&hellip;]<\/p>\n","protected":false},"author":1,"featured_media":0,"parent":8386,"menu_order":2,"comment_status":"closed","ping_status":"closed","template":"","meta":{"site-sidebar-layout":"default","site-content-layout":"","ast-site-content-layout":"","site-content-style":"default","site-sidebar-style":"default","ast-global-header-display":"","ast-banner-title-visibility":"","ast-main-header-display":"","ast-hfb-above-header-display":"","ast-hfb-below-header-display":"","ast-hfb-mobile-header-display":"","site-post-title":"","ast-breadcrumbs-content":"","ast-featured-img":"","footer-sml-layout":"","theme-transparent-header-meta":"","adv-header-id-meta":"","stick-header-meta":"","header-above-stick-meta":"","header-main-stick-meta":"","header-below-stick-meta":"","astra-migrate-meta-layouts":"default","ast-page-background-enabled":"default","ast-page-background-meta":{"desktop":{"background-color":"var(--ast-global-color-4)","background-image":"","background-repeat":"repeat","background-position":"center center","background-size":"auto","background-attachment":"scroll","background-type":"","background-media":"","overlay-type":"","overlay-color":"","overlay-opacity":"","overlay-gradient":""},"tablet":{"background-color":"","background-image":"","background-repeat":"repeat","background-position":"center center","background-size":"auto","background-attachment":"scroll","background-type":"","background-media":"","overlay-type":"","overlay-color":"","overlay-opacity":"","overlay-gradient":""},"mobile":{"background-color":"","background-image":"","background-repeat":"repeat","background-position":"center center","background-size":"auto","background-attachment":"scroll","background-type":"","background-media":"","overlay-type":"","overlay-color":"","overlay-opacity":"","overlay-gradient":""}},"ast-content-background-meta":{"desktop":{"background-color":"var(--ast-global-color-5)","background-image":"","background-repeat":"repeat","background-position":"center center","background-size":"auto","background-attachment":"scroll","background-type":"","background-media":"","overlay-type":"","overlay-color":"","overlay-opacity":"","overlay-gradient":""},"tablet":{"background-color":"var(--ast-global-color-5)","background-image":"","background-repeat":"repeat","background-position":"center center","background-size":"auto","background-attachment":"scroll","background-type":"","background-media":"","overlay-type":"","overlay-color":"","overlay-opacity":"","overlay-gradient":""},"mobile":{"background-color":"var(--ast-global-color-5)","background-image":"","background-repeat":"repeat","background-position":"center center","background-size":"auto","background-attachment":"scroll","background-type":"","background-media":"","overlay-type":"","overlay-color":"","overlay-opacity":"","overlay-gradient":""}},"footnotes":""},"class_list":["post-12511","page","type-page","status-publish","hentry"],"post_mailing_queue_ids":[],"_links":{"self":[{"href":"https:\/\/projectes.xtec.cat\/programesiprojectesfp\/wp-json\/wp\/v2\/pages\/12511","targetHints":{"allow":["GET"]}}],"collection":[{"href":"https:\/\/projectes.xtec.cat\/programesiprojectesfp\/wp-json\/wp\/v2\/pages"}],"about":[{"href":"https:\/\/projectes.xtec.cat\/programesiprojectesfp\/wp-json\/wp\/v2\/types\/page"}],"author":[{"embeddable":true,"href":"https:\/\/projectes.xtec.cat\/programesiprojectesfp\/wp-json\/wp\/v2\/users\/1"}],"replies":[{"embeddable":true,"href":"https:\/\/projectes.xtec.cat\/programesiprojectesfp\/wp-json\/wp\/v2\/comments?post=12511"}],"version-history":[{"count":6,"href":"https:\/\/projectes.xtec.cat\/programesiprojectesfp\/wp-json\/wp\/v2\/pages\/12511\/revisions"}],"predecessor-version":[{"id":14063,"href":"https:\/\/projectes.xtec.cat\/programesiprojectesfp\/wp-json\/wp\/v2\/pages\/12511\/revisions\/14063"}],"up":[{"embeddable":true,"href":"https:\/\/projectes.xtec.cat\/programesiprojectesfp\/wp-json\/wp\/v2\/pages\/8386"}],"wp:attachment":[{"href":"https:\/\/projectes.xtec.cat\/programesiprojectesfp\/wp-json\/wp\/v2\/media?parent=12511"}],"curies":[{"name":"wp","href":"https:\/\/api.w.org\/{rel}","templated":true}]}}

<p><span data-contrast="auto">El programa InnovaFP vol impulsar les metodologies actives d&#8217;aprenentatge, reforçar la col·laboració entre centres de formació professional i empreses per a impulsar projectes d&#8217;interès mutu i fomentar la incorporació d&#8217;eines digitals emergents a l&#8217;aula. </span><span data-ccp-props="{&quot;201341983&quot;:0,&quot;335559739&quot;:120,&quot;335559740&quot;:276}"> </span></p>
<p><span data-contrast="auto">Busca millorar la formació de l&#8217;alumnat a través de projectes innovadors, actualitzar els coneixements del professorat i potenciar el paper dels centres d&#8217;FP en innovació i transferència de coneixement, contribuint així a la competitivitat empresarial. A més, pretén optimitzar recursos i promoure la cooperació entre centres i empreses.</span><span data-ccp-props="{&quot;201341983&quot;:0,&quot;335559739&quot;:120,&quot;335559740&quot;:276}"> </span></p>
<p><strong>Objectiu general​​ </strong></p>
<p><span data-contrast="auto">Impulsar la </span><b><span data-contrast="auto">transformació pedagògica dels centres</span></b><span data-contrast="auto"> mitjançant metodologies actives d’aprenentatge, la col·laboració amb el teixit productiu i la incorporació de tecnologies i tendències emergents a l’aula, per millorar la capacitació de l’alumnat i reforçar el paper dels centres d’FP en la innovació i la transferència de coneixement.​​</span><span data-ccp-props="{&quot;201341983&quot;:0,&quot;335559739&quot;:120,&quot;335559740&quot;:276}"> </span></p>
<p><strong>Objectius específics </strong></p>
<ul>
<li aria-setsize="-1" data-leveltext="" data-font="Symbol" data-listid="4" data-list-defn-props="{&quot;335552541&quot;:1,&quot;335559685&quot;:1080,&quot;335559991&quot;:360,&quot;469769226&quot;:&quot;Symbol&quot;,&quot;469769242&quot;:[8226],&quot;469777803&quot;:&quot;left&quot;,&quot;469777804&quot;:&quot;&quot;,&quot;469777815&quot;:&quot;hybridMultilevel&quot;}" data-aria-posinset="1" data-aria-level="1"><span data-contrast="auto">Impulsar metodologies actives d&#8217;aprenentatge, com l&#8217;Aprenentatge Basat en Projectes (ABP), el treball per reptes i el treball cooperatiu, centrades en el desenvolupament competencial de l&#8217;alumnat.</span><span data-ccp-props="{&quot;201341983&quot;:0,&quot;335559739&quot;:120,&quot;335559740&quot;:276}"> </span></li>
</ul>
<ul>
<li aria-setsize="-1" data-leveltext="" data-font="Symbol" data-listid="4" data-list-defn-props="{&quot;335552541&quot;:1,&quot;335559685&quot;:1080,&quot;335559991&quot;:360,&quot;469769226&quot;:&quot;Symbol&quot;,&quot;469769242&quot;:[8226],&quot;469777803&quot;:&quot;left&quot;,&quot;469777804&quot;:&quot;&quot;,&quot;469777815&quot;:&quot;hybridMultilevel&quot;}" data-aria-posinset="2" data-aria-level="1"><span data-contrast="auto">Dotar els equips docents de recursos, estratègies i espais de formació col·laborativa per redissenyar les seves pràctiques educatives i avaluatives en clau de transformació.</span><span data-ccp-props="{&quot;201341983&quot;:0,&quot;335559739&quot;:120,&quot;335559740&quot;:276}"> </span></li>
</ul>
<ul>
<li aria-setsize="-1" data-leveltext="" data-font="Symbol" data-listid="4" data-list-defn-props="{&quot;335552541&quot;:1,&quot;335559685&quot;:1080,&quot;335559991&quot;:360,&quot;469769226&quot;:&quot;Symbol&quot;,&quot;469769242&quot;:[8226],&quot;469777803&quot;:&quot;left&quot;,&quot;469777804&quot;:&quot;&quot;,&quot;469777815&quot;:&quot;hybridMultilevel&quot;}" data-aria-posinset="3" data-aria-level="1"><span data-contrast="auto">Establir aliances amb el teixit productiu per incorporar reptes reals a l&#8217;aula, afavorint l&#8217;aprenentatge contextualitzat i l&#8217;apropament de l&#8217;alumnat a la realitat del món laboral.</span><span data-ccp-props="{&quot;201341983&quot;:0,&quot;335559739&quot;:120,&quot;335559740&quot;:276}"> </span></li>
</ul>
<ul>
<li aria-setsize="-1" data-leveltext="" data-font="Symbol" data-listid="4" data-list-defn-props="{&quot;335552541&quot;:1,&quot;335559685&quot;:1080,&quot;335559991&quot;:360,&quot;469769226&quot;:&quot;Symbol&quot;,&quot;469769242&quot;:[8226],&quot;469777803&quot;:&quot;left&quot;,&quot;469777804&quot;:&quot;&quot;,&quot;469777815&quot;:&quot;hybridMultilevel&quot;}" data-aria-posinset="4" data-aria-level="1"><span data-contrast="auto">Desenvolupar processos d&#8217;aprenentatge que integrin el coneixement de les tendències del sector, les innovacions tecnològiques i els canvis organitzatius del món professional.</span><span data-ccp-props="{&quot;201341983&quot;:0,&quot;335559739&quot;:120,&quot;335559740&quot;:276}"> </span></li>
</ul>
<ul>
<li aria-setsize="-1" data-leveltext="" data-font="Symbol" data-listid="4" data-list-defn-props="{&quot;335552541&quot;:1,&quot;335559685&quot;:1080,&quot;335559991&quot;:360,&quot;469769226&quot;:&quot;Symbol&quot;,&quot;469769242&quot;:[8226],&quot;469777803&quot;:&quot;left&quot;,&quot;469777804&quot;:&quot;&quot;,&quot;469777815&quot;:&quot;hybridMultilevel&quot;}" data-aria-posinset="5" data-aria-level="1"><span data-contrast="auto">Fomentar la incorporació d&#8217;eines digitals emergents a l&#8217;aula, com ara la intel·ligència artificial, l&#8217;automatització, la realitat virtual o el tractament de dades, adaptant-les a cada perfil professional.</span><span data-ccp-props="{&quot;201341983&quot;:0,&quot;335559739&quot;:120,&quot;335559740&quot;:276}"> </span></li>
</ul>
<ul>
<li aria-setsize="-1" data-leveltext="" data-font="Symbol" data-listid="4" data-list-defn-props="{&quot;335552541&quot;:1,&quot;335559685&quot;:1080,&quot;335559991&quot;:360,&quot;469769226&quot;:&quot;Symbol&quot;,&quot;469769242&quot;:[8226],&quot;469777803&quot;:&quot;left&quot;,&quot;469777804&quot;:&quot;&quot;,&quot;469777815&quot;:&quot;hybridMultilevel&quot;}" data-aria-posinset="6" data-aria-level="1"><span data-contrast="auto">Promoure una visió de centre com a comunitat d&#8217;aprenentatge, on la innovació metodològica sigui compartida, sostinguda i transferida entre equips docents.</span><span data-ccp-props="{&quot;201341983&quot;:0,&quot;335559739&quot;:120,&quot;335559740&quot;:276}"> </span></li>
</ul>
<ul>
<li aria-setsize="-1" data-leveltext="" data-font="Symbol" data-listid="4" data-list-defn-props="{&quot;335552541&quot;:1,&quot;335559685&quot;:1080,&quot;335559991&quot;:360,&quot;469769226&quot;:&quot;Symbol&quot;,&quot;469769242&quot;:[8226],&quot;469777803&quot;:&quot;left&quot;,&quot;469777804&quot;:&quot;&quot;,&quot;469777815&quot;:&quot;hybridMultilevel&quot;}" data-aria-posinset="7" data-aria-level="1"><span data-contrast="auto">Recollir, sistematitzar i difondre les bones pràctiques generades, amb l&#8217;objectiu d&#8217;enfortir el lideratge pedagògic dels centres i contribuir a la transformació global del sistema d&#8217;FP.</span><span data-ccp-props="{&quot;201341983&quot;:0,&quot;335559739&quot;:120,&quot;335559740&quot;:276}"> </span></li>
</ul>

<p>El programa InnovaFP vol impulsar les metodologies actives d&#8217;aprenentatge, reforçar la col·laboració entre centres de formació professional i empreses per a impulsar projectes d&#8217;interès mutu i fomentar la incorporació d&#8217;eines digitals emergents a l&#8217;aula.   Busca millorar la formació de l&#8217;alumnat a través de projectes innovadors, actualitzar els coneixements del professorat i potenciar el paper dels centres d&#8217;FP en [&hellip;]</p>
