{"id":14351,"date":"2026-05-08T11:25:05","date_gmt":"2026-05-08T09:25:05","guid":{"rendered":"https:\/\/projectes.xtec.cat\/programesiprojectesfp\/?page_id=14351"},"modified":"2026-05-12T13:43:37","modified_gmt":"2026-05-12T11:43:37","slug":"xxiii_jornada_de_qualitat_i_cloenda_2026","status":"publish","type":"page","link":"https:\/\/projectes.xtec.cat\/programesiprojectesfp\/xxiii_jornada_de_qualitat_i_cloenda_2026\/","title":{"rendered":"XXIII Jornada de Qualitat i Cloenda 2026"},"content":{"rendered":"\n<figure class=\"wp-block-image size-full\"><a href=\"https:\/\/projectes.xtec.cat\/programesiprojectesfp\/wp-content\/uploads\/usu2078\/2026\/05\/image.png\"><img loading=\"lazy\" decoding=\"async\" width=\"946\" height=\"178\" src=\"https:\/\/projectes.xtec.cat\/programesiprojectesfp\/wp-content\/uploads\/usu2078\/2026\/05\/image.png\" alt=\"\" class=\"wp-image-14489\" srcset=\"https:\/\/projectes.xtec.cat\/programesiprojectesfp\/wp-content\/uploads\/usu2078\/2026\/05\/image.png 946w, https:\/\/projectes.xtec.cat\/programesiprojectesfp\/wp-content\/uploads\/usu2078\/2026\/05\/image-300x56.png 300w, https:\/\/projectes.xtec.cat\/programesiprojectesfp\/wp-content\/uploads\/usu2078\/2026\/05\/image-768x145.png 768w\" sizes=\"auto, (max-width: 946px) 100vw, 946px\" \/><\/a><\/figure>\n\n\n\n<p>Aquesta jornada dona continu\u00eftat al format altament valorat d&#8217;edicions anteriors pel seu car\u00e0cter participatiu, pr\u00e0ctic i transferible als centres. La proposta integra la Jornada de Qualitat i la cloenda dels programes d&#8217;FP en un espai institucional de reconeixement i projecci\u00f3 de futur.<\/p>\n\n\n\n<p>Explorarem com les decisions de lideratge impacten en la retenci\u00f3 del talent, el foment de l&#8217;equitat i els processos de qualitat en el sistema educatiu i l&#8217;empresa.<\/p>\n\n\n\n<div class=\"wp-block-columns is-layout-flex wp-container-core-columns-is-layout-1 wp-block-columns-is-layout-flex\">\n<div class=\"wp-block-column is-layout-flow wp-block-column-is-layout-flow\">\n<blockquote class=\"wp-block-quote is-layout-flow wp-block-quote-is-layout-flow\">\n<p><strong><mark style=\"background-color:rgba(0, 0, 0, 0)\" class=\"has-inline-color has-ast-global-color-0-color\">\u201cLideratges que transformen: talent, equitat i futur\u201d<\/mark><\/strong><\/p>\n<\/blockquote>\n\n\n\n<p>Dijous, 25 de juny de 2026 al Teatre Auditori de Granollers<\/p>\n<\/div>\n\n\n\n<div class=\"wp-block-column is-vertically-aligned-stretch is-layout-flow wp-block-column-is-layout-flow\">\n<div class=\"wp-block-buttons alignfull is-content-justification-center is-layout-flex wp-container-core-buttons-is-layout-1 wp-block-buttons-is-layout-flex\">\n<div class=\"wp-block-button\"><a class=\"wp-block-button__link has-text-align-center wp-element-button\" href=\"https:\/\/form.typeform.com\/to\/QSix7Juy?typeform-source=statics.teams.cdn.office.net\">Formulari d&#8217;inscripci\u00f3<\/a><\/div>\n<\/div>\n<\/div>\n<\/div>\n\n\n\n<div class=\"wp-block-columns is-layout-flex wp-container-core-columns-is-layout-2 wp-block-columns-is-layout-flex\">\n<div class=\"wp-block-column is-layout-flow wp-block-column-is-layout-flow\">\n<p><strong>Ubicaci\u00f3:<\/strong> Teatre Auditori de Granollers, un espai cultural escollit per simbolitzar la projecci\u00f3 del talent de l&#8217;FP.<\/p>\n\n\n\n<p>La celebraci\u00f3 de la jornada al Teatre Auditori de Granollers respon a una voluntat simb\u00f2lica alineada amb el fil conductor Lideratges que transformen: talent, equitat i futur.<\/p>\n\n\n\n<p>Com a espai cultural de refer\u00e8ncia, l\u2019auditori \u00e9s un lloc de projecci\u00f3 d\u2019idees, de reconeixement del talent i de construcci\u00f3 de mirada col\u00b7lectiva. Situar-hi la Jornada de Qualitat i la cloenda dels programes refor\u00e7a la voluntat de posar en valor el sistema de Formaci\u00f3 Professional en un escenari p\u00fablic i institucional.<\/p>\n\n\n\n<p>El teatre, com a espai d\u2019escena i de veu, simbolitza tamb\u00e9 la voluntat de donar visibilitat als centres, als equips i al talent que transformen el sistema educatiu.<\/p>\n<\/div>\n\n\n\n<div class=\"wp-block-column is-layout-flow wp-block-column-is-layout-flow\">\n<figure class=\"wp-block-image alignfull size-full\"><a href=\"https:\/\/projectes.xtec.cat\/programesiprojectesfp\/wp-content\/uploads\/usu2078\/2026\/05\/Captura-de-pantalla-2026-05-08-113440.png\"><img loading=\"lazy\" decoding=\"async\" width=\"310\" height=\"308\" src=\"https:\/\/projectes.xtec.cat\/programesiprojectesfp\/wp-content\/uploads\/usu2078\/2026\/05\/Captura-de-pantalla-2026-05-08-113440.png\" alt=\"\" class=\"wp-image-14376\" srcset=\"https:\/\/projectes.xtec.cat\/programesiprojectesfp\/wp-content\/uploads\/usu2078\/2026\/05\/Captura-de-pantalla-2026-05-08-113440.png 310w, https:\/\/projectes.xtec.cat\/programesiprojectesfp\/wp-content\/uploads\/usu2078\/2026\/05\/Captura-de-pantalla-2026-05-08-113440-300x298.png 300w, https:\/\/projectes.xtec.cat\/programesiprojectesfp\/wp-content\/uploads\/usu2078\/2026\/05\/Captura-de-pantalla-2026-05-08-113440-150x150.png 150w\" sizes=\"auto, (max-width: 310px) 100vw, 310px\" \/><\/a><\/figure>\n\n\n\n<div class=\"wp-block-buttons is-content-justification-center is-layout-flex wp-container-core-buttons-is-layout-2 wp-block-buttons-is-layout-flex\">\n<div class=\"wp-block-button\"><a class=\"wp-block-button__link wp-element-button\" href=\"https:\/\/maps.app.goo.gl\/bqKsRhS9WgtsMjD98\">Com arribar<\/a><\/div>\n<\/div>\n<\/div>\n<\/div>\n","protected":false},"excerpt":{"rendered":"<p>Aquesta jornada dona continu\u00eftat al format altament valorat d&#8217;edicions anteriors pel seu car\u00e0cter participatiu, pr\u00e0ctic i transferible als centres. La proposta integra la Jornada de Qualitat i la cloenda dels programes d&#8217;FP en un espai institucional de reconeixement i projecci\u00f3 de futur. Explorarem com les decisions de lideratge impacten en la retenci\u00f3 del talent, el [&hellip;]<\/p>\n","protected":false},"author":1,"featured_media":0,"parent":0,"menu_order":0,"comment_status":"closed","ping_status":"close","template":"","meta":{"site-sidebar-layout":"default","site-content-layout":"","ast-site-content-layout":"default","site-content-style":"default","site-sidebar-style":"default","ast-global-header-display":"","ast-banner-title-visibility":"","ast-main-header-display":"","ast-hfb-above-header-display":"","ast-hfb-below-header-display":"","ast-hfb-mobile-header-display":"","site-post-title":"","ast-breadcrumbs-content":"","ast-featured-img":"","footer-sml-layout":"","theme-transparent-header-meta":"","adv-header-id-meta":"","stick-header-meta":"","header-above-stick-meta":"","header-main-stick-meta":"","header-below-stick-meta":"","astra-migrate-meta-layouts":"set","ast-page-background-enabled":"default","ast-page-background-meta":{"desktop":{"background-color":"var(--ast-global-color-4)","background-image":"","background-repeat":"repeat","background-position":"center center","background-size":"auto","background-attachment":"scroll","background-type":"","background-media":"","overlay-type":"","overlay-color":"","overlay-opacity":"","overlay-gradient":""},"tablet":{"background-color":"","background-image":"","background-repeat":"repeat","background-position":"center center","background-size":"auto","background-attachment":"scroll","background-type":"","background-media":"","overlay-type":"","overlay-color":"","overlay-opacity":"","overlay-gradient":""},"mobile":{"background-color":"","background-image":"","background-repeat":"repeat","background-position":"center center","background-size":"auto","background-attachment":"scroll","background-type":"","background-media":"","overlay-type":"","overlay-color":"","overlay-opacity":"","overlay-gradient":""}},"ast-content-background-meta":{"desktop":{"background-color":"var(--ast-global-color-5)","background-image":"","background-repeat":"repeat","background-position":"center center","background-size":"auto","background-attachment":"scroll","background-type":"","background-media":"","overlay-type":"","overlay-color":"","overlay-opacity":"","overlay-gradient":""},"tablet":{"background-color":"var(--ast-global-color-5)","background-image":"","background-repeat":"repeat","background-position":"center center","background-size":"auto","background-attachment":"scroll","background-type":"","background-media":"","overlay-type":"","overlay-color":"","overlay-opacity":"","overlay-gradient":""},"mobile":{"background-color":"var(--ast-global-color-5)","background-image":"","background-repeat":"repeat","background-position":"center center","background-size":"auto","background-attachment":"scroll","background-type":"","background-media":"","overlay-type":"","overlay-color":"","overlay-opacity":"","overlay-gradient":""}},"footnotes":""},"class_list":["post-14351","page","type-page","status-publish","hentry"],"post_mailing_queue_ids":[],"_links":{"self":[{"href":"https:\/\/projectes.xtec.cat\/programesiprojectesfp\/wp-json\/wp\/v2\/pages\/14351","targetHints":{"allow":["GET"]}}],"collection":[{"href":"https:\/\/projectes.xtec.cat\/programesiprojectesfp\/wp-json\/wp\/v2\/pages"}],"about":[{"href":"https:\/\/projectes.xtec.cat\/programesiprojectesfp\/wp-json\/wp\/v2\/types\/page"}],"author":[{"embeddable":true,"href":"https:\/\/projectes.xtec.cat\/programesiprojectesfp\/wp-json\/wp\/v2\/users\/1"}],"replies":[{"embeddable":true,"href":"https:\/\/projectes.xtec.cat\/programesiprojectesfp\/wp-json\/wp\/v2\/comments?post=14351"}],"version-history":[{"count":6,"href":"https:\/\/projectes.xtec.cat\/programesiprojectesfp\/wp-json\/wp\/v2\/pages\/14351\/revisions"}],"predecessor-version":[{"id":14499,"href":"https:\/\/projectes.xtec.cat\/programesiprojectesfp\/wp-json\/wp\/v2\/pages\/14351\/revisions\/14499"}],"wp:attachment":[{"href":"https:\/\/projectes.xtec.cat\/programesiprojectesfp\/wp-json\/wp\/v2\/media?parent=14351"}],"curies":[{"name":"wp","href":"https:\/\/api.w.org\/{rel}","templated":true}]}}