{"id":8675,"date":"2020-04-03T12:33:07","date_gmt":"2020-04-03T10:33:07","guid":{"rendered":"https:\/\/projectes.xtec.cat\/impulsfp\/?page_id=8675"},"modified":"2026-04-16T13:12:16","modified_gmt":"2026-04-16T11:12:16","slug":"organitzacio-metodologia","status":"publish","type":"page","link":"https:\/\/projectes.xtec.cat\/programesiprojectesfp\/innovafp\/organitzacio-metodologia\/","title":{"rendered":"Organitzaci\u00f3"},"content":{"rendered":"<p><span data-contrast=\"auto\">El <strong>programa InnovaFP<\/strong> s\u2019organitza en <strong>3 itineraris amb 2 nivells<\/strong> (novell i avan\u00e7at) per a cada itinerari, conformant un total de 6 xarxes. Al final del 3 anys de participaci\u00f3 al programa el centre rep el certificat d\u2019innovaci\u00f3.<\/span><span data-ccp-props=\"{&quot;201341983&quot;:0,&quot;335559739&quot;:120,&quot;335559740&quot;:276}\">\u00a0<\/span><\/p>\n<p><span data-contrast=\"auto\">A cadascuna de les 6 xarxes\u00a0es comparteix coneixement, es fa intercanvi d\u2019experi\u00e8ncies i\u00a0es dona suport i assessorament mutu.\u202fL\u2019equip de coordinaci\u00f3 dona suport a les persones assessores de xarxes, que acompanyen els centres en\u00a0cadascun dels itineraris.<\/span><span data-ccp-props=\"{&quot;201341983&quot;:0,&quot;335559739&quot;:120,&quot;335559740&quot;:276}\">\u00a0<\/span><\/p>\n<p><span data-contrast=\"auto\">Les tem\u00e0tiques del itineraris s\u00f3n les seg\u00fcent:<\/span><span data-ccp-props=\"{&quot;201341983&quot;:0,&quot;335559739&quot;:120,&quot;335559740&quot;:276}\">\u00a0<\/span><\/p>\n<p><strong>Itinerari 1. Innovaci\u00f3 metodol\u00f2gica a l\u2019aula\u00a0<\/strong><\/p>\n<p><span data-contrast=\"auto\"><a href=\"https:\/\/projectes.xtec.cat\/impulsfp\/wp-content\/uploads\/usu2078\/2026\/04\/Innova-Itinerari-Innovacio-metodologica.png\"><img loading=\"lazy\" decoding=\"async\" class=\"alignnone size-full wp-image-14054\" src=\"https:\/\/projectes.xtec.cat\/impulsfp\/wp-content\/uploads\/usu2078\/2026\/04\/Innova-Itinerari-Innovacio-metodologica.png\" alt=\"\" width=\"587\" height=\"324\" srcset=\"https:\/\/projectes.xtec.cat\/programesiprojectesfp\/wp-content\/uploads\/usu2078\/2026\/04\/Innova-Itinerari-Innovacio-metodologica.png 587w, https:\/\/projectes.xtec.cat\/programesiprojectesfp\/wp-content\/uploads\/usu2078\/2026\/04\/Innova-Itinerari-Innovacio-metodologica-300x166.png 300w\" sizes=\"auto, (max-width: 587px) 100vw, 587px\" \/><\/a><\/span><\/p>\n<p><strong>Itinerari 2. Connexi\u00f3 amb el m\u00f3n productiu\u00a0<\/strong><\/p>\n<p><a href=\"https:\/\/projectes.xtec.cat\/impulsfp\/wp-content\/uploads\/usu2078\/2026\/04\/Innova-Itinerari-Mon-productiu.png\"><img loading=\"lazy\" decoding=\"async\" class=\"alignnone size-full wp-image-14055\" src=\"https:\/\/projectes.xtec.cat\/impulsfp\/wp-content\/uploads\/usu2078\/2026\/04\/Innova-Itinerari-Mon-productiu.png\" alt=\"\" width=\"572\" height=\"329\" srcset=\"https:\/\/projectes.xtec.cat\/programesiprojectesfp\/wp-content\/uploads\/usu2078\/2026\/04\/Innova-Itinerari-Mon-productiu.png 572w, https:\/\/projectes.xtec.cat\/programesiprojectesfp\/wp-content\/uploads\/usu2078\/2026\/04\/Innova-Itinerari-Mon-productiu-300x173.png 300w\" sizes=\"auto, (max-width: 572px) 100vw, 572px\" \/><\/a><\/p>\n<p><strong>Itinerari 3. Adaptaci\u00f3 i evoluci\u00f3 tecnol\u00f2gica\u00a0<\/strong><\/p>\n<p><span data-ccp-props=\"{&quot;201341983&quot;:0,&quot;335559739&quot;:120,&quot;335559740&quot;:276}\"> <a href=\"https:\/\/projectes.xtec.cat\/impulsfp\/wp-content\/uploads\/usu2078\/2026\/04\/Innova-Itinerari-Evolucio-tecnologica.png\"><img loading=\"lazy\" decoding=\"async\" class=\"alignnone size-full wp-image-14056\" src=\"https:\/\/projectes.xtec.cat\/impulsfp\/wp-content\/uploads\/usu2078\/2026\/04\/Innova-Itinerari-Evolucio-tecnologica.png\" alt=\"\" width=\"573\" height=\"321\" srcset=\"https:\/\/projectes.xtec.cat\/programesiprojectesfp\/wp-content\/uploads\/usu2078\/2026\/04\/Innova-Itinerari-Evolucio-tecnologica.png 573w, https:\/\/projectes.xtec.cat\/programesiprojectesfp\/wp-content\/uploads\/usu2078\/2026\/04\/Innova-Itinerari-Evolucio-tecnologica-300x168.png 300w\" sizes=\"auto, (max-width: 573px) 100vw, 573px\" \/><\/a><\/span><\/p>\n<p><span data-ccp-props=\"{&quot;201341983&quot;:0,&quot;335559739&quot;:120,&quot;335559740&quot;:276}\">\u00a0<\/span><\/p>\n<p><span data-ccp-props=\"{&quot;201341983&quot;:0,&quot;335559739&quot;:120,&quot;335559740&quot;:276}\">\u00a0<\/span><\/p>\n<p><span data-ccp-props=\"{&quot;201341983&quot;:0,&quot;335559739&quot;:120,&quot;335559740&quot;:276}\">\u00a0<\/span><\/p>\n<p><span data-ccp-props=\"{&quot;201341983&quot;:0,&quot;335559739&quot;:120,&quot;335559740&quot;:276}\">\u00a0<\/span><\/p>\n<p>&nbsp;<\/p>\n","protected":false},"excerpt":{"rendered":"<p>El programa InnovaFP s\u2019organitza en 3 itineraris amb 2 nivells (novell i avan\u00e7at) per a cada itinerari, conformant un total de 6 xarxes. Al final del 3 anys de participaci\u00f3 al programa el centre rep el certificat d\u2019innovaci\u00f3.\u00a0 A cadascuna de les 6 xarxes\u00a0es comparteix coneixement, es fa intercanvi d\u2019experi\u00e8ncies i\u00a0es dona suport i assessorament [&hellip;]<\/p>\n","protected":false},"author":1,"featured_media":0,"parent":8386,"menu_order":3,"comment_status":"closed","ping_status":"closed","template":"page-templates\/side-menu.php","meta":{"site-sidebar-layout":"default","site-content-layout":"","ast-site-content-layout":"","site-content-style":"default","site-sidebar-style":"default","ast-global-header-display":"","ast-banner-title-visibility":"","ast-main-header-display":"","ast-hfb-above-header-display":"","ast-hfb-below-header-display":"","ast-hfb-mobile-header-display":"","site-post-title":"","ast-breadcrumbs-content":"","ast-featured-img":"","footer-sml-layout":"","theme-transparent-header-meta":"","adv-header-id-meta":"","stick-header-meta":"","header-above-stick-meta":"","header-main-stick-meta":"","header-below-stick-meta":"","astra-migrate-meta-layouts":"default","ast-page-background-enabled":"default","ast-page-background-meta":{"desktop":{"background-color":"var(--ast-global-color-4)","background-image":"","background-repeat":"repeat","background-position":"center center","background-size":"auto","background-attachment":"scroll","background-type":"","background-media":"","overlay-type":"","overlay-color":"","overlay-opacity":"","overlay-gradient":""},"tablet":{"background-color":"","background-image":"","background-repeat":"repeat","background-position":"center center","background-size":"auto","background-attachment":"scroll","background-type":"","background-media":"","overlay-type":"","overlay-color":"","overlay-opacity":"","overlay-gradient":""},"mobile":{"background-color":"","background-image":"","background-repeat":"repeat","background-position":"center center","background-size":"auto","background-attachment":"scroll","background-type":"","background-media":"","overlay-type":"","overlay-color":"","overlay-opacity":"","overlay-gradient":""}},"ast-content-background-meta":{"desktop":{"background-color":"var(--ast-global-color-5)","background-image":"","background-repeat":"repeat","background-position":"center center","background-size":"auto","background-attachment":"scroll","background-type":"","background-media":"","overlay-type":"","overlay-color":"","overlay-opacity":"","overlay-gradient":""},"tablet":{"background-color":"var(--ast-global-color-5)","background-image":"","background-repeat":"repeat","background-position":"center center","background-size":"auto","background-attachment":"scroll","background-type":"","background-media":"","overlay-type":"","overlay-color":"","overlay-opacity":"","overlay-gradient":""},"mobile":{"background-color":"var(--ast-global-color-5)","background-image":"","background-repeat":"repeat","background-position":"center center","background-size":"auto","background-attachment":"scroll","background-type":"","background-media":"","overlay-type":"","overlay-color":"","overlay-opacity":"","overlay-gradient":""}},"footnotes":""},"class_list":["post-8675","page","type-page","status-publish","hentry"],"post_mailing_queue_ids":[],"_links":{"self":[{"href":"https:\/\/projectes.xtec.cat\/programesiprojectesfp\/wp-json\/wp\/v2\/pages\/8675","targetHints":{"allow":["GET"]}}],"collection":[{"href":"https:\/\/projectes.xtec.cat\/programesiprojectesfp\/wp-json\/wp\/v2\/pages"}],"about":[{"href":"https:\/\/projectes.xtec.cat\/programesiprojectesfp\/wp-json\/wp\/v2\/types\/page"}],"author":[{"embeddable":true,"href":"https:\/\/projectes.xtec.cat\/programesiprojectesfp\/wp-json\/wp\/v2\/users\/1"}],"replies":[{"embeddable":true,"href":"https:\/\/projectes.xtec.cat\/programesiprojectesfp\/wp-json\/wp\/v2\/comments?post=8675"}],"version-history":[{"count":6,"href":"https:\/\/projectes.xtec.cat\/programesiprojectesfp\/wp-json\/wp\/v2\/pages\/8675\/revisions"}],"predecessor-version":[{"id":14058,"href":"https:\/\/projectes.xtec.cat\/programesiprojectesfp\/wp-json\/wp\/v2\/pages\/8675\/revisions\/14058"}],"up":[{"embeddable":true,"href":"https:\/\/projectes.xtec.cat\/programesiprojectesfp\/wp-json\/wp\/v2\/pages\/8386"}],"wp:attachment":[{"href":"https:\/\/projectes.xtec.cat\/programesiprojectesfp\/wp-json\/wp\/v2\/media?parent=8675"}],"curies":[{"name":"wp","href":"https:\/\/api.w.org\/{rel}","templated":true}]}}