{"id":8216,"date":"2017-03-24T18:58:05","date_gmt":"2017-03-24T17:58:05","guid":{"rendered":"http:\/\/projectes.xtec.cat\/pyirenefp\/?page_id=8216"},"modified":"2017-07-07T19:21:51","modified_gmt":"2017-07-07T17:21:51","slug":"pirefop","status":"publish","type":"page","link":"https:\/\/projectes.xtec.cat\/pyirenefp\/pirefop\/","title":{"rendered":"PIREFOP (esp)"},"content":{"rendered":"<p>Es un proyecto de cooperaci\u00f3n transfronteriza, dirigido a reforzar la integraci\u00f3n transfronteriza poniendo en valor los aspectos complementarios en el campo de la formaci\u00f3n professional.<\/p>\n<p>El proyecto fue aprobado en la primera fase de la convocatoria de proyectos del <strong><span style=\"color: #993300;\">Programa Operativo de Cooperaci\u00f3n Territorial Espa\u00f1a-Francia-Andorra<\/span><\/strong> 2007-2013, con una duraci\u00f3n prevista de tres a\u00f1os (octubre 2008-diciembre 2011) y un presupuesto aproximado de 1,6 millones de euros.<\/p>\n<p><a href=\"http:\/\/projectes.xtec.cat\/pyirenefp\/wp-content\/uploads\/usu498\/2017\/03\/mapa.png\"><img loading=\"lazy\" decoding=\"async\" class=\"wp-image-8264 alignright\" src=\"http:\/\/projectes.xtec.cat\/pyirenefp\/wp-content\/uploads\/usu498\/2017\/03\/mapa.png\" alt=\"mapa\" width=\"246\" height=\"285\" srcset=\"https:\/\/projectes.xtec.cat\/pyirenefp\/wp-content\/uploads\/usu498\/2017\/03\/mapa.png 400w, https:\/\/projectes.xtec.cat\/pyirenefp\/wp-content\/uploads\/usu498\/2017\/03\/mapa-259x300.png 259w\" sizes=\"auto, (max-width: 246px) 100vw, 246px\" \/><\/a><\/p>\n<p><strong>Antecedentes<\/strong><\/p>\n<p>A partir de la experiencia de proyectos anteriores (\u00abLa Formaci\u00f3n Profesional Transfronteriza\u00bb, \u00abLa Formaci\u00f3n profesional y la Movilidad Transfronteriza\u00bb), llevados a cabo en el marco del programa INTERREG III A 2000-2006, los socios institucionales del proyecto han afirmado su voluntad com\u00fan de seguir con el partenariado para capitalizar el trabajo conjunto realizado y consolidar un marco de cooperaci\u00f3n estable y perenne de los sistemas y dispositivos de formaci\u00f3n profesional de las regiones pirenaicas.<\/p>\n<p>As\u00ed el proyecto PIREFOP se dirige principalmente a proseguir los trabajos realizados sobre la zona transfronteriza y desarrollarlos sobre nuevos estudios de formaci\u00f3n siguiendo las especificacions ECVET a f\u00edn de promover el reconocimiento m\u00fatuo de las cualificaciones y de las competencias adquirirdas en el marco de itinerarios de movilidad, ampliando asimismo la movilidad de los estudiantes de FP y multiplicando el n\u00famero de beneficiarios.<\/p>\n","protected":false},"excerpt":{"rendered":"<p>Es un proyecto de cooperaci\u00f3n transfronteriza, dirigido a reforzar la integraci\u00f3n transfronteriza poniendo en valor los aspectos complementarios en el campo de la formaci\u00f3n professional.<br \/>\nEl proyecto fue aprobado en la primera fase de la convocatoria de proyectos del Programa Operativo de Cooperaci\u00f3n Territorial Espa\u00f1a-Francia-Andorra 2007-2013,&hellip;  <a href=\"https:\/\/projectes.xtec.cat\/pyirenefp\/pirefop\/\" title=\"Read PIREFOP (esp)\">Llegeix m\u00e9s\u00bb<\/a><\/p>\n","protected":false},"author":1,"featured_media":0,"parent":0,"menu_order":0,"comment_status":"closed","ping_status":"closed","template":"","meta":{"_bbp_topic_count":0,"_bbp_reply_count":0,"_bbp_total_topic_count":0,"_bbp_total_reply_count":0,"_bbp_voice_count":0,"_bbp_anonymous_reply_count":0,"_bbp_topic_count_hidden":0,"_bbp_reply_count_hidden":0,"_bbp_forum_subforum_count":0,"footnotes":""},"class_list":["post-8216","page","type-page","status-publish","hentry"],"post_mailing_queue_ids":[],"_links":{"self":[{"href":"https:\/\/projectes.xtec.cat\/pyirenefp\/wp-json\/wp\/v2\/pages\/8216","targetHints":{"allow":["GET"]}}],"collection":[{"href":"https:\/\/projectes.xtec.cat\/pyirenefp\/wp-json\/wp\/v2\/pages"}],"about":[{"href":"https:\/\/projectes.xtec.cat\/pyirenefp\/wp-json\/wp\/v2\/types\/page"}],"author":[{"embeddable":true,"href":"https:\/\/projectes.xtec.cat\/pyirenefp\/wp-json\/wp\/v2\/users\/1"}],"replies":[{"embeddable":true,"href":"https:\/\/projectes.xtec.cat\/pyirenefp\/wp-json\/wp\/v2\/comments?post=8216"}],"version-history":[{"count":3,"href":"https:\/\/projectes.xtec.cat\/pyirenefp\/wp-json\/wp\/v2\/pages\/8216\/revisions"}],"predecessor-version":[{"id":8905,"href":"https:\/\/projectes.xtec.cat\/pyirenefp\/wp-json\/wp\/v2\/pages\/8216\/revisions\/8905"}],"wp:attachment":[{"href":"https:\/\/projectes.xtec.cat\/pyirenefp\/wp-json\/wp\/v2\/media?parent=8216"}],"curies":[{"name":"wp","href":"https:\/\/api.w.org\/{rel}","templated":true}]}}