{"id":8233,"date":"2017-03-24T19:13:30","date_gmt":"2017-03-24T18:13:30","guid":{"rendered":"http:\/\/projectes.xtec.cat\/pyirenefp\/?page_id=8233"},"modified":"2017-04-22T21:49:19","modified_gmt":"2017-04-22T19:49:19","slug":"movilidad-transfronteriza-de-los-formadores-y-tutores","status":"publish","type":"page","link":"https:\/\/projectes.xtec.cat\/pyirenefp\/piremobv\/movilidad-transfronteriza-de-los-formadores-y-tutores\/","title":{"rendered":"Movilidad transfronteriza de los formadores y tutores"},"content":{"rendered":"<p><strong>Objetivos<\/strong><\/p>\n<ul>\n<li>Fomentar la movilidad de los formadores para descubrir los sistemas de formaci\u00f3n del territorio transfronterizo y reforzar la dimensi\u00f3n europea de sus actividades<\/li>\n<li>Adquirir competencias profesionales ligadas a los m\u00e9todos de trabajo o a las tecnolog\u00edas propias de los distintos pa\u00edses<\/li>\n<li>Promover la formaci\u00f3n profesional y de formadores y crear una red transfronteriza de \u00abreferentes de Movilidad\u00bb<\/li>\n<li>Favorecer el desarrollo de acciones de movilidad transfronteriza para sus personas en formaci\u00f3n.<\/li>\n<\/ul>\n<hr \/>\n<p><strong>Resultados<\/strong><\/p>\n<ul>\n<li>Profesionalizaci\u00f3n de los beneficiarios<\/li>\n<li>Cooperaci\u00f3n entre centros de formaci\u00f3n<\/li>\n<li>Fortalecimiento de la participaci\u00f3n de las empresas en las acciones de cooperaci\u00f3n llevadas a cabo por las administraciones socias.<\/li>\n<\/ul>\n<table style=\"width: 717px;\">\n<tbody>\n<tr style=\"height: 76px;\">\n<td style=\"width: 82px; height: 76px;\"><a href=\"http:\/\/projectes.xtec.cat\/pyirenefp\/wp-content\/uploads\/usu498\/2017\/04\/informe_movilidad_profesores.pdf\"><img loading=\"lazy\" decoding=\"async\" class=\"alignnone wp-image-8497 aligncenter\" src=\"http:\/\/projectes.xtec.cat\/pyirenefp\/wp-content\/uploads\/usu498\/2017\/03\/pdf_download.png\" alt=\"pdf_download\" width=\"47\" height=\"43\" \/><\/a><\/td>\n<td style=\"width: 276px; height: 76px;\"><a href=\"http:\/\/projectes.xtec.cat\/pyirenefp\/wp-content\/uploads\/usu498\/2017\/04\/informe_movilidad_profesores.pdf\">Informe final movilidad_profesores (castellano)<\/a><\/td>\n<td style=\"width: 82px; height: 76px;\"><a href=\"http:\/\/projectes.xtec.cat\/pyirenefp\/wp-content\/uploads\/usu498\/2017\/04\/rapport_mobilite_formateurs.pdf\"><img loading=\"lazy\" decoding=\"async\" class=\"alignnone wp-image-8497 aligncenter\" src=\"http:\/\/projectes.xtec.cat\/pyirenefp\/wp-content\/uploads\/usu498\/2017\/03\/pdf_download.png\" alt=\"pdf_download\" width=\"39\" height=\"36\" \/><\/a><\/td>\n<td style=\"width: 357px; height: 76px;\"><a href=\"http:\/\/projectes.xtec.cat\/pyirenefp\/wp-content\/uploads\/usu498\/2017\/04\/rapport_mobilite_formateurs.pdf\">Rapport mobilite_formateurs (franc\u00e8s)<\/a><\/td>\n<\/tr>\n<\/tbody>\n<\/table>\n<p>&nbsp;<\/p>\n","protected":false},"excerpt":{"rendered":"<p>Objetivos<\/p>\n<ul>\n<li>Fomentar la movilidad de los formadores para descubrir los sistemas de formaci\u00f3n del territorio transfronterizo y reforzar la dimensi\u00f3n europea de sus actividades<\/li>\n<li>Adquirir competencias profesionales ligadas a los m\u00e9todos de trabajo o a las tecnolog\u00edas propias de los distintos pa\u00edses<\/li>\n<li>Promover la formaci\u00f3n profesional y de&hellip;  <a href=\"https:\/\/projectes.xtec.cat\/pyirenefp\/piremobv\/movilidad-transfronteriza-de-los-formadores-y-tutores\/\" title=\"Read Movilidad transfronteriza de los formadores y tutores\">Llegeix m\u00e9s\u00bb<\/a><br \/>\n","protected":false},"author":1,"featured_media":0,"parent":8226,"menu_order":30,"comment_status":"closed","ping_status":"closed","template":"","meta":{"_bbp_topic_count":0,"_bbp_reply_count":0,"_bbp_total_topic_count":0,"_bbp_total_reply_count":0,"_bbp_voice_count":0,"_bbp_anonymous_reply_count":0,"_bbp_topic_count_hidden":0,"_bbp_reply_count_hidden":0,"_bbp_forum_subforum_count":0,"footnotes":""},"class_list":["post-8233","page","type-page","status-publish","hentry"],"post_mailing_queue_ids":[],"_links":{"self":[{"href":"https:\/\/projectes.xtec.cat\/pyirenefp\/wp-json\/wp\/v2\/pages\/8233","targetHints":{"allow":["GET"]}}],"collection":[{"href":"https:\/\/projectes.xtec.cat\/pyirenefp\/wp-json\/wp\/v2\/pages"}],"about":[{"href":"https:\/\/projectes.xtec.cat\/pyirenefp\/wp-json\/wp\/v2\/types\/page"}],"author":[{"embeddable":true,"href":"https:\/\/projectes.xtec.cat\/pyirenefp\/wp-json\/wp\/v2\/users\/1"}],"replies":[{"embeddable":true,"href":"https:\/\/projectes.xtec.cat\/pyirenefp\/wp-json\/wp\/v2\/comments?post=8233"}],"version-history":[{"count":4,"href":"https:\/\/projectes.xtec.cat\/pyirenefp\/wp-json\/wp\/v2\/pages\/8233\/revisions"}],"predecessor-version":[{"id":10049,"href":"https:\/\/projectes.xtec.cat\/pyirenefp\/wp-json\/wp\/v2\/pages\/8233\/revisions\/10049"}],"up":[{"embeddable":true,"href":"https:\/\/projectes.xtec.cat\/pyirenefp\/wp-json\/wp\/v2\/pages\/8226"}],"wp:attachment":[{"href":"https:\/\/projectes.xtec.cat\/pyirenefp\/wp-json\/wp\/v2\/media?parent=8233"}],"curies":[{"name":"wp","href":"https:\/\/api.w.org\/{rel}","templated":true}]}}

<p><strong>Objetivos</strong></p>
<ul>
<li>Fomentar la movilidad de los formadores para descubrir los sistemas de formación del territorio transfronterizo y reforzar la dimensión europea de sus actividades</li>
<li>Adquirir competencias profesionales ligadas a los métodos de trabajo o a las tecnologías propias de los distintos países</li>
<li>Promover la formación profesional y de formadores y crear una red transfronteriza de «referentes de Movilidad»</li>
<li>Favorecer el desarrollo de acciones de movilidad transfronteriza para sus personas en formación.</li>
</ul>
<hr />
<p><strong>Resultados</strong></p>
<ul>
<li>Profesionalización de los beneficiarios</li>
<li>Cooperación entre centros de formación</li>
<li>Fortalecimiento de la participación de las empresas en las acciones de cooperación llevadas a cabo por las administraciones socias.</li>
</ul>
<table style="width: 717px;">
<tbody>
<tr style="height: 76px;">
<td style="width: 82px; height: 76px;"><a href="http://projectes.xtec.cat/pyirenefp/wp-content/uploads/usu498/2017/04/informe_movilidad_profesores.pdf"><img loading="lazy" decoding="async" class="alignnone wp-image-8497 aligncenter" src="http://projectes.xtec.cat/pyirenefp/wp-content/uploads/usu498/2017/03/pdf_download.png" alt="pdf_download" width="47" height="43" /></a></td>
<td style="width: 276px; height: 76px;"><a href="http://projectes.xtec.cat/pyirenefp/wp-content/uploads/usu498/2017/04/informe_movilidad_profesores.pdf">Informe final movilidad_profesores (castellano)</a></td>
<td style="width: 82px; height: 76px;"><a href="http://projectes.xtec.cat/pyirenefp/wp-content/uploads/usu498/2017/04/rapport_mobilite_formateurs.pdf"><img loading="lazy" decoding="async" class="alignnone wp-image-8497 aligncenter" src="http://projectes.xtec.cat/pyirenefp/wp-content/uploads/usu498/2017/03/pdf_download.png" alt="pdf_download" width="39" height="36" /></a></td>
<td style="width: 357px; height: 76px;"><a href="http://projectes.xtec.cat/pyirenefp/wp-content/uploads/usu498/2017/04/rapport_mobilite_formateurs.pdf">Rapport mobilite_formateurs (francès)</a></td>
</tr>
</tbody>
</table>
<p>&nbsp;</p>

<p>Objetivos</p>
<ul>
<li>Fomentar la movilidad de los formadores para descubrir los sistemas de formación del territorio transfronterizo y reforzar la dimensión europea de sus actividades</li>
<li>Adquirir competencias profesionales ligadas a los métodos de trabajo o a las tecnologías propias de los distintos países</li>
<li>Promover la formación profesional y de&hellip;  <a href="https://projectes.xtec.cat/pyirenefp/piremobv/movilidad-transfronteriza-de-los-formadores-y-tutores/" title="Read Movilidad transfronteriza de los formadores y tutores">Llegeix més»</a><br />
