{"id":8784,"date":"2017-07-07T18:19:28","date_gmt":"2017-07-07T16:19:28","guid":{"rendered":"http:\/\/projectes.xtec.cat\/pyirenefp\/?page_id=8784"},"modified":"2018-10-23T10:05:21","modified_gmt":"2018-10-23T08:05:21","slug":"nouvelle-aquitaine","status":"publish","type":"page","link":"https:\/\/projectes.xtec.cat\/pyirenefp\/partenaires\/nouvelle-aquitaine\/","title":{"rendered":"Nouvelle- Aquitaine"},"content":{"rendered":"<p><span style=\"color: #000000;\">Il s\u2019agit de l\u2019administration publique dot\u00e9e des comp\u00e9tences en mati\u00e8re de formation initiale, d\u2019apprentissage et de formation professionnelle continue dans ce territoire. Elle g\u00e8re plusieurs projets strat\u00e9giques territoriaux europ\u00e9ens depuis plusieurs ann\u00e9es qui lui conf\u00e8rent une solide exp\u00e9rience dans ce domaine.<\/span><\/p>\n<p><a href=\"https:\/\/www.nouvelle-aquitaine.fr\/\"><img loading=\"lazy\" decoding=\"async\" class=\"alignnone wp-image-8473\" src=\"http:\/\/projectes.xtec.cat\/pyirenefp\/wp-content\/uploads\/usu498\/2017\/03\/logo-NouvelleAquitaine_nou.png\" alt=\"logo-NouvelleAquitaine_nou\" width=\"160\" height=\"90\" srcset=\"https:\/\/projectes.xtec.cat\/pyirenefp\/wp-content\/uploads\/usu498\/2017\/03\/logo-NouvelleAquitaine_nou.png 999w, https:\/\/projectes.xtec.cat\/pyirenefp\/wp-content\/uploads\/usu498\/2017\/03\/logo-NouvelleAquitaine_nou-300x169.png 300w, https:\/\/projectes.xtec.cat\/pyirenefp\/wp-content\/uploads\/usu498\/2017\/03\/logo-NouvelleAquitaine_nou-768x432.png 768w\" sizes=\"auto, (max-width: 160px) 100vw, 160px\" \/><\/a><\/p>\n<p>Web: <a href=\"https:\/\/www.europe-en-nouvelle-aquitaine.eu\/fr\">https:\/\/www.europe-en-nouvelle-aquitaine.eu\/fr<\/a><\/p>\n<p><span style=\"color: #000000;\">Contact: <span lang=\"ES\"><a href=\"mailto:pyirenefp@nouvelle-aquitaine.fr\" target=\"_blank\" rel=\"noopener\">pyirenefp@nouvelle-aquitaine.<wbr \/>fr<\/a><\/span><br \/>\n<\/span><\/p>\n","protected":false},"excerpt":{"rendered":"<p>Il s\u2019agit de l\u2019administration publique dot\u00e9e des comp\u00e9tences en mati\u00e8re de formation initiale, d\u2019apprentissage et de formation professionnelle continue dans ce territoire. Elle g\u00e8re plusieurs projets strat\u00e9giques territoriaux europ\u00e9ens depuis plusieurs ann\u00e9es qui lui conf\u00e8rent une solide exp\u00e9rience dans ce domaine.<br \/>\n<a href=\"https:\/\/www.nouvelle-aquitaine.fr\/\"><\/a><br \/>\nWeb: <a href=\"https:\/\/www.europe-en-nouvelle-aquitaine.eu\/fr\">https:\/\/www.europe-en-nouvelle-aquitaine.eu\/fr<\/a><br \/>\nContact: <a&hellip;  <a href=\"https:\/\/projectes.xtec.cat\/pyirenefp\/partenaires\/nouvelle-aquitaine\/\" title=\"Read Nouvelle- Aquitaine\">Llegeix m\u00e9s\u00bb<\/a><\/p>\n","protected":false},"author":1,"featured_media":0,"parent":8778,"menu_order":0,"comment_status":"closed","ping_status":"closed","template":"","meta":{"_bbp_topic_count":0,"_bbp_reply_count":0,"_bbp_total_topic_count":0,"_bbp_total_reply_count":0,"_bbp_voice_count":0,"_bbp_anonymous_reply_count":0,"_bbp_topic_count_hidden":0,"_bbp_reply_count_hidden":0,"_bbp_forum_subforum_count":0,"footnotes":""},"class_list":["post-8784","page","type-page","status-publish","hentry"],"post_mailing_queue_ids":[],"_links":{"self":[{"href":"https:\/\/projectes.xtec.cat\/pyirenefp\/wp-json\/wp\/v2\/pages\/8784","targetHints":{"allow":["GET"]}}],"collection":[{"href":"https:\/\/projectes.xtec.cat\/pyirenefp\/wp-json\/wp\/v2\/pages"}],"about":[{"href":"https:\/\/projectes.xtec.cat\/pyirenefp\/wp-json\/wp\/v2\/types\/page"}],"author":[{"embeddable":true,"href":"https:\/\/projectes.xtec.cat\/pyirenefp\/wp-json\/wp\/v2\/users\/1"}],"replies":[{"embeddable":true,"href":"https:\/\/projectes.xtec.cat\/pyirenefp\/wp-json\/wp\/v2\/comments?post=8784"}],"version-history":[{"count":3,"href":"https:\/\/projectes.xtec.cat\/pyirenefp\/wp-json\/wp\/v2\/pages\/8784\/revisions"}],"predecessor-version":[{"id":10725,"href":"https:\/\/projectes.xtec.cat\/pyirenefp\/wp-json\/wp\/v2\/pages\/8784\/revisions\/10725"}],"up":[{"embeddable":true,"href":"https:\/\/projectes.xtec.cat\/pyirenefp\/wp-json\/wp\/v2\/pages\/8778"}],"wp:attachment":[{"href":"https:\/\/projectes.xtec.cat\/pyirenefp\/wp-json\/wp\/v2\/media?parent=8784"}],"curies":[{"name":"wp","href":"https:\/\/api.w.org\/{rel}","templated":true}]}}