{"id":8796,"date":"2017-07-07T18:23:06","date_gmt":"2017-07-07T16:23:06","guid":{"rendered":"http:\/\/projectes.xtec.cat\/pyirenefp\/?page_id=8796"},"modified":"2018-05-26T18:37:35","modified_gmt":"2018-05-26T16:37:35","slug":"pyirenefp-9","status":"publish","type":"page","link":"https:\/\/projectes.xtec.cat\/pyirenefp\/pyirenefp-9\/","title":{"rendered":"Pyirenefp"},"content":{"rendered":"<p><span style=\"color: #c2bebe;\">Es un proyecto europeo\u00a0de cooperaci\u00f3n transfronteriza, dirigido a\u00a0ofrecer a los j\u00f3venes y a las personas adultas servicios coordinados de informaci\u00f3n y orientaci\u00f3n profesional en relaci\u00f3n a las ofertas de formaci\u00f3n profesional y de reconocimiento de la experiencia laboral existentes en el espacio transfronterizo entre Espa\u00f1a y Francia.<\/span><\/p>\n<p><span style=\"color: #c2bebe;\">Este proyecto se incluye dentro del programa de la Uni\u00f3n Europea Interreg V-A Espa\u00f1a, Francia, Andorra (POCTEFA 2014-2020) y est\u00e1 cofinanciado al 65% por el Fondo Europeo de Desarrollo Regional (<em>FEDER<\/em>)<\/span><\/p>\n","protected":false},"excerpt":{"rendered":"<p>Es un proyecto europeo\u00a0de cooperaci\u00f3n transfronteriza, dirigido a\u00a0ofrecer a los j\u00f3venes y a las personas adultas servicios coordinados de informaci\u00f3n y orientaci\u00f3n profesional en relaci\u00f3n a las ofertas de formaci\u00f3n profesional y de reconocimiento de la experiencia laboral existentes en el espacio transfronterizo entre Espa\u00f1a&hellip;  <a href=\"https:\/\/projectes.xtec.cat\/pyirenefp\/pyirenefp-9\/\" title=\"Read Pyirenefp\">Llegeix m\u00e9s\u00bb<\/a><\/p>\n","protected":false},"author":1,"featured_media":0,"parent":0,"menu_order":0,"comment_status":"closed","ping_status":"closed","template":"","meta":{"_bbp_topic_count":0,"_bbp_reply_count":0,"_bbp_total_topic_count":0,"_bbp_total_reply_count":0,"_bbp_voice_count":0,"_bbp_anonymous_reply_count":0,"_bbp_topic_count_hidden":0,"_bbp_reply_count_hidden":0,"_bbp_forum_subforum_count":0,"footnotes":""},"class_list":["post-8796","page","type-page","status-publish","hentry"],"post_mailing_queue_ids":[],"_links":{"self":[{"href":"https:\/\/projectes.xtec.cat\/pyirenefp\/wp-json\/wp\/v2\/pages\/8796","targetHints":{"allow":["GET"]}}],"collection":[{"href":"https:\/\/projectes.xtec.cat\/pyirenefp\/wp-json\/wp\/v2\/pages"}],"about":[{"href":"https:\/\/projectes.xtec.cat\/pyirenefp\/wp-json\/wp\/v2\/types\/page"}],"author":[{"embeddable":true,"href":"https:\/\/projectes.xtec.cat\/pyirenefp\/wp-json\/wp\/v2\/users\/1"}],"replies":[{"embeddable":true,"href":"https:\/\/projectes.xtec.cat\/pyirenefp\/wp-json\/wp\/v2\/comments?post=8796"}],"version-history":[{"count":3,"href":"https:\/\/projectes.xtec.cat\/pyirenefp\/wp-json\/wp\/v2\/pages\/8796\/revisions"}],"predecessor-version":[{"id":9907,"href":"https:\/\/projectes.xtec.cat\/pyirenefp\/wp-json\/wp\/v2\/pages\/8796\/revisions\/9907"}],"wp:attachment":[{"href":"https:\/\/projectes.xtec.cat\/pyirenefp\/wp-json\/wp\/v2\/media?parent=8796"}],"curies":[{"name":"wp","href":"https:\/\/api.w.org\/{rel}","templated":true}]}}