{"id":8850,"date":"2017-07-07T18:54:07","date_gmt":"2017-07-07T16:54:07","guid":{"rendered":"http:\/\/projectes.xtec.cat\/pyirenefp\/?page_id=8850"},"modified":"2018-05-29T19:16:59","modified_gmt":"2018-05-29T17:16:59","slug":"mobilitat-transfronterera","status":"publish","type":"page","link":"https:\/\/projectes.xtec.cat\/pyirenefp\/altres-projectes\/pirefop-2\/mobilitat-transfronterera\/","title":{"rendered":"Mobilitat transfronterera"},"content":{"rendered":"<p><strong>Objectius<\/strong><\/p>\n<ul>\n<li>Fomentar la mobilitat com a instrument per incloure la dimensi\u00f3 europea en els itineraris de formaci\u00f3 professional.<\/li>\n<li>Promoure els intercanvis d&#8217;estudiants de formaci\u00f3 professional i de formadors.<\/li>\n<li>Afavorir el reconeixement de les experi\u00e8ncies de mobilitat i la construcci\u00f3 de recorreguts de formaci\u00f3 bilaterals.<\/li>\n<li>Adquirir compet\u00e8ncies professionals lligades als m\u00e8todes de treball o a les tecnologies pr\u00f2pies dels diferents pa\u00efsos.<\/li>\n<\/ul>\n<p>&nbsp;<\/p>\n<hr \/>\n<p><strong>Experiencias de movilidad de estudiantes<\/strong><\/p>\n<table style=\"width: 895px;\">\n<tbody>\n<tr style=\"height: 65px;\">\n<td style=\"width: 39px; height: 65px; text-align: center;\"><span style=\"color: #800000;\">Flujo<\/span><\/td>\n<td style=\"width: 72px; height: 65px; text-align: center;\"><span style=\"color: #800000;\">Sector<\/span><\/td>\n<td style=\"width: 123px; height: 65px; text-align: center;\"><span style=\"color: #800000;\">Regi\u00f3n de origen<\/span><\/td>\n<td style=\"width: 19px; height: 65px; text-align: center;\"><span style=\"color: #800000;\">Regi\u00f3n de acogida<\/span><\/td>\n<td style=\"width: 19px; height: 65px; text-align: center;\"><span style=\"color: #800000;\">Centro de origen<\/span><\/td>\n<td style=\"width: 75px; height: 65px; text-align: center;\"><span style=\"color: #800000;\">Centro de acogida<\/span><\/td>\n<td style=\"width: 10px; height: 65px; text-align: center;\"><span style=\"color: #800000;\">Participantes<\/span><\/td>\n<td style=\"width: 19px; height: 65px; text-align: center;\"><span style=\"color: #800000;\">Inicio<\/span><\/td>\n<td style=\"width: 19px; height: 65px; text-align: center;\"><span style=\"color: #800000;\">Fin<\/span><\/td>\n<\/tr>\n<tr style=\"height: 65px;\">\n<td style=\"width: 39px; height: 65px; text-align: center;\"><span style=\"color: #800000;\">1<\/span><\/td>\n<td style=\"width: 72px; height: 65px; text-align: center;\">Agricultura<\/td>\n<td style=\"width: 123px; height: 65px; text-align: center;\">Midi-Pyrin\u00e9es<\/td>\n<td style=\"width: 19px; height: 65px; text-align: center;\">Catalunya<\/td>\n<td style=\"width: 19px; height: 65px; text-align: center;\">CFAA Piemont Pyr\u00e9n\u00e9es<\/td>\n<td style=\"width: 75px; height: 65px; text-align: center;\">\u00a0Institut Mollerussa<\/td>\n<td style=\"width: 10px; height: 65px; text-align: center;\">12<\/td>\n<td style=\"width: 19px; height: 65px; text-align: center;\">17\/11\/2008<\/td>\n<td style=\"width: 19px; height: 65px; text-align: center;\">06\/12\/2008<\/td>\n<\/tr>\n<tr style=\"height: 33px;\">\n<td style=\"width: 39px; height: 33px; text-align: center;\"><span style=\"color: #800000;\">\u00a02<\/span><\/td>\n<td style=\"width: 72px; height: 33px; text-align: center;\">\u00a0Cocina<\/td>\n<td style=\"width: 123px; height: 33px; text-align: center;\">\u00a0Midi-Pyrin\u00e9es<\/td>\n<td style=\"width: 19px; height: 33px; text-align: center;\">Arag\u00f3n<\/td>\n<td style=\"width: 19px; height: 33px; text-align: center;\">\u00a0CFA Commerce et Services<\/td>\n<td style=\"width: 75px; height: 33px; text-align: center;\">CPIFP San Lorenzo<\/td>\n<td style=\"width: 10px; height: 33px; text-align: center;\">\u00a09<\/td>\n<td style=\"width: 19px; height: 33px; text-align: center;\">19\/01\/2009<\/td>\n<td style=\"width: 19px; height: 33px; text-align: center;\">05\/02\/2009<\/td>\n<\/tr>\n<tr style=\"height: 33px;\">\n<td style=\"width: 39px; height: 33px; text-align: center;\"><span style=\"color: #800000;\">\u00a03<\/span><\/td>\n<td style=\"width: 72px; height: 33px; text-align: center;\">\u00a0\u00a0Cocina<\/td>\n<td style=\"width: 123px; height: 33px; text-align: center;\">\u00a0Midi-Pyrin\u00e9es<\/td>\n<td style=\"width: 19px; height: 33px; text-align: center;\">Catalunya<\/td>\n<td style=\"width: 19px; height: 33px; text-align: center;\">\u00a0\u00a0CFA Commerce et Services<\/td>\n<td style=\"width: 75px; height: 33px; text-align: center;\">\u00a0\u00a0Institut d&#8217;Hoteleria i Turisme<\/td>\n<td style=\"width: 10px; height: 33px; text-align: center;\">\u00a06<\/td>\n<td style=\"width: 19px; height: 33px; text-align: center;\">26\/01\/2009<\/td>\n<td style=\"width: 19px; height: 33px; text-align: center;\">27\/03\/2009<\/td>\n<\/tr>\n<tr style=\"height: 33px;\">\n<td style=\"width: 39px; height: 33px; text-align: center;\"><span style=\"color: #800000;\">\u00a04<\/span><\/td>\n<td style=\"width: 72px; height: 33px; text-align: center;\">\u00a0\u00a0Cocina<\/td>\n<td style=\"width: 123px; height: 33px; text-align: center;\">\u00a0Midi-Pyrin\u00e9es<\/td>\n<td style=\"width: 19px; height: 33px; text-align: center;\">Catalunya<\/td>\n<td style=\"width: 19px; height: 33px; text-align: center;\">\u00a0\u00a0CFA Commerce et Services<\/td>\n<td style=\"width: 75px; height: 33px; text-align: center;\">\u00a0Institut Escola d&#8217;Hoteleria i Turisme<\/td>\n<td style=\"width: 10px; height: 33px; text-align: center;\">\u00a010<\/td>\n<td style=\"width: 19px; height: 33px; text-align: center;\"><\/td>\n<td style=\"width: 19px; height: 33px; text-align: center;\"><\/td>\n<\/tr>\n<tr style=\"height: 33px;\">\n<td style=\"width: 39px; height: 33px; text-align: center;\"><span style=\"color: #800000;\">\u00a05<\/span><\/td>\n<td style=\"width: 72px; height: 33px; text-align: center;\">\u00a0\u00a0Cocina<\/td>\n<td style=\"width: 123px; height: 33px; text-align: center;\">\u00a0Catalunya<\/td>\n<td style=\"width: 19px; height: 33px; text-align: center;\">\u00a0Midi-Pyrin\u00e9es<\/td>\n<td style=\"width: 19px; height: 33px; text-align: center;\">\u00a0Institut Escola d&#8217;Hoteleria i Turisme<\/td>\n<td style=\"width: 75px; height: 33px; text-align: center;\">CFA Commerce et Services<\/td>\n<td style=\"width: 10px; height: 33px; text-align: center;\">10<\/td>\n<td style=\"width: 19px; height: 33px; text-align: center;\"><\/td>\n<td style=\"width: 19px; height: 33px; text-align: center;\"><\/td>\n<\/tr>\n<tr style=\"height: 33px;\">\n<td style=\"width: 39px; height: 33px; text-align: center;\"><span style=\"color: #800000;\">\u00a06<\/span><\/td>\n<td style=\"width: 72px; height: 33px; text-align: center;\">Agricultura<\/td>\n<td style=\"width: 123px; height: 33px; text-align: center;\">\u00a0Catalunya<\/td>\n<td style=\"width: 19px; height: 33px; text-align: center;\">\u00a0Midi-Pyrin\u00e9es<\/td>\n<td style=\"width: 19px; height: 33px; text-align: center;\">\u00a0Institut Mollerussa<\/td>\n<td style=\"width: 75px; height: 33px; text-align: center;\">CFAA Piemont Pyr\u00e9n\u00e9es<\/td>\n<td style=\"width: 10px; height: 33px; text-align: center;\">16<\/td>\n<td style=\"width: 19px; height: 33px; text-align: center;\"><\/td>\n<td style=\"width: 19px; height: 33px; text-align: center;\"><\/td>\n<\/tr>\n<tr style=\"height: 33px;\">\n<td style=\"width: 39px; height: 33px; text-align: center;\"><span style=\"color: #800000;\">\u00a07<\/span><\/td>\n<td style=\"width: 72px; height: 33px; text-align: center;\">\u00a0Automoci\u00f3n<\/td>\n<td style=\"width: 123px; height: 33px; text-align: center;\">\u00a0Catalunya<\/td>\n<td style=\"width: 19px; height: 33px; text-align: center;\">\u00a0Midi-Pyrin\u00e9es<\/td>\n<td style=\"width: 19px; height: 33px; text-align: center;\">Institut Illa dels Banyols<\/td>\n<td style=\"width: 75px; height: 33px; text-align: center;\">Lyc\u00e9e Polyvalent Saint Exup\u00e9ry<\/td>\n<td style=\"width: 10px; height: 33px; text-align: center;\">\u00a08<\/td>\n<td style=\"width: 19px; height: 33px; text-align: center;\"><\/td>\n<td style=\"width: 19px; height: 33px; text-align: center;\"><\/td>\n<\/tr>\n<tr style=\"height: 33px;\">\n<td style=\"width: 39px; height: 33px; text-align: center;\"><span style=\"color: #800000;\">\u00a08<\/span><\/td>\n<td style=\"width: 72px; height: 33px; text-align: center;\">\u00a0\u00a0Cocina<\/td>\n<td style=\"width: 123px; height: 33px; text-align: center;\">\u00a0Catalunya<\/td>\n<td style=\"width: 19px; height: 33px; text-align: center;\">\u00a0Midi-Pyrin\u00e9es<\/td>\n<td style=\"width: 19px; height: 33px; text-align: center;\">\u00a0Institut Escola d&#8217;Hoteleria i Turisme<\/td>\n<td style=\"width: 75px; height: 33px; text-align: center;\">CFA Commerce et Services<\/td>\n<td style=\"width: 10px; height: 33px; text-align: center;\">\u00a010<\/td>\n<td style=\"width: 19px; height: 33px; text-align: center;\"><\/td>\n<td style=\"width: 19px; height: 33px; text-align: center;\"><\/td>\n<\/tr>\n<tr style=\"height: 33px;\">\n<td style=\"width: 39px; height: 33px; text-align: center;\"><span style=\"color: #800000;\">9<\/span><\/td>\n<td style=\"width: 72px; height: 33px; text-align: center;\">\u00a0Deportes<\/td>\n<td style=\"width: 123px; height: 33px; text-align: center;\">\u00a0Catalunya<\/td>\n<td style=\"width: 19px; height: 33px; text-align: center;\">\u00a0Aquitaine<\/td>\n<td style=\"width: 19px; height: 33px; text-align: center;\">\u00a0Institut de la Pobla de Segur<\/td>\n<td style=\"width: 75px; height: 33px; text-align: center;\">George Lot. Environemental\u00a0 Counsel<\/td>\n<td style=\"width: 10px; height: 33px; text-align: center;\">5 + 1<\/td>\n<td style=\"width: 19px; height: 33px; text-align: center;\"><\/td>\n<td style=\"width: 19px; height: 33px; text-align: center;\"><\/td>\n<\/tr>\n<tr style=\"height: 33px;\">\n<td style=\"width: 39px; height: 33px; text-align: center;\"><span style=\"color: #800000;\">10<\/span><\/td>\n<td style=\"width: 72px; height: 33px; text-align: center;\">Agricultura<\/td>\n<td style=\"width: 123px; height: 33px; text-align: center;\">\u00a0\u00a0Midi-Pyrin\u00e9es<\/td>\n<td style=\"width: 19px; height: 33px; text-align: center;\">\u00a0Catalunya<\/td>\n<td style=\"width: 19px; height: 33px; text-align: center;\">CFAA Piemont Pyr\u00e9n\u00e9es<\/td>\n<td style=\"width: 75px; height: 33px; text-align: center;\">\u00a0Institut Mollerussa<\/td>\n<td style=\"width: 10px; height: 33px; text-align: center;\">\u00a012<\/td>\n<td style=\"width: 19px; height: 33px; text-align: center;\"><\/td>\n<td style=\"width: 19px; height: 33px; text-align: center;\"><\/td>\n<\/tr>\n<tr style=\"height: 33px;\">\n<td style=\"width: 39px; height: 33px; text-align: center;\"><span style=\"color: #800000;\">11<\/span><\/td>\n<td style=\"width: 72px; height: 33px; text-align: center;\">Automoci\u00f3n<\/td>\n<td style=\"width: 123px; height: 33px; text-align: center;\">\u00a0Aquitaine<\/td>\n<td style=\"width: 19px; height: 33px; text-align: center;\">\u00a0Arag\u00f3n<\/td>\n<td style=\"width: 19px; height: 33px; text-align: center;\">\u00a0CFA de la Chambre de M\u00e9tiers et de l&#8217;Artisanat des Pyrin\u00e9es-Atlantiques<\/td>\n<td style=\"width: 75px; height: 33px; text-align: center;\">IES Bajo Arag\u00f3n<\/td>\n<td style=\"width: 10px; height: 33px; text-align: center;\">\u00a06<\/td>\n<td style=\"width: 19px; height: 33px; text-align: center;\"><\/td>\n<td style=\"width: 19px; height: 33px; text-align: center;\"><\/td>\n<\/tr>\n<tr style=\"height: 33px;\">\n<td style=\"width: 39px; height: 33px; text-align: center;\"><span style=\"color: #800000;\">12<\/span><\/td>\n<td style=\"width: 72px; height: 33px; text-align: center;\">Sanidad<\/td>\n<td style=\"width: 123px; height: 33px; text-align: center;\">\u00a0Catalunya<\/td>\n<td style=\"width: 19px; height: 33px; text-align: center;\">\u00a0Midi-Pyrin\u00e9es<\/td>\n<td style=\"width: 19px; height: 33px; text-align: center;\">Institut Bonanova<\/td>\n<td style=\"width: 75px; height: 33px; text-align: center;\">Institut Claudius Regaud<\/td>\n<td style=\"width: 10px; height: 33px; text-align: center;\">\u00a02<\/td>\n<td style=\"width: 19px; height: 33px; text-align: center;\"><\/td>\n<td style=\"width: 19px; height: 33px; text-align: center;\"><\/td>\n<\/tr>\n<tr style=\"height: 33px;\">\n<td style=\"width: 39px; height: 33px; text-align: center;\"><span style=\"color: #800000;\">13<\/span><\/td>\n<td style=\"width: 72px; height: 33px; text-align: center;\">Automoci\u00f3n<\/td>\n<td style=\"width: 123px; height: 33px; text-align: center;\">\u00a0Aquitaine<\/td>\n<td style=\"width: 19px; height: 33px; text-align: center;\">\u00a0\u00a0Catalunya<\/td>\n<td style=\"width: 19px; height: 33px; text-align: center;\">\u00a0CFA de la Chambre de M\u00e9tiers et de l&#8217;Artisanat des Landees<\/td>\n<td style=\"width: 75px; height: 33px; text-align: center;\">\u00a0Institut Caparrella<\/td>\n<td style=\"width: 10px; height: 33px; text-align: center;\">6<\/td>\n<td style=\"width: 19px; height: 33px; text-align: center;\"><\/td>\n<td style=\"width: 19px; height: 33px; text-align: center;\"><\/td>\n<\/tr>\n<tr style=\"height: 33px;\">\n<td style=\"width: 39px; height: 33px; text-align: center;\"><span style=\"color: #800000;\">14<\/span><\/td>\n<td style=\"width: 72px; height: 33px; text-align: center;\">\u00a0Cocina<\/td>\n<td style=\"width: 123px; height: 33px; text-align: center;\">\u00a0Catalunya<\/td>\n<td style=\"width: 19px; height: 33px; text-align: center;\">\u00a0Midi-Pyrin\u00e9es<\/td>\n<td style=\"width: 19px; height: 33px; text-align: center;\">\u00a0Institut Joan Ramon Benapr\u00e8s<\/td>\n<td style=\"width: 75px; height: 33px; text-align: center;\">CFA Commerce et Services<\/td>\n<td style=\"width: 10px; height: 33px; text-align: center;\">\u00a06<\/td>\n<td style=\"width: 19px; height: 33px; text-align: center;\"><\/td>\n<td style=\"width: 19px; height: 33px; text-align: center;\"><\/td>\n<\/tr>\n<tr style=\"height: 33px;\">\n<td style=\"width: 39px; height: 33px; text-align: center;\"><span style=\"color: #800000;\">15<\/span><\/td>\n<td style=\"width: 72px; height: 33px; text-align: center;\">\u00a0Cocina<\/td>\n<td style=\"width: 123px; height: 33px; text-align: center;\">\u00a0Catalunya<\/td>\n<td style=\"width: 19px; height: 33px; text-align: center;\">\u00a0Midi-Pyrin\u00e9es<\/td>\n<td style=\"width: 19px; height: 33px; text-align: center;\">\u00a0Institut Escola d&#8217;Hoteleria i Turisme de Girona<\/td>\n<td style=\"width: 75px; height: 33px; text-align: center;\">CFA Commerce et Services<\/td>\n<td style=\"width: 10px; height: 33px; text-align: center;\">\u00a02<\/td>\n<td style=\"width: 19px; height: 33px; text-align: center;\"><\/td>\n<td style=\"width: 19px; height: 33px; text-align: center;\"><\/td>\n<\/tr>\n<tr style=\"height: 33px;\">\n<td style=\"width: 39px; height: 33px; text-align: center;\"><span style=\"color: #800000;\">16<\/span><\/td>\n<td style=\"width: 72px; height: 33px; text-align: center;\">Automoci\u00f3n<\/td>\n<td style=\"width: 123px; height: 33px; text-align: center;\">\u00a0Catalunya<\/td>\n<td style=\"width: 19px; height: 33px; text-align: center;\">\u00a0Aquitaine<\/td>\n<td style=\"width: 19px; height: 33px; text-align: center;\">\u00a0Institut Caparrella<\/td>\n<td style=\"width: 75px; height: 33px; text-align: center;\">\u00a0CFA de la Chambre de M\u00e9tiers et de l&#8217;Artisanat des Landees<\/td>\n<td style=\"width: 10px; height: 33px; text-align: center;\">\u00a06<\/td>\n<td style=\"width: 19px; height: 33px; text-align: center;\"><\/td>\n<td style=\"width: 19px; height: 33px; text-align: center;\"><\/td>\n<\/tr>\n<tr style=\"height: 33px;\">\n<td style=\"width: 39px; height: 33px; text-align: center;\"><span style=\"color: #800000;\">17<\/span><\/td>\n<td style=\"width: 72px; height: 33px; text-align: center;\">\u00a0Deportes<\/td>\n<td style=\"width: 123px; height: 33px; text-align: center;\">Catalunya<\/td>\n<td style=\"width: 19px; height: 33px; text-align: center;\">Aquitaine<\/td>\n<td style=\"width: 19px; height: 33px; text-align: center;\">\u00a0\u00a0Institut de la Pobla de Segur<\/td>\n<td style=\"width: 75px; height: 33px; text-align: center;\">Centre de resources, d&#8217;espertise et de performance sportive Aquitaine<\/td>\n<td style=\"width: 10px; height: 33px; text-align: center;\">6 + 2<\/td>\n<td style=\"width: 19px; height: 33px; text-align: center;\"><\/td>\n<td style=\"width: 19px; height: 33px; text-align: center;\"><\/td>\n<\/tr>\n<tr style=\"height: 33px;\">\n<td style=\"width: 39px; height: 33px; text-align: center;\"><span style=\"color: #800000;\">18<\/span><\/td>\n<td style=\"width: 72px; height: 33px; text-align: center;\">Deportes<\/td>\n<td style=\"width: 123px; height: 33px; text-align: center;\">Arag\u00f3n<\/td>\n<td style=\"width: 19px; height: 33px; text-align: center;\">Aquitaine<\/td>\n<td style=\"width: 19px; height: 33px; text-align: center;\">IES Baltasar Gracian<\/td>\n<td style=\"width: 75px; height: 33px; text-align: center;\">\u00a0IES Sierra de Guara<\/td>\n<td style=\"width: 10px; height: 33px; text-align: center;\">5<\/td>\n<td style=\"width: 19px; height: 33px; text-align: center;\"><\/td>\n<td style=\"width: 19px; height: 33px; text-align: center;\"><\/td>\n<\/tr>\n<tr style=\"height: 33px;\">\n<td style=\"width: 39px; height: 33px; text-align: center;\"><span style=\"color: #800000;\">19<\/span><\/td>\n<td style=\"width: 72px; height: 33px; text-align: center;\">Sanidad<\/td>\n<td style=\"width: 123px; height: 33px; text-align: center;\">Aquitaine<\/td>\n<td style=\"width: 19px; height: 33px; text-align: center;\">Arag\u00f3n<\/td>\n<td style=\"width: 19px; height: 33px; text-align: center;\">\u00a0IFAS Notre-Dame<\/td>\n<td style=\"width: 75px; height: 33px; text-align: center;\">\u00a0\u00a0\u00a0Institut de la Pobla de Segur<\/td>\n<td style=\"width: 10px; height: 33px; text-align: center;\">6<\/td>\n<td style=\"width: 19px; height: 33px; text-align: center;\"><\/td>\n<td style=\"width: 19px; height: 33px; text-align: center;\"><\/td>\n<\/tr>\n<tr style=\"height: 33px;\">\n<td style=\"width: 39px; height: 33px; text-align: center;\"><span style=\"color: #800000;\">20<\/span><\/td>\n<td style=\"width: 72px; height: 33px; text-align: center;\">Deportes<\/td>\n<td style=\"width: 123px; height: 33px; text-align: center;\">Aquitaine<\/td>\n<td style=\"width: 19px; height: 33px; text-align: center;\">Catalunya<\/td>\n<td style=\"width: 19px; height: 33px; text-align: center;\">\u00a0Centre de resources, d&#8217;espertise et de performance sportive Aquitaine<\/td>\n<td style=\"width: 75px; height: 33px; text-align: center;\">\u00a0Institut de la Pobla de Segur<\/td>\n<td style=\"width: 10px; height: 33px; text-align: center;\">4 + 1<\/td>\n<td style=\"width: 19px; height: 33px; text-align: center;\"><\/td>\n<td style=\"width: 19px; height: 33px; text-align: center;\"><\/td>\n<\/tr>\n<tr style=\"height: 33px;\">\n<td style=\"width: 39px; height: 33px; text-align: center;\"><span style=\"color: #800000;\">21<\/span><\/td>\n<td style=\"width: 72px; height: 33px; text-align: center;\">Agricultura<\/td>\n<td style=\"width: 123px; height: 33px; text-align: center;\">Catalunya<\/td>\n<td style=\"width: 19px; height: 33px; text-align: center;\">Midi-Pyrin\u00e9es<\/td>\n<td style=\"width: 19px; height: 33px; text-align: center;\">\u00a0Institut Mollerussa<\/td>\n<td style=\"width: 75px; height: 33px; text-align: center;\">CFAA Piemont Pyr\u00e9n\u00e9es<\/td>\n<td style=\"width: 10px; height: 33px; text-align: center;\">12<\/td>\n<td style=\"width: 19px; height: 33px; text-align: center;\"><\/td>\n<td style=\"width: 19px; height: 33px; text-align: center;\"><\/td>\n<\/tr>\n<tr style=\"height: 33px;\">\n<td style=\"width: 39px; height: 33px; text-align: center;\"><span style=\"color: #800000;\">22<\/span><\/td>\n<td style=\"width: 72px; height: 33px; text-align: center;\">\u00a0Cocina<\/td>\n<td style=\"width: 123px; height: 33px; text-align: center;\">Catalunya<\/td>\n<td style=\"width: 19px; height: 33px; text-align: center;\">Midi-Pyrin\u00e9es<\/td>\n<td style=\"width: 19px; height: 33px; text-align: center;\">\u00a0Institut Escola d&#8217;Hoteleria i Turisme<\/td>\n<td style=\"width: 75px; height: 33px; text-align: center;\">CFA Commerce et Services<\/td>\n<td style=\"width: 10px; height: 33px; text-align: center;\">10<\/td>\n<td style=\"width: 19px; height: 33px; text-align: center;\"><\/td>\n<td style=\"width: 19px; height: 33px; text-align: center;\"><\/td>\n<\/tr>\n<tr style=\"height: 33px;\">\n<td style=\"width: 39px; height: 33px; text-align: center;\"><span style=\"color: #800000;\">23<\/span><\/td>\n<td style=\"width: 72px; height: 33px; text-align: center;\">Sanidad<\/td>\n<td style=\"width: 123px; height: 33px; text-align: center;\">Catalunya<\/td>\n<td style=\"width: 19px; height: 33px; text-align: center;\">Aquitaine<\/td>\n<td style=\"width: 19px; height: 33px; text-align: center;\">Institut Bonanova<\/td>\n<td style=\"width: 75px; height: 33px; text-align: center;\">Le Chateau de Bassy. Etabliment de Soins de Suite et de R\u00e9adaptation<\/td>\n<td style=\"width: 10px; height: 33px; text-align: center;\">3<\/td>\n<td style=\"width: 19px; height: 33px; text-align: center;\"><\/td>\n<td style=\"width: 19px; height: 33px; text-align: center;\"><\/td>\n<\/tr>\n<tr style=\"height: 33px;\">\n<td style=\"width: 39px; height: 33px; text-align: center;\"><span style=\"color: #800000;\">24<\/span><\/td>\n<td style=\"width: 72px; height: 33px; text-align: center;\"><\/td>\n<td style=\"width: 123px; height: 33px; text-align: center;\"><\/td>\n<td style=\"width: 19px; height: 33px; text-align: center;\"><\/td>\n<td style=\"width: 19px; height: 33px; text-align: center;\"><\/td>\n<td style=\"width: 75px; height: 33px; text-align: center;\"><\/td>\n<td style=\"width: 10px; height: 33px; text-align: center;\"><\/td>\n<td style=\"width: 19px; height: 33px; text-align: center;\"><\/td>\n<td style=\"width: 19px; height: 33px; text-align: center;\"><\/td>\n<\/tr>\n<tr style=\"height: 33px;\">\n<td style=\"width: 39px; height: 33px; text-align: center;\"><span style=\"color: #800000;\">25<\/span><\/td>\n<td style=\"width: 72px; height: 33px; text-align: center;\"><\/td>\n<td style=\"width: 123px; height: 33px; text-align: center;\"><\/td>\n<td style=\"width: 19px; height: 33px; text-align: center;\"><\/td>\n<td style=\"width: 19px; height: 33px; text-align: center;\"><\/td>\n<td style=\"width: 75px; height: 33px; text-align: center;\"><\/td>\n<td style=\"width: 10px; height: 33px; text-align: center;\"><\/td>\n<td style=\"width: 19px; height: 33px; text-align: center;\"><\/td>\n<td style=\"width: 19px; height: 33px; text-align: center;\"><\/td>\n<\/tr>\n<\/tbody>\n<\/table>\n<p><a href=\"http:\/\/projectes.xtec.cat\/pyirenefp\/wp-content\/uploads\/usu498\/2017\/03\/BannersocisPIREFOP.jpg\"><img loading=\"lazy\" decoding=\"async\" class=\"alignnone size-full wp-image-8398\" src=\"http:\/\/projectes.xtec.cat\/pyirenefp\/wp-content\/uploads\/usu498\/2017\/03\/BannersocisPIREFOP.jpg\" alt=\"BannersocisPIREFOP\" width=\"651\" height=\"48\" srcset=\"https:\/\/projectes.xtec.cat\/pyirenefp\/wp-content\/uploads\/usu498\/2017\/03\/BannersocisPIREFOP.jpg 651w, https:\/\/projectes.xtec.cat\/pyirenefp\/wp-content\/uploads\/usu498\/2017\/03\/BannersocisPIREFOP-300x22.jpg 300w\" sizes=\"auto, (max-width: 651px) 100vw, 651px\" \/><\/a><\/p>\n","protected":false},"excerpt":{"rendered":"<p>Objectius<\/p>\n<ul>\n<li>Fomentar la mobilitat com a instrument per incloure la dimensi\u00f3 europea en els itineraris de formaci\u00f3 professional.<\/li>\n<li>Promoure els intercanvis d&#8217;estudiants de formaci\u00f3 professional i de formadors.<\/li>\n<li>Afavorir el reconeixement de les experi\u00e8ncies de mobilitat i la construcci\u00f3 de recorreguts de formaci\u00f3 bilaterals.<\/li>\n<li>Adquirir compet\u00e8ncies professionals lligades als&hellip;  <a href=\"https:\/\/projectes.xtec.cat\/pyirenefp\/altres-projectes\/pirefop-2\/mobilitat-transfronterera\/\" title=\"Read Mobilitat transfronterera\">Llegeix m\u00e9s\u00bb<\/a><br \/>\n","protected":false},"author":1,"featured_media":0,"parent":8758,"menu_order":40,"comment_status":"closed","ping_status":"closed","template":"","meta":{"_bbp_topic_count":0,"_bbp_reply_count":0,"_bbp_total_topic_count":0,"_bbp_total_reply_count":0,"_bbp_voice_count":0,"_bbp_anonymous_reply_count":0,"_bbp_topic_count_hidden":0,"_bbp_reply_count_hidden":0,"_bbp_forum_subforum_count":0,"footnotes":""},"class_list":["post-8850","page","type-page","status-publish","hentry"],"post_mailing_queue_ids":[],"_links":{"self":[{"href":"https:\/\/projectes.xtec.cat\/pyirenefp\/wp-json\/wp\/v2\/pages\/8850","targetHints":{"allow":["GET"]}}],"collection":[{"href":"https:\/\/projectes.xtec.cat\/pyirenefp\/wp-json\/wp\/v2\/pages"}],"about":[{"href":"https:\/\/projectes.xtec.cat\/pyirenefp\/wp-json\/wp\/v2\/types\/page"}],"author":[{"embeddable":true,"href":"https:\/\/projectes.xtec.cat\/pyirenefp\/wp-json\/wp\/v2\/users\/1"}],"replies":[{"embeddable":true,"href":"https:\/\/projectes.xtec.cat\/pyirenefp\/wp-json\/wp\/v2\/comments?post=8850"}],"version-history":[{"count":2,"href":"https:\/\/projectes.xtec.cat\/pyirenefp\/wp-json\/wp\/v2\/pages\/8850\/revisions"}],"predecessor-version":[{"id":10060,"href":"https:\/\/projectes.xtec.cat\/pyirenefp\/wp-json\/wp\/v2\/pages\/8850\/revisions\/10060"}],"up":[{"embeddable":true,"href":"https:\/\/projectes.xtec.cat\/pyirenefp\/wp-json\/wp\/v2\/pages\/8758"}],"wp:attachment":[{"href":"https:\/\/projectes.xtec.cat\/pyirenefp\/wp-json\/wp\/v2\/media?parent=8850"}],"curies":[{"name":"wp","href":"https:\/\/api.w.org\/{rel}","templated":true}]}}