{"id":8860,"date":"2017-07-07T19:00:10","date_gmt":"2017-07-07T17:00:10","guid":{"rendered":"http:\/\/projectes.xtec.cat\/pyirenefp\/?page_id=8860"},"modified":"2018-02-26T19:35:04","modified_gmt":"2018-02-26T18:35:04","slug":"mobilitat-transfronterera-dels-aprenents","status":"publish","type":"page","link":"https:\/\/projectes.xtec.cat\/pyirenefp\/altres-projectes\/piremobv\/mobilitat-transfronterera-dels-aprenents\/","title":{"rendered":"Mobilitat transfronterera dels aprenents"},"content":{"rendered":"<p><strong>Objectius<\/strong><\/p>\n<ul>\n<li>Fomentar la mobilitat per oferir als p\u00fablics objectiu una dimensi\u00f3 europea de la formaci\u00f3<\/li>\n<li>Promoure els intercanvis de joves de formaci\u00f3 professional inicial i, eventualment, de persones en FP en pr\u00e0ctiques<\/li>\n<li>Afavorir el reconeixement de les compet\u00e8ncies adquirides durant la mobilitat (Europass)<\/li>\n<li>Adquirir compet\u00e8ncies professionals lligades als m\u00e8todes de treball o a les tecnologies pr\u00f2pies dels diferents pa\u00efsos.<\/li>\n<li>Afavorir l&#8217;aprenentatge de lleng\u00fces per als beneficiaris de les accions de cooperaci\u00f3 (formaci\u00f3 a dist\u00e0ncia)<\/li>\n<\/ul>\n<hr \/>\n<p><strong>Resultats<\/strong><\/p>\n<ul>\n<li>Adquisici\u00f3 de compet\u00e8ncies professionals lligades als m\u00e8todes de treball o a les tecnologies pr\u00f2pies dels diferents pa\u00efsos.<\/li>\n<li>Valor afegit en mat\u00e8ria d&#8217;apertura cultural i de professionalitzaci\u00f3 dels beneficiaris.<\/li>\n<\/ul>\n<table style=\"width: 549px;\">\n<tbody>\n<tr style=\"height: 76px;\">\n<td style=\"width: 70px; height: 76px;\"><a href=\"http:\/\/projectes.xtec.cat\/pyirenefp\/wp-content\/uploads\/usu498\/2017\/04\/informe_movilidad_alumnos.pdf\"><img loading=\"lazy\" decoding=\"async\" class=\"alignnone wp-image-8497 aligncenter\" src=\"http:\/\/projectes.xtec.cat\/pyirenefp\/wp-content\/uploads\/usu498\/2017\/03\/pdf_download.png\" alt=\"pdf_download\" width=\"39\" height=\"35\" \/><\/a><\/td>\n<td style=\"width: 210px; height: 76px;\"><a href=\"http:\/\/projectes.xtec.cat\/pyirenefp\/wp-content\/uploads\/usu498\/2017\/04\/informe_movilidad_alumnos.pdf\">Informe final movilidad_alumnos (castell\u00e0)<\/a><\/td>\n<td style=\"width: 118px; height: 76px;\"><a href=\"http:\/\/projectes.xtec.cat\/pyirenefp\/wp-content\/uploads\/usu498\/2017\/04\/rapport_mobilite_apprenants.pdf\"><img loading=\"lazy\" decoding=\"async\" class=\"alignnone wp-image-8497 aligncenter\" src=\"http:\/\/projectes.xtec.cat\/pyirenefp\/wp-content\/uploads\/usu498\/2017\/03\/pdf_download.png\" alt=\"pdf_download\" width=\"39\" height=\"36\" \/><\/a><\/td>\n<td style=\"width: 223px; height: 76px;\"><a href=\"http:\/\/projectes.xtec.cat\/pyirenefp\/wp-content\/uploads\/usu498\/2017\/04\/rapport_mobilite_apprenants.pdf\">Rapport mobilite_apprenants (franc\u00e8s)<\/a><\/td>\n<\/tr>\n<\/tbody>\n<\/table>\n<p><strong>Experi\u00e8ncies de mobilitat d&#8217;estudiantes (mostra)<br \/>\n<\/strong><\/p>\n<table style=\"width: 985px; height: 976px;\">\n<tbody>\n<tr style=\"height: 65px;\">\n<td style=\"width: 58px; height: 65px; text-align: center;\"><span style=\"color: #800000;\">Flux<\/span><\/td>\n<td style=\"width: 107px; height: 65px; text-align: center;\"><span style=\"color: #800000;\">Sector<\/span><\/td>\n<td style=\"width: 133px; height: 65px; text-align: center;\"><span style=\"color: #800000;\">Regi\u00f3 d&#8217;origen<\/span><\/td>\n<td style=\"width: 138px; height: 65px; text-align: center;\"><span style=\"color: #800000;\">Regi\u00f3 d&#8217;acollida<\/span><\/td>\n<td style=\"width: 246px; height: 65px; text-align: center;\"><span style=\"color: #800000;\">Centre d&#8217;origen<\/span><\/td>\n<td style=\"width: 356px; height: 65px; text-align: center;\"><span style=\"color: #800000;\">Centre d&#8217;acollida<\/span><\/td>\n<td style=\"width: 10px; height: 65px; text-align: center;\"><span style=\"color: #800000;\">Participants<\/span><\/td>\n<td style=\"width: 59px; height: 65px; text-align: center;\"><span style=\"color: #800000;\">Any<\/span><\/td>\n<\/tr>\n<tr style=\"height: 65px;\">\n<td style=\"width: 58px; height: 65px; text-align: center;\"><span style=\"color: #800000;\">1<\/span><\/td>\n<td style=\"width: 107px; height: 65px; text-align: center;\">Assistent de direcci\u00f3<\/td>\n<td style=\"width: 133px; height: 65px; text-align: center;\">Aquitaine<\/td>\n<td style=\"width: 138px; height: 65px; text-align: center;\">Euskadi<\/td>\n<td style=\"width: 246px; height: 65px; text-align: center;\">LGT Louis de Foix<\/td>\n<td style=\"width: 356px; height: 65px; text-align: center;\">Office de tourisme d&#8217;Irun\/\u00a0Otxondo \u00e9v\u00e9nements \u00e0 Uradazubi \/ Fundacion real socidad \u00e0 Zubieta<\/td>\n<td style=\"width: 10px; height: 65px; text-align: center;\">3<\/td>\n<td style=\"width: 59px; height: 65px; text-align: center;\">2013<\/td>\n<\/tr>\n<tr style=\"height: 33px;\">\n<td style=\"width: 58px; height: 33px; text-align: center;\"><span style=\"color: #800000;\">\u00a02<\/span><\/td>\n<td style=\"width: 107px; height: 33px; text-align: center;\">\u00a0Fusta<\/td>\n<td style=\"width: 133px; height: 33px; text-align: center;\">Aquitaine<\/td>\n<td style=\"width: 138px; height: 33px; text-align: center;\">Euskadi<\/td>\n<td style=\"width: 246px; height: 33px; text-align: center;\">\u00a0Lyc\u00e9e G. Haur\u00e9 Plac\u00e9<\/td>\n<td style=\"width: 356px; height: 33px; text-align: center;\">ASERRIN<\/td>\n<td style=\"width: 10px; height: 33px; text-align: center;\">\u00a01<\/td>\n<td style=\"width: 59px; height: 33px; text-align: center;\">2013<\/td>\n<\/tr>\n<tr style=\"height: 33px;\">\n<td style=\"width: 58px; height: 33px; text-align: center;\"><span style=\"color: #800000;\">\u00a03<\/span><\/td>\n<td style=\"width: 107px; height: 33px; text-align: center;\">\u00a0Microtecnologia<\/td>\n<td style=\"width: 133px; height: 33px; text-align: center;\">Aquitaine<\/td>\n<td style=\"width: 138px; height: 33px; text-align: center;\">Arag\u00f3<\/td>\n<td style=\"width: 246px; height: 33px; text-align: center;\">\u00a0 \u00a0Lyc\u00e9e Pays de Soule<\/td>\n<td style=\"width: 356px; height: 33px; text-align: center;\">AITIIP<\/td>\n<td style=\"width: 10px; height: 33px; text-align: center;\">\u00a02<\/td>\n<td style=\"width: 59px; height: 33px; text-align: center;\">2013<\/td>\n<\/tr>\n<tr style=\"height: 33px;\">\n<td style=\"width: 58px; height: 33px; text-align: center;\"><span style=\"color: #800000;\">\u00a04<\/span><\/td>\n<td style=\"width: 107px; height: 33px; text-align: center;\">Agricultura<\/td>\n<td style=\"width: 133px; height: 33px; text-align: center;\">Aquitaine<\/td>\n<td style=\"width: 138px; height: 33px; text-align: center;\">Arag\u00f3<\/td>\n<td style=\"width: 246px; height: 33px; text-align: center;\">EPLEFPA CDFAA 64<\/td>\n<td style=\"width: 356px; height: 33px; text-align: center;\">CAILC CENTRO DE ACOGIDA EN INMERSION LINGUISTICA Y CULTURAL \/ PIL PIL HOSTEL \/ GANBARA HOSTEL SL<\/td>\n<td style=\"width: 10px; height: 33px; text-align: center;\">\u00a03<\/td>\n<td style=\"width: 59px; height: 33px; text-align: center;\">\u00a02013<\/td>\n<\/tr>\n<tr style=\"height: 33px;\">\n<td style=\"width: 58px; height: 33px; text-align: center;\"><span style=\"color: #800000;\">\u00a05<\/span><\/td>\n<td style=\"width: 107px; height: 33px; text-align: center;\">\u00a0Secretariat<\/td>\n<td style=\"width: 133px; height: 33px; text-align: center;\">Aquitaine<\/td>\n<td style=\"width: 138px; height: 33px; text-align: center;\">\u00a0Arag\u00f3<\/td>\n<td style=\"width: 246px; height: 33px; text-align: center;\">LP Jean d&#8217;Arcet Aire-sur-Adour<\/td>\n<td style=\"width: 356px; height: 33px; text-align: center;\">EXCMO. AYUNTAMIENTO DE JACA<\/td>\n<td style=\"width: 10px; height: 33px; text-align: center;\">2<\/td>\n<td style=\"width: 59px; height: 33px; text-align: center;\">2013<\/td>\n<\/tr>\n<tr style=\"height: 33px;\">\n<td style=\"width: 58px; height: 33px; text-align: center;\"><span style=\"color: #800000;\">\u00a06<\/span><\/td>\n<td style=\"width: 107px; height: 33px; text-align: center;\">Assistent de direcci\u00f3<\/td>\n<td style=\"width: 133px; height: 33px; text-align: center;\">Aquitaine<\/td>\n<td style=\"width: 138px; height: 33px; text-align: center;\">\u00a0Catalunya<\/td>\n<td style=\"width: 246px; height: 33px; text-align: center;\">LGT Charles DESPIAU Mt de Marsan<\/td>\n<td style=\"width: 356px; height: 33px; text-align: center;\">Patronat de Turisme \/ Clinique Barcelona\/ Club nautique Salou<\/td>\n<td style=\"width: 10px; height: 33px; text-align: center;\">8<\/td>\n<td style=\"width: 59px; height: 33px; text-align: center;\">\u00a02013<\/td>\n<\/tr>\n<tr style=\"height: 33px;\">\n<td style=\"width: 58px; height: 33px; text-align: center;\"><span style=\"color: #800000;\">\u00a07<\/span><\/td>\n<td style=\"width: 107px; height: 33px; text-align: center;\">Assistent de direcci\u00f3<\/td>\n<td style=\"width: 133px; height: 33px; text-align: center;\">Aquitaine<\/td>\n<td style=\"width: 138px; height: 33px; text-align: center;\">\u00a0Navarra<\/td>\n<td style=\"width: 246px; height: 33px; text-align: center;\">LGT Charles DESPIAU Mt de Marsan<\/td>\n<td style=\"width: 356px; height: 33px; text-align: center;\">Navarpluma SL<\/td>\n<td style=\"width: 10px; height: 33px; text-align: center;\">\u00a02<\/td>\n<td style=\"width: 59px; height: 33px; text-align: center;\">2013<\/td>\n<\/tr>\n<tr style=\"height: 33px;\">\n<td style=\"width: 58px; height: 33px; text-align: center;\"><span style=\"color: #800000;\">\u00a08<\/span><\/td>\n<td style=\"width: 107px; height: 33px; text-align: center;\">\u00a0Serveis a les persones i els territoris<\/td>\n<td style=\"width: 133px; height: 33px; text-align: center;\">Aquitaine<\/td>\n<td style=\"width: 138px; height: 33px; text-align: center;\">Arag\u00f3<\/td>\n<td style=\"width: 246px; height: 33px; text-align: center;\">Lyc\u00e9e agricole priv\u00e9 de Saubrigue<\/td>\n<td style=\"width: 356px; height: 33px; text-align: center;\">\u00a0Escuelas Pias de Jaca<\/td>\n<td style=\"width: 10px; height: 33px; text-align: center;\">\u00a02<\/td>\n<td style=\"width: 59px; height: 33px; text-align: center;\">2013<\/td>\n<\/tr>\n<tr style=\"height: 33px;\">\n<td style=\"width: 58px; height: 33px; text-align: center;\"><span style=\"color: #800000;\">9<br \/>\n<\/span><\/td>\n<td style=\"width: 107px; height: 33px; text-align: center;\">\u00a0Turisme<\/td>\n<td style=\"width: 133px; height: 33px; text-align: center;\">\u00a0Aquitaine<\/td>\n<td style=\"width: 138px; height: 33px; text-align: center;\">Euskadi<\/td>\n<td style=\"width: 246px; height: 33px; text-align: center;\">\u00a0INFA<\/td>\n<td style=\"width: 356px; height: 33px; text-align: center;\">TANDEM<\/td>\n<td style=\"width: 10px; height: 33px; text-align: center;\">\u00a06<\/td>\n<td style=\"width: 59px; height: 33px; text-align: center;\">2013<\/td>\n<\/tr>\n<tr style=\"height: 33px;\">\n<td style=\"width: 58px; height: 33px; text-align: center;\"><span style=\"color: #800000;\">10<br \/>\n<\/span><\/td>\n<td style=\"width: 107px; height: 33px; text-align: center;\">Animaci\u00f3<\/td>\n<td style=\"width: 133px; height: 33px; text-align: center;\">Aquitaine<\/td>\n<td style=\"width: 138px; height: 33px; text-align: center;\">Arag\u00f3<\/td>\n<td style=\"width: 246px; height: 33px; text-align: center;\">\u00a0\u00a0INFA<\/td>\n<td style=\"width: 356px; height: 33px; text-align: center;\">\u00a0IES Piramide<\/td>\n<td style=\"width: 10px; height: 33px; text-align: center;\">\u00a02<\/td>\n<td style=\"width: 59px; height: 33px; text-align: center;\">\u00a02013<\/td>\n<\/tr>\n<tr style=\"height: 33px;\">\n<td style=\"width: 58px; height: 33px; text-align: center;\"><span style=\"color: #800000;\">11<br \/>\n<\/span><\/td>\n<td style=\"width: 107px; height: 33px; text-align: center;\">Treball social<\/td>\n<td style=\"width: 133px; height: 33px; text-align: center;\">Aquitaine<\/td>\n<td style=\"width: 138px; height: 33px; text-align: center;\">Euskadi<\/td>\n<td style=\"width: 246px; height: 33px; text-align: center;\">\u00a0CEMEA<\/td>\n<td style=\"width: 356px; height: 33px; text-align: center;\">\u00a0Fundacion Canonica Autonoma Ede\/ Inter Europa Euskadi\/ Fundacion Fondo Formacion\/ Kaebnai\/ Ayuntamiento de victoria Oficia Movilidad Juvenil\/ ATECA Asociacion de traumatismo y Da\u00f1o cerebral<\/td>\n<td style=\"width: 10px; height: 33px; text-align: center;\">\u00a09<\/td>\n<td style=\"width: 59px; height: 33px; text-align: center;\">\u00a02013<\/td>\n<\/tr>\n<tr style=\"height: 33px;\">\n<td style=\"width: 58px; height: 33px; text-align: center;\"><span style=\"color: #800000;\">\u00a012<\/span><\/td>\n<td style=\"width: 107px; height: 33px; text-align: center;\">Treball social<\/td>\n<td style=\"width: 133px; height: 33px; text-align: center;\">Aquitaine<\/td>\n<td style=\"width: 138px; height: 33px; text-align: center;\">Catalunya<\/td>\n<td style=\"width: 246px; height: 33px; text-align: center;\">\u00a0CEMEA<\/td>\n<td style=\"width: 356px; height: 33px; text-align: center;\">\u00a0Associacion Obre-t-ebre \/ Associcion La vibria \/ Associacion Mundus<\/td>\n<td style=\"width: 10px; height: 33px; text-align: center;\">\u00a015<\/td>\n<td style=\"width: 59px; height: 33px; text-align: center;\">2013<\/td>\n<\/tr>\n<tr style=\"height: 33px;\">\n<td style=\"width: 58px; height: 33px; text-align: center;\"><span style=\"color: #800000;\">13<br \/>\n<\/span><\/td>\n<td style=\"width: 107px; height: 33px; text-align: center;\">Treball social<\/td>\n<td style=\"width: 133px; height: 33px; text-align: center;\">Aquitaine<\/td>\n<td style=\"width: 138px; height: 33px; text-align: center;\">\u00a0Arag\u00f3<\/td>\n<td style=\"width: 246px; height: 33px; text-align: center;\">\u00a0CEMEA<\/td>\n<td style=\"width: 356px; height: 33px; text-align: center;\">\u00a0Ayuntamiento de Zaragoza Cuerpo Municipal Voluntariado por zaragoza\/ Fundacion Ramon Rey Ardid\/ Asde Scouts de Aragon\/ ATECEA Asociacion de traumatismo craneoencefalico\/ Association de familias y mujeres del medio rural\/ Cedemar\/ Ayuntamiento de Jaca Departamento de juventud\/ Asociacion t\u00e9l\u00e9centro de Ayerbe\/ Comerca del Matarrana\/ Fundacion Kalathos\/ Centro de cultura popular\/ Comarca del jiloca<\/td>\n<td style=\"width: 10px; height: 33px; text-align: center;\">15<\/td>\n<td style=\"width: 59px; height: 33px; text-align: center;\">2013<\/td>\n<\/tr>\n<tr style=\"height: 33px;\">\n<td style=\"width: 58px; height: 33px; text-align: center;\"><span style=\"color: #800000;\">\u00a014<\/span><\/td>\n<td style=\"width: 107px; height: 33px; text-align: center;\">Assistent gesti\u00f3 PME<\/td>\n<td style=\"width: 133px; height: 33px; text-align: center;\">Aquitaine<\/td>\n<td style=\"width: 138px; height: 33px; text-align: center;\">Euskadi<\/td>\n<td style=\"width: 246px; height: 33px; text-align: center;\">\u00a0LGT de Borda de Dax<\/td>\n<td style=\"width: 356px; height: 33px; text-align: center;\">Asiator\/ Gurelan\/ Bronymec\/ Desarrollo y Gestion Erosal<\/td>\n<td style=\"width: 10px; height: 33px; text-align: center;\">4<\/td>\n<td style=\"width: 59px; height: 33px; text-align: center;\">2013<\/td>\n<\/tr>\n<tr style=\"height: 33px;\">\n<td style=\"width: 58px; height: 33px; text-align: center;\"><span style=\"color: #800000;\">\u00a015<\/span><\/td>\n<td style=\"width: 107px; height: 33px; text-align: center;\">\u00a0Perruqueria<\/td>\n<td style=\"width: 133px; height: 33px; text-align: center;\">Arag\u00f3<\/td>\n<td style=\"width: 138px; height: 33px; text-align: center;\">\u00a0Midi-Pyrin\u00e9es<\/td>\n<td style=\"width: 246px; height: 33px; text-align: center;\">IES Santiago Hern\u00e1ndez<\/td>\n<td style=\"width: 356px; height: 33px; text-align: center;\">Lyc\u00e9e\u00a0 Roland Garros de\u00a0 Toulouse<\/td>\n<td style=\"width: 10px; height: 33px; text-align: center;\">\u00a02<\/td>\n<td style=\"width: 59px; height: 33px; text-align: center;\">2013<\/td>\n<\/tr>\n<tr style=\"height: 33px;\">\n<td style=\"width: 58px; height: 33px; text-align: center;\"><span style=\"color: #800000;\">16<\/span><\/td>\n<td style=\"width: 107px; height: 33px; text-align: center;\">\u00a0Automoci\u00f3<\/td>\n<td style=\"width: 133px; height: 33px; text-align: center;\">\u00a0Arag\u00f3<\/td>\n<td style=\"width: 138px; height: 33px; text-align: center;\">Aquitaine<\/td>\n<td style=\"width: 246px; height: 33px; text-align: center;\">IES Tubalca\u00edn<\/td>\n<td style=\"width: 356px; height: 33px; text-align: center;\">\u00a0Lyc\u00e9e Professionnel Moli\u00e8re Orthez<\/td>\n<td style=\"width: 10px; height: 33px; text-align: center;\">\u00a03<\/td>\n<td style=\"width: 59px; height: 33px; text-align: center;\">\u00a02013<\/td>\n<\/tr>\n<tr style=\"height: 33px;\">\n<td style=\"width: 58px; height: 33px; text-align: center;\"><span style=\"color: #800000;\">17<\/span><\/td>\n<td style=\"width: 107px; height: 33px; text-align: center;\">Comer\u00e7 internacional<\/td>\n<td style=\"width: 133px; height: 33px; text-align: center;\">\u00a0Arag\u00f3<\/td>\n<td style=\"width: 138px; height: 33px; text-align: center;\">Aquitaine<\/td>\n<td style=\"width: 246px; height: 33px; text-align: center;\">\u00a0CPIFP Bajo Arag\u00f3n (Alca\u00f1iz)<\/td>\n<td style=\"width: 356px; height: 33px; text-align: center;\">Universit\u00e9 des M\u00e9tiers de Bayonne<\/td>\n<td style=\"width: 10px; height: 33px; text-align: center;\">\u00a03<\/td>\n<td style=\"width: 59px; height: 33px; text-align: center;\">\u00a02013<\/td>\n<\/tr>\n<tr style=\"height: 33px;\">\n<td style=\"width: 58px; height: 33px; text-align: center;\"><span style=\"color: #800000;\">18<\/span><\/td>\n<td style=\"width: 107px; height: 33px; text-align: center;\">Automoci\u00f3<\/td>\n<td style=\"width: 133px; height: 33px; text-align: center;\">\u00a0Arag\u00f3<\/td>\n<td style=\"width: 138px; height: 33px; text-align: center;\">Aquitaine<\/td>\n<td style=\"width: 246px; height: 33px; text-align: center;\">\u00a0IES Sierra de Guara<\/td>\n<td style=\"width: 356px; height: 33px; text-align: center;\">Lyc\u00e9e Professionnel Andr\u00e9 Campa, Juran\u00e7on<\/td>\n<td style=\"width: 10px; height: 33px; text-align: center;\">\u00a04<\/td>\n<td style=\"width: 59px; height: 33px; text-align: center;\">2013<\/td>\n<\/tr>\n<tr style=\"height: 33px;\">\n<td style=\"width: 58px; height: 33px; text-align: center;\"><span style=\"color: #800000;\">19<\/span><\/td>\n<td style=\"width: 107px; height: 33px; text-align: center;\">Administraci\u00f3<\/td>\n<td style=\"width: 133px; height: 33px; text-align: center;\">Arag\u00f3<\/td>\n<td style=\"width: 138px; height: 33px; text-align: center;\">Midi-Pyrin\u00e9es<\/td>\n<td style=\"width: 246px; height: 33px; text-align: center;\">\u00a0IES Andal\u00e1n<\/td>\n<td style=\"width: 356px; height: 33px; text-align: center;\">Lyc\u00e9e\u00a0 Roland Garros de Toulouse<\/td>\n<td style=\"width: 10px; height: 33px; text-align: center;\">\u00a01<\/td>\n<td style=\"width: 59px; height: 33px; text-align: center;\">2013<\/td>\n<\/tr>\n<tr style=\"height: 33px;\">\n<td style=\"width: 58px; height: 33px; text-align: center;\"><span style=\"color: #800000;\">20<\/span><\/td>\n<td style=\"width: 107px; height: 33px; text-align: center;\">Deportes<\/td>\n<td style=\"width: 133px; height: 33px; text-align: center;\">Arag\u00f3<\/td>\n<td style=\"width: 138px; height: 33px; text-align: center;\">Aquitaine<\/td>\n<td style=\"width: 246px; height: 33px; text-align: center;\">CPIFP Pir\u00e1mide<\/td>\n<td style=\"width: 356px; height: 33px; text-align: center;\">\u00a0Institut de Formation INFA Aquitaine Pau<\/td>\n<td style=\"width: 10px; height: 33px; text-align: center;\">\u00a05<\/td>\n<td style=\"width: 59px; height: 33px; text-align: center;\">2013<\/td>\n<\/tr>\n<\/tbody>\n<\/table>\n<table style=\"width: 368px;\">\n<tbody>\n<tr style=\"height: 76px;\">\n<td style=\"width: 70px; height: 76px;\"><a href=\"http:\/\/projectes.xtec.cat\/pyirenefp\/wp-content\/uploads\/usu498\/2017\/04\/Movilidad_estudiantes_FINAL.pdf\"><img loading=\"lazy\" decoding=\"async\" class=\"alignnone wp-image-8497 aligncenter\" src=\"http:\/\/projectes.xtec.cat\/pyirenefp\/wp-content\/uploads\/usu498\/2017\/03\/pdf_download.png\" alt=\"pdf_download\" width=\"71\" height=\"64\" \/><\/a><\/td>\n<td style=\"width: 29px; height: 76px;\"><a href=\"http:\/\/projectes.xtec.cat\/pyirenefp\/wp-content\/uploads\/usu498\/2017\/04\/Movilidad_estudiantes_FINAL.pdf\">Llistat final mobilitat_alumnes<\/a><\/td>\n<\/tr>\n<\/tbody>\n<\/table>\n","protected":false},"excerpt":{"rendered":"<p>Objectius<\/p>\n<ul>\n<li>Fomentar la mobilitat per oferir als p\u00fablics objectiu una dimensi\u00f3 europea de la formaci\u00f3<\/li>\n<li>Promoure els intercanvis de joves de formaci\u00f3 professional inicial i, eventualment, de persones en FP en pr\u00e0ctiques<\/li>\n<li>Afavorir el reconeixement de les compet\u00e8ncies adquirides durant la mobilitat (Europass)<\/li>\n<li>Adquirir compet\u00e8ncies professionals lligades als m\u00e8todes&hellip;  <a href=\"https:\/\/projectes.xtec.cat\/pyirenefp\/altres-projectes\/piremobv\/mobilitat-transfronterera-dels-aprenents\/\" title=\"Read Mobilitat transfronterera dels aprenents\">Llegeix m\u00e9s\u00bb<\/a><br \/>\n","protected":false},"author":1,"featured_media":0,"parent":8766,"menu_order":20,"comment_status":"closed","ping_status":"closed","template":"","meta":{"_bbp_topic_count":0,"_bbp_reply_count":0,"_bbp_total_topic_count":0,"_bbp_total_reply_count":0,"_bbp_voice_count":0,"_bbp_anonymous_reply_count":0,"_bbp_topic_count_hidden":0,"_bbp_reply_count_hidden":0,"_bbp_forum_subforum_count":0,"footnotes":""},"class_list":["post-8860","page","type-page","status-publish","hentry"],"post_mailing_queue_ids":[],"_links":{"self":[{"href":"https:\/\/projectes.xtec.cat\/pyirenefp\/wp-json\/wp\/v2\/pages\/8860","targetHints":{"allow":["GET"]}}],"collection":[{"href":"https:\/\/projectes.xtec.cat\/pyirenefp\/wp-json\/wp\/v2\/pages"}],"about":[{"href":"https:\/\/projectes.xtec.cat\/pyirenefp\/wp-json\/wp\/v2\/types\/page"}],"author":[{"embeddable":true,"href":"https:\/\/projectes.xtec.cat\/pyirenefp\/wp-json\/wp\/v2\/users\/1"}],"replies":[{"embeddable":true,"href":"https:\/\/projectes.xtec.cat\/pyirenefp\/wp-json\/wp\/v2\/comments?post=8860"}],"version-history":[{"count":3,"href":"https:\/\/projectes.xtec.cat\/pyirenefp\/wp-json\/wp\/v2\/pages\/8860\/revisions"}],"predecessor-version":[{"id":9573,"href":"https:\/\/projectes.xtec.cat\/pyirenefp\/wp-json\/wp\/v2\/pages\/8860\/revisions\/9573"}],"up":[{"embeddable":true,"href":"https:\/\/projectes.xtec.cat\/pyirenefp\/wp-json\/wp\/v2\/pages\/8766"}],"wp:attachment":[{"href":"https:\/\/projectes.xtec.cat\/pyirenefp\/wp-json\/wp\/v2\/media?parent=8860"}],"curies":[{"name":"wp","href":"https:\/\/api.w.org\/{rel}","templated":true}]}}