{"id":8868,"date":"2017-07-07T19:03:26","date_gmt":"2017-07-07T17:03:26","guid":{"rendered":"http:\/\/projectes.xtec.cat\/pyirenefp\/?page_id=8868"},"modified":"2018-06-20T08:22:58","modified_gmt":"2018-06-20T06:22:58","slug":"mobilite-transfrontaliere-des-formateurs-et-tuteurs","status":"publish","type":"page","link":"https:\/\/projectes.xtec.cat\/pyirenefp\/dautres-projets\/piremobv\/mobilite-transfrontaliere-des-formateurs-et-tuteurs\/","title":{"rendered":"Mobilit\u00e9 transfrontali\u00e8re des formateurs et tuteurs"},"content":{"rendered":"<p><strong>Objectifs<\/strong><\/p>\n<ul>\n<li>Encourager la mobilit\u00e9 des formateurs pour d\u00e9couvrir les syst\u00e8mes de formation du territoire transfrontalier et renforcer la dimension europ\u00e9enne de leurs activit\u00e9s<\/li>\n<li>Acqu\u00e9rir des comp\u00e9tences professionnelles li\u00e9es aux m\u00e9thodes de travail ou aux technologies propres aux diff\u00e9rents pays<\/li>\n<li>Promouvoir la formation professionnelle et de formateurs et cr\u00e9er un r\u00e9seau transfrontalier de \u00ab\u00a0r\u00e9f\u00e9rents \u00e0 la mobilit\u00e9\u00a0\u00bb<\/li>\n<li>Favoriser le d\u00e9veloppement d\u2019actions de mobilit\u00e9 transfrontali\u00e8re pour les personnes en formation.<\/li>\n<\/ul>\n<p><strong>R\u00e9sultats<\/strong><\/p>\n<ul>\n<li>Professionnalisation des b\u00e9n\u00e9ficiaires<\/li>\n<li>Coop\u00e9ration entre les centres de formation<\/li>\n<li>Renforcement de la participation des entreprises dans les actions de coop\u00e9ration men\u00e9es par les administrations partenaires.<\/li>\n<\/ul>\n<p>&nbsp;<\/p>\n<table style=\"width: 717px;\">\n<tbody>\n<tr style=\"height: 76px;\">\n<td style=\"width: 82px; height: 76px;\"><a href=\"http:\/\/projectes.xtec.cat\/pyirenefp\/wp-content\/uploads\/usu498\/2017\/04\/informe_movilidad_profesores.pdf\"><img loading=\"lazy\" decoding=\"async\" class=\"alignnone wp-image-8497 aligncenter\" src=\"http:\/\/projectes.xtec.cat\/pyirenefp\/wp-content\/uploads\/usu498\/2017\/03\/pdf_download.png\" alt=\"pdf_download\" width=\"47\" height=\"43\" \/><\/a><\/td>\n<td style=\"width: 276px; height: 76px;\"><a href=\"http:\/\/projectes.xtec.cat\/pyirenefp\/wp-content\/uploads\/usu498\/2017\/04\/informe_movilidad_profesores.pdf\">Informe final movilidad_profesores (castellano)<\/a><\/td>\n<td style=\"width: 82px; height: 76px;\"><a href=\"http:\/\/projectes.xtec.cat\/pyirenefp\/wp-content\/uploads\/usu498\/2017\/04\/rapport_mobilite_formateurs.pdf\"><img loading=\"lazy\" decoding=\"async\" class=\"alignnone wp-image-8497 aligncenter\" src=\"http:\/\/projectes.xtec.cat\/pyirenefp\/wp-content\/uploads\/usu498\/2017\/03\/pdf_download.png\" alt=\"pdf_download\" width=\"39\" height=\"36\" \/><\/a><\/td>\n<td style=\"width: 357px; height: 76px;\"><a href=\"http:\/\/projectes.xtec.cat\/pyirenefp\/wp-content\/uploads\/usu498\/2017\/04\/rapport_mobilite_formateurs.pdf\">Rapport mobilite_formateurs (franc\u00e8s)<\/a><\/td>\n<\/tr>\n<\/tbody>\n<\/table>\n","protected":false},"excerpt":{"rendered":"<p>Objectifs<\/p>\n<ul>\n<li>Encourager la mobilit\u00e9 des formateurs pour d\u00e9couvrir les syst\u00e8mes de formation du territoire transfrontalier et renforcer la dimension europ\u00e9enne de leurs activit\u00e9s<\/li>\n<li>Acqu\u00e9rir des comp\u00e9tences professionnelles li\u00e9es aux m\u00e9thodes de travail ou aux technologies propres aux diff\u00e9rents pays<\/li>\n<li>Promouvoir la formation professionnelle et de formateurs et cr\u00e9er&hellip;  <a href=\"https:\/\/projectes.xtec.cat\/pyirenefp\/dautres-projets\/piremobv\/mobilite-transfrontaliere-des-formateurs-et-tuteurs\/\" title=\"Read Mobilit\u00e9 transfrontali\u00e8re des formateurs et tuteurs\">Llegeix m\u00e9s\u00bb<\/a><br \/>\n","protected":false},"author":1,"featured_media":0,"parent":8768,"menu_order":30,"comment_status":"closed","ping_status":"closed","template":"","meta":{"_bbp_topic_count":0,"_bbp_reply_count":0,"_bbp_total_topic_count":0,"_bbp_total_reply_count":0,"_bbp_voice_count":0,"_bbp_anonymous_reply_count":0,"_bbp_topic_count_hidden":0,"_bbp_reply_count_hidden":0,"_bbp_forum_subforum_count":0,"footnotes":""},"class_list":["post-8868","page","type-page","status-publish","hentry"],"post_mailing_queue_ids":[],"_links":{"self":[{"href":"https:\/\/projectes.xtec.cat\/pyirenefp\/wp-json\/wp\/v2\/pages\/8868","targetHints":{"allow":["GET"]}}],"collection":[{"href":"https:\/\/projectes.xtec.cat\/pyirenefp\/wp-json\/wp\/v2\/pages"}],"about":[{"href":"https:\/\/projectes.xtec.cat\/pyirenefp\/wp-json\/wp\/v2\/types\/page"}],"author":[{"embeddable":true,"href":"https:\/\/projectes.xtec.cat\/pyirenefp\/wp-json\/wp\/v2\/users\/1"}],"replies":[{"embeddable":true,"href":"https:\/\/projectes.xtec.cat\/pyirenefp\/wp-json\/wp\/v2\/comments?post=8868"}],"version-history":[{"count":3,"href":"https:\/\/projectes.xtec.cat\/pyirenefp\/wp-json\/wp\/v2\/pages\/8868\/revisions"}],"predecessor-version":[{"id":10348,"href":"https:\/\/projectes.xtec.cat\/pyirenefp\/wp-json\/wp\/v2\/pages\/8868\/revisions\/10348"}],"up":[{"embeddable":true,"href":"https:\/\/projectes.xtec.cat\/pyirenefp\/wp-json\/wp\/v2\/pages\/8768"}],"wp:attachment":[{"href":"https:\/\/projectes.xtec.cat\/pyirenefp\/wp-json\/wp\/v2\/media?parent=8868"}],"curies":[{"name":"wp","href":"https:\/\/api.w.org\/{rel}","templated":true}]}}

Mobilité transfrontalière des formateurs et tuteurs

<p><strong>Objectifs</strong></p>
<ul>
<li>Encourager la mobilité des formateurs pour découvrir les systèmes de formation du territoire transfrontalier et renforcer la dimension européenne de leurs activités</li>
<li>Acquérir des compétences professionnelles liées aux méthodes de travail ou aux technologies propres aux différents pays</li>
<li>Promouvoir la formation professionnelle et de formateurs et créer un réseau transfrontalier de « référents à la mobilité »</li>
<li>Favoriser le développement d’actions de mobilité transfrontalière pour les personnes en formation.</li>
</ul>
<p><strong>Résultats</strong></p>
<ul>
<li>Professionnalisation des bénéficiaires</li>
<li>Coopération entre les centres de formation</li>
<li>Renforcement de la participation des entreprises dans les actions de coopération menées par les administrations partenaires.</li>
</ul>
<p>&nbsp;</p>
<table style="width: 717px;">
<tbody>
<tr style="height: 76px;">
<td style="width: 82px; height: 76px;"><a href="http://projectes.xtec.cat/pyirenefp/wp-content/uploads/usu498/2017/04/informe_movilidad_profesores.pdf"><img loading="lazy" decoding="async" class="alignnone wp-image-8497 aligncenter" src="http://projectes.xtec.cat/pyirenefp/wp-content/uploads/usu498/2017/03/pdf_download.png" alt="pdf_download" width="47" height="43" /></a></td>
<td style="width: 276px; height: 76px;"><a href="http://projectes.xtec.cat/pyirenefp/wp-content/uploads/usu498/2017/04/informe_movilidad_profesores.pdf">Informe final movilidad_profesores (castellano)</a></td>
<td style="width: 82px; height: 76px;"><a href="http://projectes.xtec.cat/pyirenefp/wp-content/uploads/usu498/2017/04/rapport_mobilite_formateurs.pdf"><img loading="lazy" decoding="async" class="alignnone wp-image-8497 aligncenter" src="http://projectes.xtec.cat/pyirenefp/wp-content/uploads/usu498/2017/03/pdf_download.png" alt="pdf_download" width="39" height="36" /></a></td>
<td style="width: 357px; height: 76px;"><a href="http://projectes.xtec.cat/pyirenefp/wp-content/uploads/usu498/2017/04/rapport_mobilite_formateurs.pdf">Rapport mobilite_formateurs (francès)</a></td>
</tr>
</tbody>
</table>

<p>Objectifs</p>
<ul>
<li>Encourager la mobilité des formateurs pour découvrir les systèmes de formation du territoire transfrontalier et renforcer la dimension européenne de leurs activités</li>
<li>Acquérir des compétences professionnelles liées aux méthodes de travail ou aux technologies propres aux différents pays</li>
<li>Promouvoir la formation professionnelle et de formateurs et créer&hellip;  <a href="https://projectes.xtec.cat/pyirenefp/dautres-projets/piremobv/mobilite-transfrontaliere-des-formateurs-et-tuteurs/" title="Read Mobilité transfrontalière des formateurs et tuteurs">Llegeix més»</a><br />
