{"id":12159,"date":"2023-09-04T11:38:05","date_gmt":"2023-09-04T09:38:05","guid":{"rendered":"https:\/\/projectes.xtec.cat\/qualitatfp\/?page_id=12159"},"modified":"2025-03-15T15:16:54","modified_gmt":"2025-03-15T14:16:54","slug":"albums-fotografics-del-pqimc","status":"publish","type":"page","link":"https:\/\/projectes.xtec.cat\/qualitatfp\/pla-pqimc\/albums-fotografics-del-pqimc\/","title":{"rendered":"\u00c0lbums fotogr\u00e0fics del PQiMC"},"content":{"rendered":"<h2>\u00c0lbums del PQiMC<\/h2>\n<div class=\"box py-3 generalbox center clearfix\">\n<div class=\"no-overflow\">\n<p>&#8211;\u00a0<a href=\"https:\/\/photos.app.goo.gl\/fauSf7oR5TAXabzA9\" target=\"_blank\" rel=\"noopener\">XXII Jornada de Qualitat a l&#8217;Ensenyament<\/a>\u00a0(fotos)<\/p>\n<p>&#8211;\u00a0<a href=\"https:\/\/photos.google.com\/share\/AF1QipOWaMvscMB5kZ6VO3ODVGcgHDpZtDRjL94xPfjnGtj5HncgzfKjO22lWHHBjikB1g?key=WUh6QllUZ3Z3dU1ZQ3YzN0Nyc1NfZG5vT3lxREpR\" target=\"_blank\" rel=\"noopener\">XXI Jornada de Qualitat a l&#8217;Ensenyament<\/a>\u00a0(fotos)<\/p>\n<p>&#8211;\u00a0\u00a0<a href=\"https:\/\/sites.google.com\/xtec.cat\/jornada-de-cloenda-2023\/jornada-de-cloenda-2023\" target=\"_blank\" rel=\"noopener\">Jornada de Cloenda 2023\u00a0<\/a>(site)<\/p>\n<p>&#8211;\u00a0<a href=\"https:\/\/photos.google.com\/share\/AF1QipPegq1kYC7tbdCP__dgXvucdq4dB2ny8uGhkcbmnn93VzrnNguadFdOIS52qUSPOA?key=SEE2eWJPS295UFdRZ1BmRFAxUVhncDhwMTR6bnZn\" target=\"_blank\" rel=\"noopener\">XX Jornada de Qualitat a l&#8217;Ensenyament<\/a>\u00a0(fotos)<\/p>\n<p>&#8211;\u00a0<a href=\"https:\/\/sites.google.com\/xtec.cat\/jornada-de-cloenda-2022\" target=\"_blank\" rel=\"noopener\">Jornada de Cloenda 2022<\/a>\u00a0(site)<\/p>\n<p>&#8211;\u00a0<a href=\"https:\/\/photos.google.com\/share\/AF1QipN0AX5bHGfL9O29PCJbZF74QelpS5sHDlwHAcS3XY9MZ2btPzSI9oqseufmchr0WA?key=OTlPNFVYLVR4bW1TSFV6TW9LZDdCcXN0b1FaaGhB\" target=\"_blank\" rel=\"noopener\">XIX Jornada de Qualitat a l&#8217;Ensenyament<\/a>\u00a0(fotos)<\/p>\n<p>&#8211;\u00a0<a href=\"https:\/\/sites.google.com\/xtec.cat\/jornada-de-cloenda-2021\/\" target=\"_blank\" rel=\"noopener\">Jornada de Cloenda 2021<\/a>\u00a0(site)<\/p>\n<p>&#8211; XVIII Jornada de Qualitat a l&#8217;Ensenyament<\/p>\n<div class=\"mediaplugin mediaplugin_videojs d-block\">\n<div>\n<div id=\"id_videojs_64f58eb46f3d4_1\" class=\"video-js vjs-paused vjs-fluid id_videojs_64f58eb46f3d4_1-dimensions vjs-controls-enabled vjs-touch-enabled vjs-workinghover vjs-v7 vjs-user-active vjs-youtube\" lang=\"ca\" tabindex=\"-1\" title=\"v\u00eddeo\" role=\"region\" data-setup-lazy=\"{&quot;techOrder&quot;: [&quot;youtube&quot;], &quot;sources&quot;: [{&quot;type&quot;: &quot;video\/youtube&quot;, &quot;src&quot;:&quot;https:\/\/www.youtube.com\/watch?v=GS4r1s_-x_I&amp;amp;t=15933s&quot;}], &quot;youtube&quot;: {&quot;start&quot;: &quot;15933&quot;}, &quot;language&quot;: &quot;ca&quot;, &quot;fluid&quot;: true}\" aria-label=\"Video Player\">\n<div><iframe loading=\"lazy\" id=\"id_videojs_64f58eb46f3d4_1_youtube_api\" class=\"vjs-tech\" title=\"XVIII Jornada de Qualitat a l'Ensenyament\" src=\"https:\/\/www.youtube.com\/embed\/GS4r1s_-x_I?controls=0&amp;modestbranding=1&amp;rel=0&amp;showinfo=0&amp;loop=0&amp;fs=0&amp;hl=ca&amp;start=15933&amp;enablejsapi=1&amp;origin=https%3A%2F%2Fodissea.xtec.cat&amp;widgetid=1\" width=\"640\" height=\"360\" frameborder=\"0\" allowfullscreen=\"allowfullscreen\" data-mce-fragment=\"1\"><\/iframe><\/div>\n<div class=\"vjs-poster\" aria-disabled=\"false\"><\/div>\n<div class=\"vjs-text-track-display\" aria-live=\"off\" aria-atomic=\"true\"><\/div>\n<p><button class=\"vjs-big-play-button\" title=\"Play Video\" type=\"button\" aria-disabled=\"false\"><span class=\"vjs-control-text\" aria-live=\"polite\">Play Video<\/span><\/button><\/p>\n<\/div>\n<\/div>\n<\/div>\n<p>&nbsp;<\/p>\n<p>&#8211;\u00a0<a href=\"https:\/\/sites.google.com\/xtec.cat\/jornadacloenda\/jornada-programes-fp\" target=\"_blank\" rel=\"noopener\">Jornada de Cloenda 2020<\/a>\u00a0(site)<\/p>\n<p>&#8211;\u00a0<a href=\"https:\/\/photos.google.com\/share\/AF1QipMvYUJN_BJhL73zf7uL_h4uqDlMcEh3s7ovoYo6deXFjetcQc0rsTT5Zc8aJbftog?key=dExaMGZCc3ZqaUhOWkFPeGJmQ1Atd0tMT3JOQWtR\" target=\"_blank\" rel=\"noopener\">XVII Jornada de Qualitat a l&#8217;Ensenyament<\/a><\/p>\n<div class=\"mediaplugin mediaplugin_videojs d-block\">\n<div>\n<div id=\"id_videojs_64f58eb46f5a2_2\" class=\"video-js vjs-paused vjs-fluid id_videojs_64f58eb46f5a2_2-dimensions vjs-controls-enabled vjs-touch-enabled vjs-workinghover vjs-v7 vjs-user-active vjs-youtube\" lang=\"ca\" tabindex=\"-1\" title=\"&amp;nbsp;(v\u00eddeo)\" role=\"region\" data-setup-lazy=\"{&quot;techOrder&quot;: [&quot;youtube&quot;], &quot;sources&quot;: [{&quot;type&quot;: &quot;video\/youtube&quot;, &quot;src&quot;:&quot;https:\/\/www.youtube.com\/watch?v=pCscsexYp1w&quot;}], &quot;language&quot;: &quot;ca&quot;, &quot;fluid&quot;: true}\" aria-label=\"Video Player\">\n<div><iframe loading=\"lazy\" id=\"id_videojs_64f58eb46f5a2_2_youtube_api\" class=\"vjs-tech\" title=\"XVII JORNADA DE QUALITAT A L'ENSENYAMENT\" src=\"https:\/\/www.youtube.com\/embed\/pCscsexYp1w?controls=0&amp;modestbranding=1&amp;rel=0&amp;showinfo=0&amp;loop=0&amp;fs=0&amp;hl=ca&amp;enablejsapi=1&amp;origin=https%3A%2F%2Fodissea.xtec.cat&amp;widgetid=2\" width=\"640\" height=\"360\" frameborder=\"0\" allowfullscreen=\"allowfullscreen\" data-mce-fragment=\"1\"><\/iframe><\/div>\n<div class=\"vjs-poster\" aria-disabled=\"false\"><\/div>\n<div class=\"vjs-text-track-display\" aria-live=\"off\" aria-atomic=\"true\"><\/div>\n<p><button class=\"vjs-big-play-button\" title=\"Play Video\" type=\"button\" aria-disabled=\"false\"><span class=\"vjs-control-text\" aria-live=\"polite\">Play Video<\/span><\/button><\/p>\n<\/div>\n<\/div>\n<\/div>\n<p>&nbsp;<\/p>\n<p>&#8211;\u00a0Jornada de Cloenda 2019<\/p>\n<p><a href=\"https:\/\/photos.app.goo.gl\/MujLCzjFbAkEerDF8\" target=\"_blank\" rel=\"noopener\">&#8211; XVI Jornada de Qualitat a l&#8217;Ensenyament<\/a>\u00a0(fotos)<\/p>\n<p>&#8211;<a href=\"https:\/\/goo.gl\/photos\/CsWQWGAEg1GmYEBQ8\" target=\"_blank\" rel=\"noopener\">\u00a0<\/a><a href=\"https:\/\/photos.app.goo.gl\/mHYpKzPTMa3qRWrH2\" target=\"_blank\" rel=\"noopener\">Jornada de Cloenda 2018 -CAR-<\/a>\u00a0(fotos)<\/p>\n<p>&#8211;\u00a0<a href=\"https:\/\/photos.app.goo.gl\/z1bXZVKcM4cnqEFy1\" target=\"_blank\" rel=\"noopener\">XV Jornada de Qualitat a l&#8217;Ensenyament<\/a><\/p>\n<div class=\"mediaplugin mediaplugin_videojs d-block\">\n<div>\n<div id=\"id_videojs_64f58eb46f795_3\" class=\"video-js vjs-paused vjs-fluid id_videojs_64f58eb46f795_3-dimensions vjs-controls-enabled vjs-touch-enabled vjs-workinghover vjs-v7 vjs-user-active vjs-youtube\" lang=\"ca\" tabindex=\"-1\" title=\"v\u00eddeo de Bego\u00f1a Roman\" role=\"region\" data-setup-lazy=\"{&quot;techOrder&quot;: [&quot;youtube&quot;], &quot;sources&quot;: [{&quot;type&quot;: &quot;video\/youtube&quot;, &quot;src&quot;:&quot;https:\/\/www.youtube.com\/watch?v=mvrMKV2gRa0&amp;amp;t=891s&quot;}], &quot;youtube&quot;: {&quot;start&quot;: &quot;891&quot;}, &quot;language&quot;: &quot;ca&quot;, &quot;fluid&quot;: true}\" aria-label=\"Video Player\">\n<div><iframe loading=\"lazy\" id=\"id_videojs_64f58eb46f795_3_youtube_api\" class=\"vjs-tech\" title=\"Filosofia\" src=\"https:\/\/www.youtube.com\/embed\/mvrMKV2gRa0?controls=0&amp;modestbranding=1&amp;rel=0&amp;showinfo=0&amp;loop=0&amp;fs=0&amp;hl=ca&amp;start=891&amp;enablejsapi=1&amp;origin=https%3A%2F%2Fodissea.xtec.cat&amp;widgetid=3\" width=\"640\" height=\"360\" frameborder=\"0\" allowfullscreen=\"allowfullscreen\" data-mce-fragment=\"1\"><\/iframe><\/div>\n<div class=\"vjs-poster\" aria-disabled=\"false\"><\/div>\n<div class=\"vjs-text-track-display\" aria-live=\"off\" aria-atomic=\"true\"><\/div>\n<p><button class=\"vjs-big-play-button\" title=\"Play Video\" type=\"button\" aria-disabled=\"false\"><span class=\"vjs-control-text\" aria-live=\"polite\">Play Video<\/span><\/button><\/p>\n<\/div>\n<\/div>\n<\/div>\n<p>&nbsp;<\/p>\n<p>&#8211;\u00a0<a href=\"https:\/\/goo.gl\/photos\/rYbwYpxejMkzxus79\" target=\"_blank\" rel=\"noopener\">Jornada de Cloenda 2017 -CAR-<\/a>\u00a0(fotos)<\/p>\n<p>&#8211;\u00a0<a href=\"https:\/\/goo.gl\/photos\/SUrYpXC6xRxrWHJY7\" target=\"_blank\" rel=\"noopener\">XIV Jornada de Qualitat a l&#8217;Ensenyament<\/a>\u00a0(fotos)<\/p>\n<p>&#8211;\u00a0<a href=\"https:\/\/goo.gl\/photos\/CsWQWGAEg1GmYEBQ8\" target=\"_blank\" rel=\"noopener\">Jornada de Cloenda 2016 -CAR-<\/a>\u00a0(fotos)<\/p>\n<p>&#8211;\u00a0<a href=\"https:\/\/goo.gl\/photos\/CifS1V78i21CY15E6\" target=\"_blank\" rel=\"noopener\">XIII Jornada de Qualitat a l&#8217;Ensenyament<\/a>\u00a0(fotos)<\/p>\n<p>&#8211;\u00a0<a href=\"https:\/\/goo.gl\/photos\/KFtNr13JcUorsfvCA\" target=\"_blank\" rel=\"noopener\">Jornada de Cloenda 2015 -INS Lacet\u00e0nia de Manresa-<\/a>\u00a0(fotos)<\/p>\n<p>&#8211;\u00a0<a href=\"https:\/\/goo.gl\/photos\/F8m97KbQwP1XnJCF8\" target=\"_blank\" rel=\"noopener\">XII Jornada de Qualitat a l&#8217;Ensenyament<\/a>\u00a0(fotos)<\/p>\n<p>&#8211;\u00a0<a href=\"https:\/\/goo.gl\/photos\/Qhf6DuT8cBryFdaD7\" target=\"_blank\" rel=\"noopener\">Jornada de Cloenda 2014 -CAR-<\/a>\u00a0(fotos)<\/p>\n<p>&#8211;\u00a0<a href=\"https:\/\/goo.gl\/photos\/rT6rLjahod8EWo9w8\" target=\"_blank\" rel=\"noopener\">XI Jornada de Qualitat a l&#8217;Ensenyament<\/a>\u00a0(fotos)<\/p>\n<p>&#8211;\u00a0<a href=\"https:\/\/goo.gl\/photos\/P5Kgv2teVRPf7DqS6\" target=\"_blank\" rel=\"noopener\">Jornada de Cloenda 2013<\/a>\u00a0(fotos)<\/p>\n<p>&#8211;\u00a0<a href=\"https:\/\/goo.gl\/photos\/EDDpfF7drN8BSAeN7\" target=\"_blank\" rel=\"noopener\">X Jornada de Qualitat a l&#8217;Ensenyament<\/a>\u00a0(fotos)<\/p>\n<p>&#8211;\u00a0<a href=\"https:\/\/goo.gl\/photos\/UaXdzBip8jsDzaKa6\" target=\"_blank\" rel=\"noopener\">Recull hist\u00f2ric<\/a>\u00a0(fotos)<\/p>\n<p>&#8211;\u00a0<a href=\"https:\/\/goo.gl\/photos\/ezBggyej4VwPYkwo9\" target=\"_blank\" rel=\"noopener\">V\u00eddeo resum Jornades<\/a><\/p>\n<\/div>\n<\/div>\n","protected":false},"excerpt":{"rendered":"<p>\u00c0lbums del PQiMC<\/p>\n<p>&#8211;\u00a0<a href=\"https:\/\/photos.app.goo.gl\/fauSf7oR5TAXabzA9\" target=\"_blank\" rel=\"noopener\">XXII Jornada de Qualitat a l&#8217;Ensenyament<\/a>\u00a0(fotos)<br \/>\n&#8211;\u00a0<a href=\"https:\/\/photos.google.com\/share\/AF1QipOWaMvscMB5kZ6VO3ODVGcgHDpZtDRjL94xPfjnGtj5HncgzfKjO22lWHHBjikB1g?key=WUh6QllUZ3Z3dU1ZQ3YzN0Nyc1NfZG5vT3lxREpR\" target=\"_blank\" rel=\"noopener\">XXI Jornada de Qualitat a l&#8217;Ensenyament<\/a>\u00a0(fotos)<br \/>\n&#8211;\u00a0\u00a0<a href=\"https:\/\/sites.google.com\/xtec.cat\/jornada-de-cloenda-2023\/jornada-de-cloenda-2023\" target=\"_blank\" rel=\"noopener\">Jornada de Cloenda 2023\u00a0<\/a>(site)<br \/>\n&#8211;\u00a0<a href=\"https:\/\/photos.google.com\/share\/AF1QipPegq1kYC7tbdCP__dgXvucdq4dB2ny8uGhkcbmnn93VzrnNguadFdOIS52qUSPOA?key=SEE2eWJPS295UFdRZ1BmRFAxUVhncDhwMTR6bnZn\" target=\"_blank\" rel=\"noopener\">XX Jornada de Qualitat a l&#8217;Ensenyament<\/a>\u00a0(fotos)<br \/>\n&#8211;\u00a0<a href=\"https:\/\/sites.google.com\/xtec.cat\/jornada-de-cloenda-2022\" target=\"_blank\" rel=\"noopener\">Jornada de Cloenda 2022<\/a>\u00a0(site)<br \/>\n&#8211;\u00a0<a href=\"https:\/\/photos.google.com\/share\/AF1QipN0AX5bHGfL9O29PCJbZF74QelpS5sHDlwHAcS3XY9MZ2btPzSI9oqseufmchr0WA?key=OTlPNFVYLVR4bW1TSFV6TW9LZDdCcXN0b1FaaGhB\" target=\"_blank\" rel=\"noopener\">XIX Jornada de Qualitat&hellip;  <a href=\"https:\/\/projectes.xtec.cat\/qualitatfp\/pla-pqimc\/albums-fotografics-del-pqimc\/\" title=\"Read \u00c0lbums fotogr\u00e0fics del PQiMC\">Llegeix m\u00e9s\u00bb<\/a><\/p>\n","protected":false},"author":1,"featured_media":0,"parent":8387,"menu_order":9,"comment_status":"closed","ping_status":"closed","template":"page-templates\/side-menu.php","meta":{"_bbp_topic_count":0,"_bbp_reply_count":0,"_bbp_total_topic_count":0,"_bbp_total_reply_count":0,"_bbp_voice_count":0,"_bbp_anonymous_reply_count":0,"_bbp_topic_count_hidden":0,"_bbp_reply_count_hidden":0,"_bbp_forum_subforum_count":0,"footnotes":""},"class_list":["post-12159","page","type-page","status-publish","hentry"],"post_mailing_queue_ids":[],"_links":{"self":[{"href":"https:\/\/projectes.xtec.cat\/qualitatfp\/wp-json\/wp\/v2\/pages\/12159","targetHints":{"allow":["GET"]}}],"collection":[{"href":"https:\/\/projectes.xtec.cat\/qualitatfp\/wp-json\/wp\/v2\/pages"}],"about":[{"href":"https:\/\/projectes.xtec.cat\/qualitatfp\/wp-json\/wp\/v2\/types\/page"}],"author":[{"embeddable":true,"href":"https:\/\/projectes.xtec.cat\/qualitatfp\/wp-json\/wp\/v2\/users\/1"}],"replies":[{"embeddable":true,"href":"https:\/\/projectes.xtec.cat\/qualitatfp\/wp-json\/wp\/v2\/comments?post=12159"}],"version-history":[{"count":4,"href":"https:\/\/projectes.xtec.cat\/qualitatfp\/wp-json\/wp\/v2\/pages\/12159\/revisions"}],"predecessor-version":[{"id":13371,"href":"https:\/\/projectes.xtec.cat\/qualitatfp\/wp-json\/wp\/v2\/pages\/12159\/revisions\/13371"}],"up":[{"embeddable":true,"href":"https:\/\/projectes.xtec.cat\/qualitatfp\/wp-json\/wp\/v2\/pages\/8387"}],"wp:attachment":[{"href":"https:\/\/projectes.xtec.cat\/qualitatfp\/wp-json\/wp\/v2\/media?parent=12159"}],"curies":[{"name":"wp","href":"https:\/\/api.w.org\/{rel}","templated":true}]}}