{"id":13680,"date":"2025-06-28T14:32:12","date_gmt":"2025-06-28T12:32:12","guid":{"rendered":"https:\/\/projectes.xtec.cat\/qualitatfp\/?page_id=13680"},"modified":"2025-06-28T14:36:51","modified_gmt":"2025-06-28T12:36:51","slug":"xxii-jornada-de-qualitat","status":"publish","type":"page","link":"https:\/\/projectes.xtec.cat\/qualitatfp\/projectes\/jornades-de-difusio\/jornada-de-qualitat\/xxii-jornada-de-qualitat\/","title":{"rendered":"XXII Jornada de Qualitat"},"content":{"rendered":"<div class=\"basic_text_peq col-xs-12\">\n<div class=\"pd-15x\">\n<p><strong><img loading=\"lazy\" decoding=\"async\" class=\"aligncenter size-full wp-image-13220\" src=\"https:\/\/projectes.xtec.cat\/qualitatfp\/wp-content\/uploads\/usu772\/2024\/12\/XXII-JdQ.jpg\" alt=\"\" width=\"1414\" height=\"430\" srcset=\"https:\/\/projectes.xtec.cat\/qualitatfp\/wp-content\/uploads\/usu772\/2024\/12\/XXII-JdQ.jpg 1414w, https:\/\/projectes.xtec.cat\/qualitatfp\/wp-content\/uploads\/usu772\/2024\/12\/XXII-JdQ-300x91.jpg 300w, https:\/\/projectes.xtec.cat\/qualitatfp\/wp-content\/uploads\/usu772\/2024\/12\/XXII-JdQ-1024x311.jpg 1024w, https:\/\/projectes.xtec.cat\/qualitatfp\/wp-content\/uploads\/usu772\/2024\/12\/XXII-JdQ-768x234.jpg 768w\" sizes=\"auto, (max-width: 1414px) 100vw, 1414px\" \/>El dijous 20 de febrer de 2025 va tenir lloc la XXII Jornada de Qualitat a l&#8217;Ensenyament a l&#8217;<a href=\"https:\/\/www.eurostarshotels.com\/exe-campus.html?td=l00ga00&amp;referer_code=GMB&amp;utm_source=google&amp;utm_medium=gmb&amp;utm_campaign=googlemb\" target=\"_blank\" rel=\"noopener\"><span style=\"font-weight: 400;\"><span style=\"text-decoration: underline;\"><span style=\"color: #2f5d5d;\">Hotel EXE Campus de la UAB<\/span><\/span><\/span><\/a>\u00a0<\/strong><\/p>\n<p><strong>El benestar emocional de la comunitat educativa, com a eix vertebrador, hi va ser present.<\/strong><\/p>\n<p>La Jornada de Qualitat \u00e9s un punt de trobada i de reflexi\u00f3 sobre temes actuals i experi\u00e8ncies educatives i de gesti\u00f3, desenvolupades per companyes i companys d&#8217;altres centres, els quals posen la seva pr\u00e0ctica al servei de la comunitat educativa per avan\u00e7ar, entre tots, en el cam\u00ed de la millora cont\u00ednua.<a href=\"https:\/\/www.youtube.com\/watch?v=8Bd_oGOecVg\" target=\"_blank\" rel=\"noopener\"><img loading=\"lazy\" decoding=\"async\" class=\"alignright wp-image-13457\" src=\"https:\/\/projectes.xtec.cat\/qualitatfp\/wp-content\/uploads\/usu772\/2025\/03\/CARATULA-YOUTUBE-XXII-JQ-F2-1280-x-720-px.png\" alt=\"\" width=\"490\" height=\"275\" srcset=\"https:\/\/projectes.xtec.cat\/qualitatfp\/wp-content\/uploads\/usu772\/2025\/03\/CARATULA-YOUTUBE-XXII-JQ-F2-1280-x-720-px.png 1280w, https:\/\/projectes.xtec.cat\/qualitatfp\/wp-content\/uploads\/usu772\/2025\/03\/CARATULA-YOUTUBE-XXII-JQ-F2-1280-x-720-px-300x169.png 300w, https:\/\/projectes.xtec.cat\/qualitatfp\/wp-content\/uploads\/usu772\/2025\/03\/CARATULA-YOUTUBE-XXII-JQ-F2-1280-x-720-px-1024x576.png 1024w, https:\/\/projectes.xtec.cat\/qualitatfp\/wp-content\/uploads\/usu772\/2025\/03\/CARATULA-YOUTUBE-XXII-JQ-F2-1280-x-720-px-768x432.png 768w\" sizes=\"auto, (max-width: 490px) 100vw, 490px\" \/><\/a><\/p>\n<p><a href=\"https:\/\/sites.google.com\/xtec.cat\/xxiijornadadequalitat\/inici\" target=\"_blank\" rel=\"noopener\"><span style=\"font-weight: 400;\"><span style=\"text-decoration: underline;\"><strong><span style=\"color: #2f5d5d;\">Acc\u00e9s a la XXII Jornada de Qualitat<\/span><\/strong><\/span><\/span><\/a><\/p>\n<div class=\"basic_text_peq col-xs-12\">\n<div class=\"pd-15x\">\n<p><a href=\"https:\/\/photos.app.goo.gl\/fauSf7oR5TAXabzA9\" target=\"_blank\" rel=\"noopener\"><span style=\"font-weight: 400;\"><span style=\"text-decoration: underline;\"><strong><span style=\"color: #2f5d5d;\">Recull fotogr\u00e0fic de la XXII Jornada<\/span><\/strong><\/span><\/span><\/a><\/p>\n<p><a href=\"https:\/\/www.youtube.com\/live\/oeyFx2IzxRk\" target=\"_blank\" rel=\"noopener\"><span style=\"font-weight: 400;\"><span style=\"text-decoration: underline;\"><strong><span style=\"color: #2f5d5d;\">V\u00eddeo de tota la Jornada<\/span><\/strong><\/span><\/span><\/a><\/p>\n<p><a href=\"https:\/\/drive.google.com\/file\/d\/1c4EK86heoKAkfohXQgh7jZ-zUMckFLUi\/view?usp=sharing\" target=\"_blank\" rel=\"noopener\"><span style=\"font-weight: 400;\"><span style=\"text-decoration: underline;\"><strong><span style=\"color: #2f5d5d;\">V\u00eddeo de tota la Jornada sense pausa<\/span><\/strong><\/span><\/span><\/a><\/p>\n<p><a href=\"https:\/\/drive.google.com\/file\/d\/1JfqcZM6DUMBCMS4oBwN9Zx0YyRncRLSn\/view\" target=\"_blank\" rel=\"noopener\"><span style=\"font-weight: 400;\"><span style=\"text-decoration: underline;\"><strong><span style=\"color: #2f5d5d;\">V\u00eddeo de la pon\u00e8ncia marc<\/span><\/strong><\/span><\/span><\/a><\/p>\n<p><a href=\"https:\/\/drive.google.com\/file\/d\/1UIWU4qCu1I0A1KXhbLjZtbOE0U4u6Wt6\/view?usp=sharing\" target=\"_blank\" rel=\"noopener\"><span style=\"font-weight: 400;\"><span style=\"text-decoration: underline;\"><span style=\"color: #0000ff;\"><strong><span style=\"color: #2f5d5d;\">Informe valoraci\u00f3 de la Jornada<\/span><\/strong><\/span><\/span><\/span><\/a><\/p>\n<\/div>\n<\/div>\n<div>\u00a0 \u00a0 \u00a0 \u00a0 \u00a0 \u00a0 \u00a0 \u00a0 \u00a0 \u00a0 \u00a0 \u00a0 \u00a0 \u00a0 \u00a0 \u00a0 \u00a0 \u00a0 \u00a0 \u00a0 \u00a0 \u00a0 \u00a0 \u00a0 \u00a0 \u00a0 \u00a0 \u00a0 \u00a0 \u00a0 \u00a0 \u00a0 \u00a0 \u00a0 \u00a0 \u00a0 \u00a0 \u00a0 \u00a0 \u00a0 \u00a0 \u00a0 \u00a0 \u00a0 \u00a0 \u00a0 \u00a0 \u00a0 \u00a0 \u00a0 \u00a0 \u00a0 \u00a0 \u00a0 \u00a0 \u00a0 \u00a0 \u00a0 \u00a0 \u00a0 \u00a0 \u00a0 \u00a0 \u00a0 \u00a0 \u00a0 \u00a0 \u00a0 \u00a0 \u00a0 \u00a0 \u00a0 \u00a0 \u00a0 \u00a0 \u00a0 \u00a0 \u00a0\u00a0 \u00a0\u00a0 \u00a0\u00a0 \u00a0\u00a0 <a href=\"https:\/\/www.youtube.com\/watch?v=8Bd_oGOecVg\" target=\"_blank\" rel=\"noopener\"><span style=\"font-weight: 400;\"><span style=\"text-decoration: underline;\"><strong><span style=\"color: #2f5d5d;\">V\u00eddeo resum XXII JQ<\/span><\/strong><\/span><\/span><\/a><\/div>\n<div>La Jornada s\u2019adre\u00e7a a tota la comunitat educativa i especialment a:<\/div>\n<ul>\n<li>Directors i directores del centres educatius p\u00fablics i privats.<\/li>\n<li>Inspectors i inspectores d&#8217;educaci\u00f3.<\/li>\n<li>Coordinadors i coordinadores docents del centres educatius p\u00fablics i privats.<\/li>\n<li>Professorat dels centres educatius.<\/li>\n<li>Membres d&#8217;institucions i empreses col\u00b7laboradores de la Direcci\u00f3 General de la Formaci\u00f3 Professional Inicial i Ensenyaments de R\u00e8gim Especial.<\/li>\n<li>Representants de les administracions educatives d&#8217;altres comunitats aut\u00f2nomes.<\/li>\n<li>Representants de les administracions educatives d&#8217;altres pa\u00efsos participants en diferents projectes europeus de qualitat i millora cont\u00ednua.<\/li>\n<\/ul>\n<\/div>\n<\/div>\n<div class=\"basic_text_peq col-xs-12\"><\/div>\n","protected":false},"excerpt":{"rendered":"<p>El dijous 20 de febrer de 2025 va tenir lloc la XXII Jornada de Qualitat a l&#8217;Ensenyament a l&#8217;<a href=\"https:\/\/www.eurostarshotels.com\/exe-campus.html?td=l00ga00&amp;referer_code=GMB&amp;utm_source=google&amp;utm_medium=gmb&amp;utm_campaign=googlemb\" target=\"_blank\" rel=\"noopener\">Hotel EXE Campus de la UAB<\/a>\u00a0<br \/>\nEl benestar emocional de la comunitat educativa, com a eix vertebrador, hi va ser present.<br \/>\nLa Jornada de Qualitat \u00e9s&hellip;  <a href=\"https:\/\/projectes.xtec.cat\/qualitatfp\/projectes\/jornades-de-difusio\/jornada-de-qualitat\/xxii-jornada-de-qualitat\/\" title=\"Read XXII Jornada de Qualitat\">Llegeix m\u00e9s\u00bb<\/a><\/p>\n","protected":false},"author":1,"featured_media":0,"parent":8565,"menu_order":0,"comment_status":"closed","ping_status":"closed","template":"","meta":{"_bbp_topic_count":0,"_bbp_reply_count":0,"_bbp_total_topic_count":0,"_bbp_total_reply_count":0,"_bbp_voice_count":0,"_bbp_anonymous_reply_count":0,"_bbp_topic_count_hidden":0,"_bbp_reply_count_hidden":0,"_bbp_forum_subforum_count":0,"footnotes":""},"class_list":["post-13680","page","type-page","status-publish","hentry"],"post_mailing_queue_ids":[],"_links":{"self":[{"href":"https:\/\/projectes.xtec.cat\/qualitatfp\/wp-json\/wp\/v2\/pages\/13680","targetHints":{"allow":["GET"]}}],"collection":[{"href":"https:\/\/projectes.xtec.cat\/qualitatfp\/wp-json\/wp\/v2\/pages"}],"about":[{"href":"https:\/\/projectes.xtec.cat\/qualitatfp\/wp-json\/wp\/v2\/types\/page"}],"author":[{"embeddable":true,"href":"https:\/\/projectes.xtec.cat\/qualitatfp\/wp-json\/wp\/v2\/users\/1"}],"replies":[{"embeddable":true,"href":"https:\/\/projectes.xtec.cat\/qualitatfp\/wp-json\/wp\/v2\/comments?post=13680"}],"version-history":[{"count":3,"href":"https:\/\/projectes.xtec.cat\/qualitatfp\/wp-json\/wp\/v2\/pages\/13680\/revisions"}],"predecessor-version":[{"id":13683,"href":"https:\/\/projectes.xtec.cat\/qualitatfp\/wp-json\/wp\/v2\/pages\/13680\/revisions\/13683"}],"up":[{"embeddable":true,"href":"https:\/\/projectes.xtec.cat\/qualitatfp\/wp-json\/wp\/v2\/pages\/8565"}],"wp:attachment":[{"href":"https:\/\/projectes.xtec.cat\/qualitatfp\/wp-json\/wp\/v2\/media?parent=13680"}],"curies":[{"name":"wp","href":"https:\/\/api.w.org\/{rel}","templated":true}]}}