{"id":797,"date":"2015-11-28T21:06:57","date_gmt":"2015-11-28T20:06:57","guid":{"rendered":"http:\/\/projectes.xtec.cat\/qualitatfp\/?page_id=797"},"modified":"2025-03-14T19:59:42","modified_gmt":"2025-03-14T18:59:42","slug":"presentacio","status":"publish","type":"page","link":"https:\/\/projectes.xtec.cat\/qualitatfp\/pla-pqimc\/presentacio\/","title":{"rendered":"Pol\u00edtica de la qualitat"},"content":{"rendered":"<p style=\"text-align: justify;\"><span style=\"font-weight: 400;\">La pol\u00edtica del PQiMC s\u2019emmarca dins de la pol\u00edtica de qualitat de la SG de Programes i Projectes enfocada a desenvolupar un sistema de gesti\u00f3 de la qualitat basat en la millora cont\u00ednua i la innovaci\u00f3, per tal d&#8217;ajudar els centres educatius de Catalunya a assolir, de manera sostenible, resultats educatius excel\u00b7lents i la satisfacci\u00f3 dels grups d&#8217;inter\u00e8s.<\/span><\/p>\n<p style=\"text-align: justify;\"><span style=\"font-weight: 400;\">Fonamenta la seva actuaci\u00f3 en proporcionar, a les direccions del centres educatius, suport de programes i projectes transversals per tal d&#8217;augmentar de valor l&#8217;FP, recursos i assessorament per a la millora cont\u00ednua de la seva funci\u00f3.<\/span><\/p>\n<p style=\"text-align: justify;\"><span style=\"font-weight: 400;\">Els criteris que suporten el desenvolupament de la SG s\u00f3n: definir els resultats excel\u00b7lents que es pretenen assolir, dissenyar el Pla d&#8217;actuaci\u00f3 d&#8217;acord amb aquesta Pol\u00edtica, realitzar les accions programades, avaluar cont\u00ednuament el desplegament i resultats assolits, i millorar les noves accions en base a l&#8217;aprenentatge de l&#8217;experi\u00e8ncia, la creativitat i la innovaci\u00f3.<\/span><\/p>\n<p style=\"text-align: justify;\"><span style=\"font-weight: 400;\">Els <\/span><b>valors<\/b><span style=\"font-weight: 400;\"> que guien en l&#8217;actuaci\u00f3 s\u00f3n: l&#8217;equitat en el suport que donem als centres, la responsabilitat en l&#8217;objectiu d&#8217;assolir la nostra missi\u00f3, el respecte a la diversitat d&#8217;interessos, la toler\u00e0ncia envers els diferents ritmes de treball, la integritat de la nostra actuaci\u00f3 i el comprom\u00eds en la recerca de la nostra visi\u00f3 de servei a la societat, del present i del futur.<\/span><\/p>\n<p style=\"text-align: justify;\"><span style=\"font-weight: 400;\">Els <\/span><b>principis<\/b><span style=\"font-weight: 400;\"> sota els quals est\u00e0 emmarcada l\u2019actuaci\u00f3 s\u00f3n: complir amb el definit en les lleis i normes educatives, els objectius de la direcci\u00f3 del Projecte i les necessitats detectades per les direccions del centres educatius.<\/span><\/p>\n<h5><b>Missi\u00f3<\/b><\/h5>\n<p style=\"text-align: justify;\"><span style=\"font-weight: 400;\">La missi\u00f3 del Projecte de Qualitat i Millora Cont\u00ednua \u00e9s ajudar i donar suport als centres educatius de Catalunya en la recerca de l\u2019excel\u00b7l\u00e8ncia educativa i la satisfacci\u00f3 dels seus grups d\u2019inter\u00e8s a trav\u00e9s de la millora del seu sistema de gesti\u00f3.<\/span><\/p>\n<h5><b>Visi\u00f3<\/b><\/h5>\n<p style=\"text-align: justify;\"><span style=\"font-weight: 400;\">La visi\u00f3 del Projecte de Qualitat i Millora Cont\u00ednua \u00e9s assolir l\u2019excel\u00b7l\u00e8ncia educativa en els centres de Catalunya a trav\u00e9s de la millora cont\u00ednua dels seus sistemes de gesti\u00f3.<\/span><\/p>\n<h5><b>Objectius<\/b><\/h5>\n<p style=\"text-align: justify;\"><span style=\"font-weight: 400;\">L\u2019objectiu del PQiMC \u00e9s proporcionar servei als centres participants per tal de millorar els resultats educatius, satisfer a les parts implicades en l&#8217;ensenyament, desplegar sistemes de gesti\u00f3 de qualitat total i afavorir la creativitat, la millora cont\u00ednua, la innovaci\u00f3 i la sostenibilitat.<\/span><\/p>\n<h5 style=\"text-align: justify;\"><strong>Abast<\/strong><\/h5>\n<p style=\"text-align: justify;\">Servei de suport per implementar i desenvolupar sistemes de gesti\u00f3 de qualitat als centres de Formaci\u00f3 Professional i Ensenyaments de R\u00e8gim Especial p\u00fablics de Catalunya. No aplica el punt 8.3 Disseny i desenvolupament del servei de la norma ISO 9001 perqu\u00e8 la missi\u00f3 del PQiMC \u00e9s la formaci\u00f3 i l\u2019acompanyament dels centres en la interpretaci\u00f3 i implementaci\u00f3 de normes de gesti\u00f3.<\/p>\n<h5 style=\"text-align: justify;\"><strong>Metodologia<\/strong><\/h5>\n<p style=\"text-align: justify;\">El desenvolupament del Projecte de Qualitat i Millora Cont\u00ednua es fonamenta en el treball a trav\u00e9s de Xarxes de centres organitzades per nivells de desenvolupament del seu sistema de gesti\u00f3, acompanyats per un coordinador\/a; treballant en equip, de forma cooperativa, compartint aprenentatges i afavorint l\u2019intercanvi d\u2019experi\u00e8ncies entre els centres que en formen part.<\/p>\n","protected":false},"excerpt":{"rendered":"<p>La pol\u00edtica del PQiMC s\u2019emmarca dins de la pol\u00edtica de qualitat de la SG de Programes i Projectes enfocada a desenvolupar un sistema de gesti\u00f3 de la qualitat basat en la millora cont\u00ednua i la innovaci\u00f3, per tal d&#8217;ajudar els centres educatius de Catalunya a&hellip;  <a href=\"https:\/\/projectes.xtec.cat\/qualitatfp\/pla-pqimc\/presentacio\/\" title=\"Read Pol\u00edtica de la qualitat\">Llegeix m\u00e9s\u00bb<\/a><\/p>\n","protected":false},"author":1,"featured_media":0,"parent":8387,"menu_order":2,"comment_status":"closed","ping_status":"closed","template":"page-templates\/side-menu.php","meta":{"_bbp_topic_count":0,"_bbp_reply_count":0,"_bbp_total_topic_count":0,"_bbp_total_reply_count":0,"_bbp_voice_count":0,"_bbp_anonymous_reply_count":0,"_bbp_topic_count_hidden":0,"_bbp_reply_count_hidden":0,"_bbp_forum_subforum_count":0,"footnotes":""},"class_list":["post-797","page","type-page","status-publish","hentry"],"post_mailing_queue_ids":[],"_links":{"self":[{"href":"https:\/\/projectes.xtec.cat\/qualitatfp\/wp-json\/wp\/v2\/pages\/797","targetHints":{"allow":["GET"]}}],"collection":[{"href":"https:\/\/projectes.xtec.cat\/qualitatfp\/wp-json\/wp\/v2\/pages"}],"about":[{"href":"https:\/\/projectes.xtec.cat\/qualitatfp\/wp-json\/wp\/v2\/types\/page"}],"author":[{"embeddable":true,"href":"https:\/\/projectes.xtec.cat\/qualitatfp\/wp-json\/wp\/v2\/users\/1"}],"replies":[{"embeddable":true,"href":"https:\/\/projectes.xtec.cat\/qualitatfp\/wp-json\/wp\/v2\/comments?post=797"}],"version-history":[{"count":3,"href":"https:\/\/projectes.xtec.cat\/qualitatfp\/wp-json\/wp\/v2\/pages\/797\/revisions"}],"predecessor-version":[{"id":11432,"href":"https:\/\/projectes.xtec.cat\/qualitatfp\/wp-json\/wp\/v2\/pages\/797\/revisions\/11432"}],"up":[{"embeddable":true,"href":"https:\/\/projectes.xtec.cat\/qualitatfp\/wp-json\/wp\/v2\/pages\/8387"}],"wp:attachment":[{"href":"https:\/\/projectes.xtec.cat\/qualitatfp\/wp-json\/wp\/v2\/media?parent=797"}],"curies":[{"name":"wp","href":"https:\/\/api.w.org\/{rel}","templated":true}]}}

Política de la qualitat

<p style="text-align: justify;"><span style="font-weight: 400;">La política del PQiMC s’emmarca dins de la política de qualitat de la SG de Programes i Projectes enfocada a desenvolupar un sistema de gestió de la qualitat basat en la millora contínua i la innovació, per tal d&#8217;ajudar els centres educatius de Catalunya a assolir, de manera sostenible, resultats educatius excel·lents i la satisfacció dels grups d&#8217;interès.</span></p>
<p style="text-align: justify;"><span style="font-weight: 400;">Fonamenta la seva actuació en proporcionar, a les direccions del centres educatius, suport de programes i projectes transversals per tal d&#8217;augmentar de valor l&#8217;FP, recursos i assessorament per a la millora contínua de la seva funció.</span></p>
<p style="text-align: justify;"><span style="font-weight: 400;">Els criteris que suporten el desenvolupament de la SG són: definir els resultats excel·lents que es pretenen assolir, dissenyar el Pla d&#8217;actuació d&#8217;acord amb aquesta Política, realitzar les accions programades, avaluar contínuament el desplegament i resultats assolits, i millorar les noves accions en base a l&#8217;aprenentatge de l&#8217;experiència, la creativitat i la innovació.</span></p>
<p style="text-align: justify;"><span style="font-weight: 400;">Els </span><b>valors</b><span style="font-weight: 400;"> que guien en l&#8217;actuació són: l&#8217;equitat en el suport que donem als centres, la responsabilitat en l&#8217;objectiu d&#8217;assolir la nostra missió, el respecte a la diversitat d&#8217;interessos, la tolerància envers els diferents ritmes de treball, la integritat de la nostra actuació i el compromís en la recerca de la nostra visió de servei a la societat, del present i del futur.</span></p>
<p style="text-align: justify;"><span style="font-weight: 400;">Els </span><b>principis</b><span style="font-weight: 400;"> sota els quals està emmarcada l’actuació són: complir amb el definit en les lleis i normes educatives, els objectius de la direcció del Projecte i les necessitats detectades per les direccions del centres educatius.</span></p>
<h5><b>Missió</b></h5>
<p style="text-align: justify;"><span style="font-weight: 400;">La missió del Projecte de Qualitat i Millora Contínua és ajudar i donar suport als centres educatius de Catalunya en la recerca de l’excel·lència educativa i la satisfacció dels seus grups d’interès a través de la millora del seu sistema de gestió.</span></p>
<h5><b>Visió</b></h5>
<p style="text-align: justify;"><span style="font-weight: 400;">La visió del Projecte de Qualitat i Millora Contínua és assolir l’excel·lència educativa en els centres de Catalunya a través de la millora contínua dels seus sistemes de gestió.</span></p>
<h5><b>Objectius</b></h5>
<p style="text-align: justify;"><span style="font-weight: 400;">L’objectiu del PQiMC és proporcionar servei als centres participants per tal de millorar els resultats educatius, satisfer a les parts implicades en l&#8217;ensenyament, desplegar sistemes de gestió de qualitat total i afavorir la creativitat, la millora contínua, la innovació i la sostenibilitat.</span></p>
<h5 style="text-align: justify;"><strong>Abast</strong></h5>
<p style="text-align: justify;">Servei de suport per implementar i desenvolupar sistemes de gestió de qualitat als centres de Formació Professional i Ensenyaments de Règim Especial públics de Catalunya. No aplica el punt 8.3 Disseny i desenvolupament del servei de la norma ISO 9001 perquè la missió del PQiMC és la formació i l’acompanyament dels centres en la interpretació i implementació de normes de gestió.</p>
<h5 style="text-align: justify;"><strong>Metodologia</strong></h5>
<p style="text-align: justify;">El desenvolupament del Projecte de Qualitat i Millora Contínua es fonamenta en el treball a través de Xarxes de centres organitzades per nivells de desenvolupament del seu sistema de gestió, acompanyats per un coordinador/a; treballant en equip, de forma cooperativa, compartint aprenentatges i afavorint l’intercanvi d’experiències entre els centres que en formen part.</p>

<p>La política del PQiMC s’emmarca dins de la política de qualitat de la SG de Programes i Projectes enfocada a desenvolupar un sistema de gestió de la qualitat basat en la millora contínua i la innovació, per tal d&#8217;ajudar els centres educatius de Catalunya a&hellip;  <a href="https://projectes.xtec.cat/qualitatfp/pla-pqimc/presentacio/" title="Read Política de la qualitat">Llegeix més»</a></p>
